{"id":770727,"date":"2025-08-28T14:41:06","date_gmt":"2025-08-28T11:41:06","guid":{"rendered":"https:\/\/roveyayinevi.com.tr\/index.php\/urun\/akarcay-sevdam\/"},"modified":"2026-04-15T03:37:09","modified_gmt":"2026-04-15T00:37:09","slug":"akarcay-sevdam","status":"publish","type":"product","link":"https:\/\/roveyayinevi.com.tr\/index.php\/urun\/akarcay-sevdam\/","title":{"rendered":"Akar\u00e7ay Sevdam"},"content":{"rendered":"<p>Ne kadar hasretle dolmu\u015fum sana Sensiz benim y\u00fcz\u00fcm g\u00fclmez Akar\u00e7ay Kurban olurum da\u011f\u0131na ta\u015f\u0131na Ba\u015fka k\u00f6y\u00fc g\u00f6z\u00fcm g\u00f6rmez Akar\u00e7ay   Yaz\u0131 ayr\u0131 g\u00fczel k\u0131\u015f\u0131 bir ba\u015fka Baharda gidersen doyars\u0131n a\u015fka G\u00fcz\u00fcn yaylas\u0131nda olsayd\u0131m ke\u015fke Suyun i\u00e7meyenler bilmez Akar\u00e7ay <\/p>\n","protected":false},"excerpt":{"rendered":"<p>Ne kadar hasretle dolmu\u015fum sana Sensiz benim y\u00fcz\u00fcm g\u00fclmez Akar\u00e7ay Kurban olurum da\u011f\u0131na ta\u015f\u0131na Ba\u015fka k\u00f6y\u00fc g\u00f6z\u00fcm g\u00f6rmez Akar\u00e7ay Yaz\u0131 ayr\u0131 g\u00fczel k\u0131\u015f\u0131 bir ba\u015fka Baharda<span class=\"excerpt-hellip\"> [\u2026]<\/span><\/p>\n","protected":false},"featured_media":0,"template":"","meta":{"_monsterinsights_skip_tracking":false,"_monsterinsights_sitenote_active":false,"_monsterinsights_sitenote_note":"","_monsterinsights_sitenote_category":0},"product_brand":[],"product_cat":[12291,12509],"product_tag":[],"class_list":{"0":"post-770727","1":"product","2":"type-product","3":"status-publish","5":"product_cat-edebiyat","6":"product_cat-siir","7":"pa_cilt-ciltsiz","8":"pa_tur-kitap","9":"pa_yayinevi-vaveyla-yayincilik","10":"pa_yazar-haydar-akkaya","12":"first","13":"instock","14":"sale","15":"shipping-taxable","16":"purchasable","17":"product-type-simple"},"_links":{"self":[{"href":"https:\/\/roveyayinevi.com.tr\/index.php\/wp-json\/wp\/v2\/product\/770727","targetHints":{"allow":["GET"]}}],"collection":[{"href":"https:\/\/roveyayinevi.com.tr\/index.php\/wp-json\/wp\/v2\/product"}],"about":[{"href":"https:\/\/roveyayinevi.com.tr\/index.php\/wp-json\/wp\/v2\/types\/product"}],"wp:attachment":[{"href":"https:\/\/roveyayinevi.com.tr\/index.php\/wp-json\/wp\/v2\/media?parent=770727"}],"wp:term":[{"taxonomy":"product_brand","embeddable":true,"href":"https:\/\/roveyayinevi.com.tr\/index.php\/wp-json\/wp\/v2\/product_brand?post=770727"},{"taxonomy":"product_cat","embeddable":true,"href":"https:\/\/roveyayinevi.com.tr\/index.php\/wp-json\/wp\/v2\/product_cat?post=770727"},{"taxonomy":"product_tag","embeddable":true,"href":"https:\/\/roveyayinevi.com.tr\/index.php\/wp-json\/wp\/v2\/product_tag?post=770727"}],"curies":[{"name":"wp","href":"https:\/\/api.w.org\/{rel}","templated":true}]}}