{"id":770724,"date":"2025-08-28T14:40:59","date_gmt":"2025-08-28T11:40:59","guid":{"rendered":"https:\/\/roveyayinevi.com.tr\/index.php\/urun\/duygu-seli\/"},"modified":"2026-04-15T03:37:09","modified_gmt":"2026-04-15T00:37:09","slug":"duygu-seli","status":"publish","type":"product","link":"https:\/\/roveyayinevi.com.tr\/index.php\/urun\/duygu-seli\/","title":{"rendered":"Duygu Seli"},"content":{"rendered":"<p>\u015eiirin \u00f6nemi, insan\u0131n i\u00e7 d\u00fcnyas\u0131na dokunabilme g\u00fcc\u00fcnde yatar. \u0130nsan\u0131n en derin duygular\u0131n\u0131, a\u015fk\u0131, ac\u0131y\u0131, sevinci, h\u00fczn\u00fc, hayalleri, ge\u00e7mi\u015fi ve umutlar\u0131 en g\u00fczel \u015fekilde dile getirebilen bir ara\u00e7t\u0131r. \u015eiir, insan\u0131n ruhunu besleyen, duygu ve d\u00fc\u015f\u00fcncelerini \u00f6zg\u00fcrce ifade edebildi\u011fi ve dilin g\u00fczelliklerini ke\u015ffedebildi\u011fi bir sanat dal\u0131d\u0131r. \u015eiirin anlam\u0131 ve \u00f6nemi, onun evrensel ve zamans\u0131z olmas\u0131nda yatar. \u201cDuygu Seli\u201d \u015fiir kitab\u0131 her sat\u0131rlar\u0131nda t\u00fcm okuyucular\u0131n kendilerini bulacaklar\u0131 duygu y\u00fckl\u00fc bir eserdir. Bu \u015fiir kitab\u0131nda bulunan her \u015fiirde, okuyucular\u0131m\u0131z bazen \u00e7ok h\u00fcz\u00fcnlenecek, bazen uzun uzun dalacak, bazen duygulanacak, bazen de g\u00f6zlerden ya\u015flar s\u00fcz\u00fclecek\u2026 <\/p>\n","protected":false},"excerpt":{"rendered":"<p>\u015eiirin \u00f6nemi, insan\u0131n i\u00e7 d\u00fcnyas\u0131na dokunabilme g\u00fcc\u00fcnde yatar. \u0130nsan\u0131n en derin duygular\u0131n\u0131, a\u015fk\u0131, ac\u0131y\u0131, sevinci, h\u00fczn\u00fc, hayalleri, ge\u00e7mi\u015fi ve umutlar\u0131 en g\u00fczel \u015fekilde dile getirebilen bir<span class=\"excerpt-hellip\"> [\u2026]<\/span><\/p>\n","protected":false},"featured_media":0,"template":"","meta":{"_monsterinsights_skip_tracking":false,"_monsterinsights_sitenote_active":false,"_monsterinsights_sitenote_note":"","_monsterinsights_sitenote_category":0},"product_brand":[],"product_cat":[12291,12509],"product_tag":[],"class_list":{"0":"post-770724","1":"product","2":"type-product","3":"status-publish","5":"product_cat-edebiyat","6":"product_cat-siir","7":"pa_cilt-ciltsiz","8":"pa_tur-kitap","9":"pa_yayinevi-vaveyla-yayincilik","10":"pa_yazar-murat-vilken","12":"first","13":"instock","14":"sale","15":"shipping-taxable","16":"purchasable","17":"product-type-simple"},"_links":{"self":[{"href":"https:\/\/roveyayinevi.com.tr\/index.php\/wp-json\/wp\/v2\/product\/770724","targetHints":{"allow":["GET"]}}],"collection":[{"href":"https:\/\/roveyayinevi.com.tr\/index.php\/wp-json\/wp\/v2\/product"}],"about":[{"href":"https:\/\/roveyayinevi.com.tr\/index.php\/wp-json\/wp\/v2\/types\/product"}],"wp:attachment":[{"href":"https:\/\/roveyayinevi.com.tr\/index.php\/wp-json\/wp\/v2\/media?parent=770724"}],"wp:term":[{"taxonomy":"product_brand","embeddable":true,"href":"https:\/\/roveyayinevi.com.tr\/index.php\/wp-json\/wp\/v2\/product_brand?post=770724"},{"taxonomy":"product_cat","embeddable":true,"href":"https:\/\/roveyayinevi.com.tr\/index.php\/wp-json\/wp\/v2\/product_cat?post=770724"},{"taxonomy":"product_tag","embeddable":true,"href":"https:\/\/roveyayinevi.com.tr\/index.php\/wp-json\/wp\/v2\/product_tag?post=770724"}],"curies":[{"name":"wp","href":"https:\/\/api.w.org\/{rel}","templated":true}]}}