{"id":770705,"date":"2025-08-28T14:40:22","date_gmt":"2025-08-28T11:40:22","guid":{"rendered":"https:\/\/roveyayinevi.com.tr\/index.php\/urun\/kadinlarin-tarihi-2-ciltli\/"},"modified":"2025-09-15T17:31:24","modified_gmt":"2025-09-15T14:31:24","slug":"kadinlarin-tarihi-2-ciltli","status":"publish","type":"product","link":"https:\/\/roveyayinevi.com.tr\/index.php\/urun\/kadinlarin-tarihi-2-ciltli\/","title":{"rendered":"Kad\u0131nlar\u0131n Tarihi -2 (Ciltli)"},"content":{"rendered":"<p>Orta\u00e7a\u011f, kad\u0131nlar\u0131n toplumsal konumlar\u0131n\u0131n erkek egemen yap\u0131lar taraf\u0131ndan keskince belirlendi\u011fi bir d\u00f6nemdir. Bat\u0131\u2019daki kad\u0131nlar\u0131n deneyimine yo\u011funla\u015fan ve \u00e7ok y\u00f6nl\u00fc bir tarih sunan Kad\u0131nlar\u0131n Tarihi serisinin bu ikinci cildi, orta\u00e7a\u011f Avrupa\u2019s\u0131nda kad\u0131nlar\u0131n yerini incelerken dini otoritelerin, evlilik kurumunun, feodal d\u00fczenin kad\u0131nlar\u0131 nas\u0131l konumland\u0131rd\u0131\u011f\u0131n\u0131 ortaya koyuyor. Kilise \u00f6\u011fretilerinden mektuplara ve yasal d\u00fczenlemelere kadar uzanan geni\u015f bir kaynak yelpazesi, kad\u0131nlar\u0131n hareket alanlar\u0131n\u0131 belirleyen kurallar\u0131n s\u00fcreklili\u011fini g\u00f6sterirken kad\u0131nlar\u0131n bu yap\u0131lar i\u00e7inde nas\u0131l direndi\u011fini ve kendi alanlar\u0131n\u0131 in\u015fa etti\u011fini de g\u00f6zler \u00f6n\u00fcne seriyor. \u201cBu zengin ve kapsaml\u0131 cilt okuru bilgilendirecek, harekete ge\u00e7irecek ve ayd\u0131nlatacakt\u0131r.\u201d   \u2013Miri Rubin, Times Literary Supplement \u201cOrta\u00e7a\u011f k\u00fclt\u00fcr\u00fcne ve sanat\u0131na dair analizler, bu kapsaml\u0131 ve derinlemesine \u00e7al\u0131\u015f\u0131lm\u0131\u015f ciltte ustal\u0131kla bir araya getirilmi\u015f.\u201d   \u2013Virginia Quarterly Review \u201cBu kitab\u0131, incelikli ayr\u0131nt\u0131lar ile derinlikli akademik \u00e7al\u0131\u015fman\u0131n nadir g\u00f6r\u00fclen birlikteli\u011fi i\u00e7in okuyun.\u201d   \u2013Susan E. Davis, New Directions for Women <\/p>\n","protected":false},"excerpt":{"rendered":"<p>Orta\u00e7a\u011f, kad\u0131nlar\u0131n toplumsal konumlar\u0131n\u0131n erkek egemen yap\u0131lar taraf\u0131ndan keskince belirlendi\u011fi bir d\u00f6nemdir. Bat\u0131\u2019daki kad\u0131nlar\u0131n deneyimine yo\u011funla\u015fan ve \u00e7ok y\u00f6nl\u00fc bir tarih sunan Kad\u0131nlar\u0131n Tarihi serisinin bu<span class=\"excerpt-hellip\"> [\u2026]<\/span><\/p>\n","protected":false},"featured_media":0,"template":"","meta":{"_monsterinsights_skip_tracking":false,"_monsterinsights_sitenote_active":false,"_monsterinsights_sitenote_note":"","_monsterinsights_sitenote_category":0},"product_brand":[],"product_cat":[12304],"product_tag":[],"class_list":{"0":"post-770705","1":"product","2":"type-product","3":"status-publish","5":"product_cat-tarih","6":"pa_cilt-ciltli","7":"pa_tur-kitap","8":"pa_yayinevi-alfa-yayinlari","9":"pa_yazar-kolektif","11":"first","12":"instock","13":"sale","14":"shipping-taxable","15":"purchasable","16":"product-type-simple"},"_links":{"self":[{"href":"https:\/\/roveyayinevi.com.tr\/index.php\/wp-json\/wp\/v2\/product\/770705","targetHints":{"allow":["GET"]}}],"collection":[{"href":"https:\/\/roveyayinevi.com.tr\/index.php\/wp-json\/wp\/v2\/product"}],"about":[{"href":"https:\/\/roveyayinevi.com.tr\/index.php\/wp-json\/wp\/v2\/types\/product"}],"wp:attachment":[{"href":"https:\/\/roveyayinevi.com.tr\/index.php\/wp-json\/wp\/v2\/media?parent=770705"}],"wp:term":[{"taxonomy":"product_brand","embeddable":true,"href":"https:\/\/roveyayinevi.com.tr\/index.php\/wp-json\/wp\/v2\/product_brand?post=770705"},{"taxonomy":"product_cat","embeddable":true,"href":"https:\/\/roveyayinevi.com.tr\/index.php\/wp-json\/wp\/v2\/product_cat?post=770705"},{"taxonomy":"product_tag","embeddable":true,"href":"https:\/\/roveyayinevi.com.tr\/index.php\/wp-json\/wp\/v2\/product_tag?post=770705"}],"curies":[{"name":"wp","href":"https:\/\/api.w.org\/{rel}","templated":true}]}}