{"id":770691,"date":"2025-08-28T14:39:56","date_gmt":"2025-08-28T11:39:56","guid":{"rendered":"https:\/\/roveyayinevi.com.tr\/index.php\/urun\/bu-otizm-mi-klinisyenler\/"},"modified":"2026-04-15T03:37:09","modified_gmt":"2026-04-15T00:37:09","slug":"bu-otizm-mi-klinisyenler","status":"publish","type":"product","link":"https:\/\/roveyayinevi.com.tr\/index.php\/urun\/bu-otizm-mi-klinisyenler\/","title":{"rendered":"Bu Otizm mi? Klinisyenler"},"content":{"rendered":"<p>Otizm nedir? Otuz y\u0131l \u00f6nce bu soru sorulsayd\u0131 \u00e7o\u011fu ki\u015finin akl\u0131na g\u00f6z temas\u0131ndan ka\u00e7\u0131nan, baz\u0131 \u00f6zel yetenekleri olsa bile neredeyse s\u00fcrekli bak\u0131m ve g\u00f6zetime ihtiya\u00e7 duyan, davran\u0131\u015flar\u0131 tuhaf erkeklerle ilgili bir hastal\u0131k gelirdi. Ancak son yirmi otuz y\u0131lda otizmin anla\u015f\u0131lmas\u0131 konusunda \u00e7ok yol al\u0131nd\u0131. 1990\u2019lar\u0131n sonlar\u0131ndan itibaren otizmin b\u00fcy\u00fck oranda genetik temelli, n\u00f6rolojik bir farkl\u0131l\u0131k oldu\u011fu, kad\u0131nlarda da san\u0131ld\u0131\u011f\u0131ndan \u00e7ok daha y\u00fcksek oranlarda g\u00f6r\u00fcld\u00fc\u011f\u00fc ortaya \u00e7\u0131kt\u0131. G\u00fcn\u00fcm\u00fczde otizmin ba\u015fka formlar\u0131n\u0131n da olabilece\u011fi konusunda bilin\u00e7 giderek art\u0131yor. Ancak ne yaz\u0131k ki otizmin geni\u015f spektrumunda yer ald\u0131\u011f\u0131 fark edilemeyen veya yanl\u0131\u015f tan\u0131lar konan ki\u015filerin say\u0131s\u0131 h\u00e2l\u00e2 \u00e7ok y\u00fcksek. Kolay anla\u015f\u0131l\u0131r bir dille yaz\u0131lan bu kitab\u0131n amac\u0131, otizmin, \u00f6zellikle de otistik \u00f6zelliklerini gizlemek i\u00e7in maskeleme yapan ki\u015filerde, nas\u0131l \u00e7ok farkl\u0131 \u015fekillerde kendini g\u00f6sterebilece\u011fini a\u00e7\u0131kl\u0131\u011fa kavu\u015fturmak. Alandaki en son ara\u015ft\u0131rmalar\u0131n, yazarlar\u0131n mesleki g\u00f6zlemlerinin ve y\u00fczden fazla otistik kat\u0131l\u0131mc\u0131n\u0131n kendi s\u00f6zleriyle aktard\u0131\u011f\u0131 ger\u00e7ek ya\u015fam deneyimlerinin bir bile\u015fimine dayanan bu kitapta, DSM-5-TR ve ICD-11\u2019de yer verilen tan\u0131 \u00f6l\u00e7\u00fctleri ad\u0131m ad\u0131m anlat\u0131l\u0131yor. Otizmin \u00e7ok bariz olmayan g\u00f6r\u00fcn\u00fcmlerine ili\u015fkin derinlikli, g\u00fcncel ve n\u00f6ro\u00e7e\u015fitlili\u011fi kucaklayan bir bak\u0131\u015f a\u00e7\u0131s\u0131yla yaz\u0131lan kitap, t\u00fcm sa\u011fl\u0131k \u00e7al\u0131\u015fanlar\u0131, e\u011fitimciler, otistik bireyler, yak\u0131nlar\u0131 ve otizm hakk\u0131nda bilgi sahibi olmak isteyen herkes i\u00e7in yararl\u0131 bir kaynak niteli\u011finde. <\/p>\n","protected":false},"excerpt":{"rendered":"<p>Otizm nedir? Otuz y\u0131l \u00f6nce bu soru sorulsayd\u0131 \u00e7o\u011fu ki\u015finin akl\u0131na g\u00f6z temas\u0131ndan ka\u00e7\u0131nan, baz\u0131 \u00f6zel yetenekleri olsa bile neredeyse s\u00fcrekli bak\u0131m ve g\u00f6zetime ihtiya\u00e7 duyan,<span class=\"excerpt-hellip\"> [\u2026]<\/span><\/p>\n","protected":false},"featured_media":0,"template":"","meta":{"_monsterinsights_skip_tracking":false,"_monsterinsights_sitenote_active":false,"_monsterinsights_sitenote_note":"","_monsterinsights_sitenote_category":0},"product_brand":[],"product_cat":[12357],"product_tag":[],"class_list":{"0":"post-770691","1":"product","2":"type-product","3":"status-publish","5":"product_cat-psikoloji","6":"pa_cilt-ciltsiz","7":"pa_tur-kitap","8":"pa_yayinevi-koc-universitesi-yayinlari","9":"pa_yazar-donna-henderson-sarah-wayland-jamell-white","11":"first","12":"instock","13":"sale","14":"shipping-taxable","15":"purchasable","16":"product-type-simple"},"_links":{"self":[{"href":"https:\/\/roveyayinevi.com.tr\/index.php\/wp-json\/wp\/v2\/product\/770691","targetHints":{"allow":["GET"]}}],"collection":[{"href":"https:\/\/roveyayinevi.com.tr\/index.php\/wp-json\/wp\/v2\/product"}],"about":[{"href":"https:\/\/roveyayinevi.com.tr\/index.php\/wp-json\/wp\/v2\/types\/product"}],"wp:attachment":[{"href":"https:\/\/roveyayinevi.com.tr\/index.php\/wp-json\/wp\/v2\/media?parent=770691"}],"wp:term":[{"taxonomy":"product_brand","embeddable":true,"href":"https:\/\/roveyayinevi.com.tr\/index.php\/wp-json\/wp\/v2\/product_brand?post=770691"},{"taxonomy":"product_cat","embeddable":true,"href":"https:\/\/roveyayinevi.com.tr\/index.php\/wp-json\/wp\/v2\/product_cat?post=770691"},{"taxonomy":"product_tag","embeddable":true,"href":"https:\/\/roveyayinevi.com.tr\/index.php\/wp-json\/wp\/v2\/product_tag?post=770691"}],"curies":[{"name":"wp","href":"https:\/\/api.w.org\/{rel}","templated":true}]}}