{"id":770670,"date":"2025-08-28T14:39:17","date_gmt":"2025-08-28T11:39:17","guid":{"rendered":"https:\/\/roveyayinevi.com.tr\/index.php\/urun\/karanlik-gunahlar\/"},"modified":"2026-02-03T03:37:46","modified_gmt":"2026-02-03T00:37:46","slug":"karanlik-gunahlar","status":"publish","type":"product","link":"https:\/\/roveyayinevi.com.tr\/index.php\/urun\/karanlik-gunahlar\/","title":{"rendered":"Karanl\u0131k G\u00fcnahlar"},"content":{"rendered":"<p>NERA   Kan ve \u00f6l\u00fcm dolu bir gecede, Masum bir adam\u0131n hayat\u0131n\u0131 kurtard\u0131\u011f\u0131m\u0131 san\u0131yordum, Bir daha asla g\u00f6remeyece\u011fim bir adam. Yan\u0131lm\u0131\u015f\u0131m.   Havada hafif bir de\u011fi\u015fim. Karanl\u0131kta g\u00fcm\u00fc\u015f g\u00f6zlerin par\u0131lt\u0131s\u0131. Onu g\u00f6remeyebilirim ama orada oldu\u011funu biliyorum. G\u00f6lgelerde gizleniyor, Beni izliyor, koruyor. Ortadan kaybolmadan \u00f6nce tekrar bulu\u015fana kadar\u2026   KAI   Karanl\u0131k. Ac\u0131. Kan. Bildi\u011fim tek \u015fey bu. Kalp yok. Ruh yok. R\u00fcyalar yok.   Ama sonra, onun \u0131\u015f\u0131\u011f\u0131 karanl\u0131\u011f\u0131mda parlad\u0131, \u00d6l\u00fc ruhuma hayat verdi. Benim korkusuz Yavru Kaplan\u0131m, Ya\u015famaya devam etmek i\u00e7in tek sebebim.   Ge\u00e7mi\u015fi de\u011fi\u015ftiremem, Yapt\u0131\u011f\u0131m \u015feyi geri alamam. En karanl\u0131k g\u00fcnah\u0131m\u0131\u2026     <\/p>\n","protected":false},"excerpt":{"rendered":"<p>NERA Kan ve \u00f6l\u00fcm dolu bir gecede, Masum bir adam\u0131n hayat\u0131n\u0131 kurtard\u0131\u011f\u0131m\u0131 san\u0131yordum, Bir daha asla g\u00f6remeyece\u011fim bir adam. Yan\u0131lm\u0131\u015f\u0131m. Havada hafif bir de\u011fi\u015fim. Karanl\u0131kta g\u00fcm\u00fc\u015f<span class=\"excerpt-hellip\"> [\u2026]<\/span><\/p>\n","protected":false},"featured_media":0,"template":"","meta":{"_monsterinsights_skip_tracking":false,"_monsterinsights_sitenote_active":false,"_monsterinsights_sitenote_note":"","_monsterinsights_sitenote_category":0},"product_brand":[],"product_cat":[12291,12711],"product_tag":[],"class_list":{"0":"post-770670","1":"product","2":"type-product","3":"status-publish","5":"product_cat-edebiyat","6":"product_cat-roman-oyku","7":"pa_cilt-ciltsiz","8":"pa_tur-kitap","9":"pa_yayinevi-artemis-yayinlari","10":"pa_yazar-neva-altaj","12":"first","13":"instock","14":"sale","15":"shipping-taxable","16":"purchasable","17":"product-type-simple"},"_links":{"self":[{"href":"https:\/\/roveyayinevi.com.tr\/index.php\/wp-json\/wp\/v2\/product\/770670","targetHints":{"allow":["GET"]}}],"collection":[{"href":"https:\/\/roveyayinevi.com.tr\/index.php\/wp-json\/wp\/v2\/product"}],"about":[{"href":"https:\/\/roveyayinevi.com.tr\/index.php\/wp-json\/wp\/v2\/types\/product"}],"wp:attachment":[{"href":"https:\/\/roveyayinevi.com.tr\/index.php\/wp-json\/wp\/v2\/media?parent=770670"}],"wp:term":[{"taxonomy":"product_brand","embeddable":true,"href":"https:\/\/roveyayinevi.com.tr\/index.php\/wp-json\/wp\/v2\/product_brand?post=770670"},{"taxonomy":"product_cat","embeddable":true,"href":"https:\/\/roveyayinevi.com.tr\/index.php\/wp-json\/wp\/v2\/product_cat?post=770670"},{"taxonomy":"product_tag","embeddable":true,"href":"https:\/\/roveyayinevi.com.tr\/index.php\/wp-json\/wp\/v2\/product_tag?post=770670"}],"curies":[{"name":"wp","href":"https:\/\/api.w.org\/{rel}","templated":true}]}}