{"id":770658,"date":"2025-08-28T14:38:53","date_gmt":"2025-08-28T11:38:53","guid":{"rendered":"https:\/\/roveyayinevi.com.tr\/index.php\/urun\/kuculme-2\/"},"modified":"2026-04-15T03:37:08","modified_gmt":"2026-04-15T00:37:08","slug":"kuculme-2","status":"publish","type":"product","link":"https:\/\/roveyayinevi.com.tr\/index.php\/urun\/kuculme-2\/","title":{"rendered":"K\u00fc\u00e7\u00fclme"},"content":{"rendered":"<p>K\u00fcresel ekonomi b\u00fcy\u00fcmeye mahk\u00fbm mu? T\u00fcketim toplumundan \u00e7\u0131k\u0131\u015f m\u00fcmk\u00fcn m\u00fc? Frans\u0131z ekonomist Serge Latouche, kalk\u0131nma ve b\u00fcy\u00fcme kavramlar\u0131n\u0131 ekolojik ve toplumsal a\u00e7\u0131dan tart\u0131\u015fmaya a\u00e7\u0131yor. Modern ekonominin refah getirmek yerine ekolojik ve toplumsal \u00e7\u00f6k\u00fc\u015f\u00fc h\u0131zland\u0131rd\u0131\u011f\u0131n\u0131 \u00f6ne s\u00fcr\u00fcyor. Yerel ve dayan\u0131\u015fmac\u0131 ekonomilere y\u00f6nelmek, \u00fcretimi ve t\u00fcketimi yeniden d\u00fczenlemek, Latouche\u2019un \u00f6nerdi\u011fi \u00e7\u00f6z\u00fcmler aras\u0131nda. Ancak k\u00fc\u00e7\u00fclme yaln\u0131zca ekonomik bir tercih de\u011fil, ayn\u0131 zamanda politik ve toplumsal bir d\u00f6n\u00fc\u015f\u00fcm projesidir. S\u0131n\u0131rs\u0131z \u00fcretim ve t\u00fcketim \u00e7\u0131lg\u0131nl\u0131\u011f\u0131n\u0131 terk etmek, ekolojik s\u0131n\u0131rlar\u0131 kabul eden yeni bir ya\u015fam bi\u00e7imi in\u015fa etmek m\u00fcmk\u00fcnd\u00fcr. \u0130klim krizi ve s\u00fcrd\u00fcr\u00fclemez kalk\u0131nma politikalar\u0131, Latouche\u2019un y\u0131llar \u00f6nce tart\u0131\u015fmaya a\u00e7t\u0131\u011f\u0131 k\u00fc\u00e7\u00fclme fikrini her zamankinden daha g\u00fcncel hale getiriyor. Bu kitap, ekolojik ekonomi ve toplumsal hareketler \u00fczerinde derin etki yaratm\u0131\u015f temel metinlerden biridir. <\/p>\n","protected":false},"excerpt":{"rendered":"<p>K\u00fcresel ekonomi b\u00fcy\u00fcmeye mahk\u00fbm mu? T\u00fcketim toplumundan \u00e7\u0131k\u0131\u015f m\u00fcmk\u00fcn m\u00fc? Frans\u0131z ekonomist Serge Latouche, kalk\u0131nma ve b\u00fcy\u00fcme kavramlar\u0131n\u0131 ekolojik ve toplumsal a\u00e7\u0131dan tart\u0131\u015fmaya a\u00e7\u0131yor. Modern ekonominin<span class=\"excerpt-hellip\"> [\u2026]<\/span><\/p>\n","protected":false},"featured_media":0,"template":"","meta":{"_monsterinsights_skip_tracking":false,"_monsterinsights_sitenote_active":false,"_monsterinsights_sitenote_note":"","_monsterinsights_sitenote_category":0},"product_brand":[],"product_cat":[13043],"product_tag":[],"class_list":{"0":"post-770658","1":"product","2":"type-product","3":"status-publish","5":"product_cat-ekonomi","6":"pa_cilt-ciltsiz","7":"pa_tur-kitap","8":"pa_yayinevi-is-bankasi-kultur-yayinlari","9":"pa_yazar-serge-latouche","11":"first","12":"instock","13":"sale","14":"shipping-taxable","15":"purchasable","16":"product-type-simple"},"_links":{"self":[{"href":"https:\/\/roveyayinevi.com.tr\/index.php\/wp-json\/wp\/v2\/product\/770658","targetHints":{"allow":["GET"]}}],"collection":[{"href":"https:\/\/roveyayinevi.com.tr\/index.php\/wp-json\/wp\/v2\/product"}],"about":[{"href":"https:\/\/roveyayinevi.com.tr\/index.php\/wp-json\/wp\/v2\/types\/product"}],"wp:attachment":[{"href":"https:\/\/roveyayinevi.com.tr\/index.php\/wp-json\/wp\/v2\/media?parent=770658"}],"wp:term":[{"taxonomy":"product_brand","embeddable":true,"href":"https:\/\/roveyayinevi.com.tr\/index.php\/wp-json\/wp\/v2\/product_brand?post=770658"},{"taxonomy":"product_cat","embeddable":true,"href":"https:\/\/roveyayinevi.com.tr\/index.php\/wp-json\/wp\/v2\/product_cat?post=770658"},{"taxonomy":"product_tag","embeddable":true,"href":"https:\/\/roveyayinevi.com.tr\/index.php\/wp-json\/wp\/v2\/product_tag?post=770658"}],"curies":[{"name":"wp","href":"https:\/\/api.w.org\/{rel}","templated":true}]}}