{"id":770657,"date":"2025-08-28T14:38:50","date_gmt":"2025-08-28T11:38:50","guid":{"rendered":"https:\/\/roveyayinevi.com.tr\/index.php\/urun\/kesik-bas-3\/"},"modified":"2026-04-15T03:37:08","modified_gmt":"2026-04-15T00:37:08","slug":"kesik-bas-3","status":"publish","type":"product","link":"https:\/\/roveyayinevi.com.tr\/index.php\/urun\/kesik-bas-3\/","title":{"rendered":"Kesik Ba\u015f"},"content":{"rendered":"<p>Ge\u00e7im s\u0131k\u0131nt\u0131s\u0131 \u00e7eken Nafiz Efendi, dertlerini kadehlerde ve \u015fi\u015felerde bo\u011farak nefes almaya \u00e7al\u0131\u015fan bir ak\u015famc\u0131d\u0131r. Bir g\u00fcn kaynanas\u0131n\u0131n maa\u015f ko\u00e7an\u0131n\u0131 \u00e7alarak kendini meyhaneye atar. K\u00f6rk\u00fct\u00fck sarho\u015f halde eve d\u00f6nerken kaynanas\u0131n\u0131n h\u0131\u015fm\u0131ndan kurtulmak i\u00e7in ona bir ba\u015f lahana al\u0131r ve pe\u015fine tak\u0131lan mahalle \u00e7ocuklar\u0131n\u0131n alaylar\u0131yla sallana kayk\u0131la ilerlerken ak\u015fam\u0131n alacakaranl\u0131\u011f\u0131nda fark edemedi\u011fi bir k\u00f6r kuyuya d\u00fc\u015fer. Nafiz Efendi, mahallelinin ve polisin yard\u0131m\u0131yla kuyudan \u00e7\u0131kar\u0131l\u0131rken koltu\u011funa lahanas\u0131yla birlikte bir de \u00e7\u0131k\u0131n al\u0131r. Ancak \u00e7\u0131k\u0131na sar\u0131l\u0131 olan \u015fey, Nafiz Efendi\u2019nin sand\u0131\u011f\u0131 gibi lahana de\u011fil, kesik bir insan ba\u015f\u0131d\u0131r. Tesad\u00fcfen bulunan bu kesik ba\u015f, \u0130stanbul emniyetini alarma ge\u00e7irir. S\u0131rlarla dolu bu korkun\u00e7 cinayeti \u00e7\u00f6zmek i\u00e7in g\u00f6revlendirilen Seyit ve Remzi Efendiler kollar\u0131 s\u0131vayarak soru\u015fturma ve sorgulamalara ba\u015flarlar. Bu ba\u015f kime aittir, neden kesilip kuyuya at\u0131lm\u0131\u015ft\u0131r, bedenin geri kalan\u0131 nerededir ve as\u0131l \u00f6nemlisi katil ya da katiller kimlerdir? Mizah\u0131 ve ak\u0131c\u0131 \u00fcslubuyla H\u00fcseyin Rahmi G\u00fcrp\u0131nar, tek polisiye roman\u0131 olan Kesik Ba\u015f\u2019ta gerilimli ve s\u00fcr\u00fckleyici bir kurguyla okuru, 1900\u2019lerin ba\u015f\u0131nda \u0130stanbul\u2019un ara sokaklar\u0131nda, izbe k\u00f6\u015felerinde, mezarl\u0131klar\u0131nda ve gizemli otellerinde ba\u015flay\u0131p \u0130talya\u2019ya uzanan bir dedektifli\u011fe davet ediyor. <\/p>\n","protected":false},"excerpt":{"rendered":"<p>Ge\u00e7im s\u0131k\u0131nt\u0131s\u0131 \u00e7eken Nafiz Efendi, dertlerini kadehlerde ve \u015fi\u015felerde bo\u011farak nefes almaya \u00e7al\u0131\u015fan bir ak\u015famc\u0131d\u0131r. Bir g\u00fcn kaynanas\u0131n\u0131n maa\u015f ko\u00e7an\u0131n\u0131 \u00e7alarak kendini meyhaneye atar. K\u00f6rk\u00fct\u00fck sarho\u015f<span class=\"excerpt-hellip\"> [\u2026]<\/span><\/p>\n","protected":false},"featured_media":0,"template":"","meta":{"_monsterinsights_skip_tracking":false,"_monsterinsights_sitenote_active":false,"_monsterinsights_sitenote_note":"","_monsterinsights_sitenote_category":0},"product_brand":[],"product_cat":[12291,12711],"product_tag":[],"class_list":{"0":"post-770657","1":"product","2":"type-product","3":"status-publish","5":"product_cat-edebiyat","6":"product_cat-roman-oyku","7":"pa_cilt-ciltsiz","8":"pa_tur-kitap","9":"pa_yayinevi-is-bankasi-kultur-yayinlari","10":"pa_yazar-huseyin-rahmi-gurpinar","12":"first","13":"instock","14":"sale","15":"shipping-taxable","16":"purchasable","17":"product-type-simple"},"_links":{"self":[{"href":"https:\/\/roveyayinevi.com.tr\/index.php\/wp-json\/wp\/v2\/product\/770657","targetHints":{"allow":["GET"]}}],"collection":[{"href":"https:\/\/roveyayinevi.com.tr\/index.php\/wp-json\/wp\/v2\/product"}],"about":[{"href":"https:\/\/roveyayinevi.com.tr\/index.php\/wp-json\/wp\/v2\/types\/product"}],"wp:attachment":[{"href":"https:\/\/roveyayinevi.com.tr\/index.php\/wp-json\/wp\/v2\/media?parent=770657"}],"wp:term":[{"taxonomy":"product_brand","embeddable":true,"href":"https:\/\/roveyayinevi.com.tr\/index.php\/wp-json\/wp\/v2\/product_brand?post=770657"},{"taxonomy":"product_cat","embeddable":true,"href":"https:\/\/roveyayinevi.com.tr\/index.php\/wp-json\/wp\/v2\/product_cat?post=770657"},{"taxonomy":"product_tag","embeddable":true,"href":"https:\/\/roveyayinevi.com.tr\/index.php\/wp-json\/wp\/v2\/product_tag?post=770657"}],"curies":[{"name":"wp","href":"https:\/\/api.w.org\/{rel}","templated":true}]}}