{"id":770650,"date":"2025-08-28T14:38:34","date_gmt":"2025-08-28T11:38:34","guid":{"rendered":"https:\/\/roveyayinevi.com.tr\/index.php\/urun\/eglenceli-gercekler-kesif-zamani-insan-vucudu-ciltli\/"},"modified":"2025-12-30T11:39:18","modified_gmt":"2025-12-30T08:39:18","slug":"eglenceli-gercekler-kesif-zamani-insan-vucudu-ciltli","status":"publish","type":"product","link":"https:\/\/roveyayinevi.com.tr\/index.php\/urun\/eglenceli-gercekler-kesif-zamani-insan-vucudu-ciltli\/","title":{"rendered":"E\u011flenceli Ger\u00e7ekler &#8211; Ke\u015fif Zaman\u0131 \u0130nsan V\u00fccudu (Ciltli)"},"content":{"rendered":"<p>V\u00fccudumuz nas\u0131l \u00e7al\u0131\u015f\u0131yor? Kalbimiz neden at\u0131yor? Nefes ald\u0131\u011f\u0131m\u0131zda ci\u011ferlerimiz ne yap\u0131yor? Kaslar\u0131m\u0131z nas\u0131l hareket ediyor? Bu kitap, insan v\u00fccudunun inan\u0131lmaz i\u015fleyi\u015fini e\u011flenceli bir yolculu\u011fa \u00e7\u0131karak ke\u015ffetmeni sa\u011fl\u0131yor! A\u00e7\u0131lan pencerelerle i\u00e7 organlar\u0131m\u0131z\u0131n, kemiklerimizin ve kaslar\u0131m\u0131z\u0131n nas\u0131l \u00e7al\u0131\u015ft\u0131\u011f\u0131n\u0131 \u00f6\u011frenirken, v\u00fccudunun ne kadar harika bir mekanizma oldu\u011funu g\u00f6receksin.   \u0130\u00e7indekilerden baz\u0131lar\u0131:Kalbimizin nas\u0131l \u00e7al\u0131\u015ft\u0131\u011f\u0131n\u0131 ke\u015ffet! Beynimizin v\u00fccudumuzu nas\u0131l y\u00f6netti\u011fini \u00f6\u011fren! Sindirim sisteminin yolculu\u011funu ad\u0131m ad\u0131m takip et! Kaslar\u0131m\u0131z\u0131n ve kemiklerimizin hareketlerini g\u00f6zlemle! V\u00fccudunun i\u00e7inde neler olup bitti\u011fini merak ediyorsan, bu kitap tam sana g\u00f6re! \u201cE\u011flenceli Ger\u00e7ekler\u201d serisinde e\u011flenceli g\u00f6rseller ve anla\u015f\u0131l\u0131r bilgiler bir araya gelerek, insan v\u00fccudunun inan\u0131lmaz i\u015fleyi\u015fini ke\u015ffetmeni sa\u011fl\u0131yor!   G\u00fc\u00e7l\u00fc kaslar\u0131n, organlar\u0131n ve kemiklerinle ilgili ilgin\u00e7 bilgiler bu interaktif kitab\u0131n i\u00e7inde seni bekliyor.   Bu harika resimli yolculukta, bedeninin nas\u0131l \u00e7al\u0131\u015ft\u0131\u011f\u0131n\u0131 \u00f6\u011frenmek i\u00e7in 50\u2019den fazla pencereyi a\u00e7 ve e\u011flenceli ger\u00e7ekleri ke\u015ffet! <\/p>\n","protected":false},"excerpt":{"rendered":"<p>V\u00fccudumuz nas\u0131l \u00e7al\u0131\u015f\u0131yor? Kalbimiz neden at\u0131yor? Nefes ald\u0131\u011f\u0131m\u0131zda ci\u011ferlerimiz ne yap\u0131yor? Kaslar\u0131m\u0131z nas\u0131l hareket ediyor? Bu kitap, insan v\u00fccudunun inan\u0131lmaz i\u015fleyi\u015fini e\u011flenceli bir yolculu\u011fa \u00e7\u0131karak ke\u015ffetmeni<span class=\"excerpt-hellip\"> [\u2026]<\/span><\/p>\n","protected":false},"featured_media":0,"template":"","meta":{"_monsterinsights_skip_tracking":false,"_monsterinsights_sitenote_active":false,"_monsterinsights_sitenote_note":"","_monsterinsights_sitenote_category":0},"product_brand":[],"product_cat":[12274,15842],"product_tag":[],"class_list":{"0":"post-770650","1":"product","2":"type-product","3":"status-publish","5":"product_cat-cocuk-ve-genclik-kitaplari","6":"product_cat-egitici-kitaplar","7":"pa_cilt-ciltli","8":"pa_tur-kitap","9":"pa_yayinevi-masalperest","10":"pa_yazar-anonim","12":"first","13":"instock","14":"sale","15":"shipping-taxable","16":"purchasable","17":"product-type-simple"},"_links":{"self":[{"href":"https:\/\/roveyayinevi.com.tr\/index.php\/wp-json\/wp\/v2\/product\/770650","targetHints":{"allow":["GET"]}}],"collection":[{"href":"https:\/\/roveyayinevi.com.tr\/index.php\/wp-json\/wp\/v2\/product"}],"about":[{"href":"https:\/\/roveyayinevi.com.tr\/index.php\/wp-json\/wp\/v2\/types\/product"}],"wp:attachment":[{"href":"https:\/\/roveyayinevi.com.tr\/index.php\/wp-json\/wp\/v2\/media?parent=770650"}],"wp:term":[{"taxonomy":"product_brand","embeddable":true,"href":"https:\/\/roveyayinevi.com.tr\/index.php\/wp-json\/wp\/v2\/product_brand?post=770650"},{"taxonomy":"product_cat","embeddable":true,"href":"https:\/\/roveyayinevi.com.tr\/index.php\/wp-json\/wp\/v2\/product_cat?post=770650"},{"taxonomy":"product_tag","embeddable":true,"href":"https:\/\/roveyayinevi.com.tr\/index.php\/wp-json\/wp\/v2\/product_tag?post=770650"}],"curies":[{"name":"wp","href":"https:\/\/api.w.org\/{rel}","templated":true}]}}