{"id":770645,"date":"2025-08-28T14:38:22","date_gmt":"2025-08-28T11:38:22","guid":{"rendered":"https:\/\/roveyayinevi.com.tr\/index.php\/urun\/dinozorlar-eglenceli-gercekler-ciltli\/"},"modified":"2026-04-15T03:37:07","modified_gmt":"2026-04-15T00:37:07","slug":"dinozorlar-eglenceli-gercekler-ciltli","status":"publish","type":"product","link":"https:\/\/roveyayinevi.com.tr\/index.php\/urun\/dinozorlar-eglenceli-gercekler-ciltli\/","title":{"rendered":"Dinozorlar &#8211; E\u011flenceli Ger\u00e7ekler (Ciltli)"},"content":{"rendered":"<p>KE\u015e\u0130F ZAMANI: D\u0130NOZORLAR Milyonlarca y\u0131l \u00f6nce D\u00fcnya\u2019da devasa dinozorlar\u0131n ya\u015fad\u0131\u011f\u0131n\u0131 biliyor muydun? Peki, T-Rex ger\u00e7ekten korkutucu muydu? Triceratops\u2019un boynuzlar\u0131 ne i\u015fe yar\u0131yordu? Dinozorlar nas\u0131l yok oldu? Bu kitap, seni tarih \u00f6ncesi \u00e7a\u011flara g\u00f6t\u00fcrerek dinozorlar\u0131n b\u00fcy\u00fcleyici d\u00fcnyas\u0131n\u0131 ke\u015ffetmeni sa\u011flayacak! A\u00e7\u0131l\u0131r pencerelerle dinozorlar\u0131n s\u0131rlar\u0131n\u0131 ortaya \u00e7\u0131karacak ve fosillerin izini s\u00fcreceksin. Kitapta neler var? En g\u00fc\u00e7l\u00fc dinozorlar\u0131 tan\u0131! Ot\u00e7ul ve et\u00e7il dinozorlar\u0131 ke\u015ffet! Dinozorlar\u0131n ya\u015fad\u0131\u011f\u0131 d\u00f6nemleri \u00f6\u011fren! Fosillerin nas\u0131l olu\u015ftu\u011funu g\u00f6zlemle! E\u011fer tarih \u00f6ncesi \u00e7a\u011flar\u0131 ve dinozorlar\u0131 seviyorsan, bu kitap senin i\u00e7in m\u00fckemmel bir se\u00e7im olacak!   \u201cE\u011flenceli Ger\u00e7ekler\u201d serisinde e\u011flenceli g\u00f6rseller ve anla\u015f\u0131l\u0131r bilgiler bir araya gelerek, milyonlarca y\u0131l \u00f6ncesine uzanan dinozorlar\u0131n d\u00fcnyas\u0131n\u0131 ke\u015ffetmeni sa\u011fl\u0131yor!   T-Rex, Stegosaurus ve Triceratops bu interaktif kitab\u0131n i\u00e7inde seni bekliyor.   Dinozorlar\u0131n d\u00fcnyas\u0131na uzanan bu harika resimli yolculukta 50\u2019den fazla pencereyi a\u00e7 ve e\u011flenceli ger\u00e7ekleri ke\u015ffet! <\/p>\n","protected":false},"excerpt":{"rendered":"<p>KE\u015e\u0130F ZAMANI: D\u0130NOZORLAR Milyonlarca y\u0131l \u00f6nce D\u00fcnya\u2019da devasa dinozorlar\u0131n ya\u015fad\u0131\u011f\u0131n\u0131 biliyor muydun? Peki, T-Rex ger\u00e7ekten korkutucu muydu? Triceratops\u2019un boynuzlar\u0131 ne i\u015fe yar\u0131yordu? Dinozorlar nas\u0131l yok oldu?<span class=\"excerpt-hellip\"> [\u2026]<\/span><\/p>\n","protected":false},"featured_media":0,"template":"","meta":{"_monsterinsights_skip_tracking":false,"_monsterinsights_sitenote_active":false,"_monsterinsights_sitenote_note":"","_monsterinsights_sitenote_category":0},"product_brand":[],"product_cat":[12274,12284],"product_tag":[],"class_list":{"0":"post-770645","1":"product","2":"type-product","3":"status-publish","5":"product_cat-cocuk-ve-genclik-kitaplari","6":"product_cat-hikayeler","7":"pa_cilt-ciltli","8":"pa_tur-kitap","9":"pa_yayinevi-masalperest","10":"pa_yazar-kolektif","12":"first","13":"instock","14":"sale","15":"shipping-taxable","16":"purchasable","17":"product-type-simple"},"_links":{"self":[{"href":"https:\/\/roveyayinevi.com.tr\/index.php\/wp-json\/wp\/v2\/product\/770645","targetHints":{"allow":["GET"]}}],"collection":[{"href":"https:\/\/roveyayinevi.com.tr\/index.php\/wp-json\/wp\/v2\/product"}],"about":[{"href":"https:\/\/roveyayinevi.com.tr\/index.php\/wp-json\/wp\/v2\/types\/product"}],"wp:attachment":[{"href":"https:\/\/roveyayinevi.com.tr\/index.php\/wp-json\/wp\/v2\/media?parent=770645"}],"wp:term":[{"taxonomy":"product_brand","embeddable":true,"href":"https:\/\/roveyayinevi.com.tr\/index.php\/wp-json\/wp\/v2\/product_brand?post=770645"},{"taxonomy":"product_cat","embeddable":true,"href":"https:\/\/roveyayinevi.com.tr\/index.php\/wp-json\/wp\/v2\/product_cat?post=770645"},{"taxonomy":"product_tag","embeddable":true,"href":"https:\/\/roveyayinevi.com.tr\/index.php\/wp-json\/wp\/v2\/product_tag?post=770645"}],"curies":[{"name":"wp","href":"https:\/\/api.w.org\/{rel}","templated":true}]}}