{"id":770629,"date":"2025-08-28T14:36:57","date_gmt":"2025-08-28T11:36:57","guid":{"rendered":"https:\/\/roveyayinevi.com.tr\/index.php\/urun\/dedektif-kedis-ve-kayip-ceviz\/"},"modified":"2026-04-15T03:37:07","modified_gmt":"2026-04-15T00:37:07","slug":"dedektif-kedis-ve-kayip-ceviz","status":"publish","type":"product","link":"https:\/\/roveyayinevi.com.tr\/index.php\/urun\/dedektif-kedis-ve-kayip-ceviz\/","title":{"rendered":"Dedektif Kedi\u015f ve Kay\u0131p Ceviz"},"content":{"rendered":"<p>Kedi\u015f ile kitab\u0131n sayfalar\u0131 aras\u0131nda soluksuz bir maceraya \u00e7\u0131kmaya haz\u0131r m\u0131s\u0131n\u0131z? Merakl\u0131 bir kedi, en sevdi\u011fi dedektif\u00e7ilik oyununu ger\u00e7ek bir maceraya d\u00f6n\u00fc\u015ft\u00fcr\u00fcyor! Kay\u0131p f\u0131nd\u0131\u011f\u0131 ararken, kar\u015f\u0131la\u015ft\u0131\u011f\u0131 engeller hepimize hayat\u0131n de\u011ferli derslerini \u00f6\u011fretiyor. Haz\u0131r olun, \u00e7\u00fcnk\u00fc Kedi\u015f\u2019in d\u00fcnyas\u0131nda kaybolan her \u015feyin bir anlam\u0131 var! Kedi\u015f\u2019in en sevdi\u011fi dedektiflik oyunu, arkada\u015f\u0131 Sincap\u2019\u0131n ricas\u0131yla ger\u00e7ek bir maceraya d\u00f6n\u00fc\u015f\u00fcr. Dedektif pardes\u00fcs\u00fcn\u00fc giyip, gerekli t\u00fcm ara\u015ft\u0131rma malzemelerini de yan\u0131na alarak i\u015fe koyulan Kedi\u015f kay\u0131p f\u0131nd\u0131\u011f\u0131 ararken pek \u00e7ok engelle kar\u015f\u0131la\u015f\u0131r. Dostlar\u0131n\u0131n yan\u0131na geri d\u00f6nd\u00fc\u011f\u00fcnde onlara ait ve kaybolan pek \u00e7ok \u015feyi bulmas\u0131na ra\u011fmen as\u0131l arad\u0131\u011f\u0131 f\u0131nd\u0131ktan eser yoktur. Asl\u0131nda Kedi\u015f, ba\u015far\u0131s\u0131zl\u0131k olarak g\u00f6rd\u00fc\u011f\u00fc g\u00f6revinde \u00e7ok daha \u00f6nemli bir fark\u0131ndal\u0131k kazan\u0131r. Bazen as\u0131l hedefimiz gibi g\u00f6r\u00fcnen i\u015fler, bizi bamba\u015fka ke\u015fiflerle bulu\u015fturmak i\u00e7in sadece bir ba\u015flang\u0131\u00e7 noktas\u0131d\u0131r. Dedektif Kedi\u015f, ba\u015far\u0131s\u0131zl\u0131kla y\u00fczle\u015fme, azim ve yard\u0131mla\u015fman\u0131n \u00f6nemini vurgularken; yolun bizi g\u00f6t\u00fcrd\u00fc\u011f\u00fc beklenmeyen sonlar\u0131 sevgiyle kucaklayabilmek konusunda da cesaretlendiriyor. Kedi\u015f&#8217;in yolculu\u011fu, k\u00fc\u00e7\u00fck okurlara ger\u00e7ek ba\u015far\u0131n\u0131n bazen dolayl\u0131 yollardan geldi\u011fini ve iyilik yapman\u0131n de\u011ferini \u00f6\u011fretiyor. Hayatta engellerle kar\u015f\u0131la\u015fsak bile kendimize inanman\u0131n ve yola devam etmenin \u00f6nemini vurguluyor. Okuyan Koala taraf\u0131ndan yay\u0131mlanan Hay\u0131r Dedi Tav\u015fan! isimli kitab\u0131n yazar\u0131 Marjoke Heinrichs&#8217;in bu yeni kitab\u0131, ilham, hayal g\u00fcc\u00fc, azim ve nihayetinde takdir duygusunu bar\u0131nd\u0131ran b\u00fcy\u00fcleyici bir dedektiflik hikayesi sunuyor. Bu sevimli kitap, k\u00fc\u00e7\u00fck dedektif adaylar\u0131 ve detaylar\u0131 ke\u015ffetmeyi seven minik okurlar i\u00e7in harika bir se\u00e7im. Temalar: Empati, yard\u0131mla\u015fma, arkada\u015f ili\u015fkileri, problem \u00e7\u00f6zme becerileri, yarat\u0131c\u0131 d\u00fc\u015f\u00fcnme, \u00f6z g\u00fcven, sab\u0131r ve azim. <\/p>\n","protected":false},"excerpt":{"rendered":"<p>Kedi\u015f ile kitab\u0131n sayfalar\u0131 aras\u0131nda soluksuz bir maceraya \u00e7\u0131kmaya haz\u0131r m\u0131s\u0131n\u0131z? Merakl\u0131 bir kedi, en sevdi\u011fi dedektif\u00e7ilik oyununu ger\u00e7ek bir maceraya d\u00f6n\u00fc\u015ft\u00fcr\u00fcyor! Kay\u0131p f\u0131nd\u0131\u011f\u0131 ararken, kar\u015f\u0131la\u015ft\u0131\u011f\u0131<span class=\"excerpt-hellip\"> [\u2026]<\/span><\/p>\n","protected":false},"featured_media":0,"template":"","meta":{"_monsterinsights_skip_tracking":false,"_monsterinsights_sitenote_active":false,"_monsterinsights_sitenote_note":"","_monsterinsights_sitenote_category":0},"product_brand":[],"product_cat":[12274,12284],"product_tag":[],"class_list":{"0":"post-770629","1":"product","2":"type-product","3":"status-publish","5":"product_cat-cocuk-ve-genclik-kitaplari","6":"product_cat-hikayeler","7":"pa_cilt-ciltsiz","8":"pa_tur-kitap","9":"pa_yayinevi-okuyan-koala","10":"pa_yazar-marjoke-henrichs","12":"first","13":"instock","14":"sale","15":"shipping-taxable","16":"purchasable","17":"product-type-simple"},"_links":{"self":[{"href":"https:\/\/roveyayinevi.com.tr\/index.php\/wp-json\/wp\/v2\/product\/770629","targetHints":{"allow":["GET"]}}],"collection":[{"href":"https:\/\/roveyayinevi.com.tr\/index.php\/wp-json\/wp\/v2\/product"}],"about":[{"href":"https:\/\/roveyayinevi.com.tr\/index.php\/wp-json\/wp\/v2\/types\/product"}],"wp:attachment":[{"href":"https:\/\/roveyayinevi.com.tr\/index.php\/wp-json\/wp\/v2\/media?parent=770629"}],"wp:term":[{"taxonomy":"product_brand","embeddable":true,"href":"https:\/\/roveyayinevi.com.tr\/index.php\/wp-json\/wp\/v2\/product_brand?post=770629"},{"taxonomy":"product_cat","embeddable":true,"href":"https:\/\/roveyayinevi.com.tr\/index.php\/wp-json\/wp\/v2\/product_cat?post=770629"},{"taxonomy":"product_tag","embeddable":true,"href":"https:\/\/roveyayinevi.com.tr\/index.php\/wp-json\/wp\/v2\/product_tag?post=770629"}],"curies":[{"name":"wp","href":"https:\/\/api.w.org\/{rel}","templated":true}]}}