{"id":770628,"date":"2025-08-28T14:36:55","date_gmt":"2025-08-28T11:36:55","guid":{"rendered":"https:\/\/roveyayinevi.com.tr\/index.php\/urun\/denemedi-demeyin\/"},"modified":"2026-03-12T03:34:29","modified_gmt":"2026-03-12T00:34:29","slug":"denemedi-demeyin","status":"publish","type":"product","link":"https:\/\/roveyayinevi.com.tr\/index.php\/urun\/denemedi-demeyin\/","title":{"rendered":"Denemedi Demeyin"},"content":{"rendered":"<p>\u201cBen okumay\u0131 sevmem, yazmay\u0131 severim\u201d diyen bir yazara rastlad\u0131n\u0131z m\u0131 acaba? Ben bir kere rastlad\u0131m, k\u00f6r oldum. Cemal S\u00fcreya da rastlasayd\u0131 o da k\u00f6r olurdu bence. Kulaklar\u0131m ge\u00e7ici bir s\u00fcre duyma melekesini kaybetseydi de ke\u015fke hi\u00e7 duymasayd\u0131m bu c\u00fcmleyi. Ama duydum bir kere. Bunu hem de hi\u00e7 s\u0131k\u0131lmadan, adeta \u00f6v\u00fcn\u00fcrcesine s\u00f6yl\u00fcyordu. Neredeyse \u201cSizin kadar okusam daha neler yazacak kabiliyet var bende, demek istiyordu. Ya da \u201cSizin seviyenize uygun kitab\u0131 yazmak i\u00e7in okumaya ne l\u00fczum var, der gibi bir h\u00e2li vard\u0131. Eskilerin cahil cesareti dedikleri bu olsa gerek. \u0130nsan \u00f6nce okumay\u0131 sonra da yazmay\u0131 \u00f6\u011frenir. Allah\u2019\u0131n Cebrail aleyhisselam arac\u0131l\u0131\u011f\u0131yla Hazreti peygamberine bildirdi\u011fi ilk emri oku\u2019dur, yaz de\u011fil. Oku ki yazabilece\u011fin konulara kap\u0131 arala. K\u00e2inat okumay\u0131 bilenler i\u00e7in sonu gelmeyen bir kitap. Oku ki okumadan yaz\u0131lamayaca\u011f\u0131n\u0131 g\u00f6r, \u00f6\u011fren. Yaz\u0131lanlar\u0131 okumadan yazd\u0131klar\u0131n\u0131n okunaca\u011f\u0131n\u0131 umut etmek, nefesi en kuvvetli \u00e2limlerin bile okuyarak iyile\u015ftiremeyecekleri bir budalal\u0131k hastal\u0131\u011f\u0131d\u0131r ancak. <\/p>\n","protected":false},"excerpt":{"rendered":"<p>\u201cBen okumay\u0131 sevmem, yazmay\u0131 severim\u201d diyen bir yazara rastlad\u0131n\u0131z m\u0131 acaba? Ben bir kere rastlad\u0131m, k\u00f6r oldum. Cemal S\u00fcreya da rastlasayd\u0131 o da k\u00f6r olurdu bence.<span class=\"excerpt-hellip\"> [\u2026]<\/span><\/p>\n","protected":false},"featured_media":0,"template":"","meta":{"_monsterinsights_skip_tracking":false,"_monsterinsights_sitenote_active":false,"_monsterinsights_sitenote_note":"","_monsterinsights_sitenote_category":0},"product_brand":[],"product_cat":[12777,12291],"product_tag":[],"class_list":{"0":"post-770628","1":"product","2":"type-product","3":"status-publish","5":"product_cat-deneme","6":"product_cat-edebiyat","7":"pa_cilt-ciltsiz","8":"pa_tur-kitap","9":"pa_yayinevi-kirmizi-cati-yayinlari","10":"pa_yazar-ismail-guctas","12":"first","13":"instock","14":"sale","15":"shipping-taxable","16":"purchasable","17":"product-type-simple"},"_links":{"self":[{"href":"https:\/\/roveyayinevi.com.tr\/index.php\/wp-json\/wp\/v2\/product\/770628","targetHints":{"allow":["GET"]}}],"collection":[{"href":"https:\/\/roveyayinevi.com.tr\/index.php\/wp-json\/wp\/v2\/product"}],"about":[{"href":"https:\/\/roveyayinevi.com.tr\/index.php\/wp-json\/wp\/v2\/types\/product"}],"wp:attachment":[{"href":"https:\/\/roveyayinevi.com.tr\/index.php\/wp-json\/wp\/v2\/media?parent=770628"}],"wp:term":[{"taxonomy":"product_brand","embeddable":true,"href":"https:\/\/roveyayinevi.com.tr\/index.php\/wp-json\/wp\/v2\/product_brand?post=770628"},{"taxonomy":"product_cat","embeddable":true,"href":"https:\/\/roveyayinevi.com.tr\/index.php\/wp-json\/wp\/v2\/product_cat?post=770628"},{"taxonomy":"product_tag","embeddable":true,"href":"https:\/\/roveyayinevi.com.tr\/index.php\/wp-json\/wp\/v2\/product_tag?post=770628"}],"curies":[{"name":"wp","href":"https:\/\/api.w.org\/{rel}","templated":true}]}}