{"id":770626,"date":"2025-08-28T14:36:50","date_gmt":"2025-08-28T11:36:50","guid":{"rendered":"https:\/\/roveyayinevi.com.tr\/index.php\/urun\/muhtesem-siradanlar\/"},"modified":"2026-04-15T03:37:07","modified_gmt":"2026-04-15T00:37:07","slug":"muhtesem-siradanlar","status":"publish","type":"product","link":"https:\/\/roveyayinevi.com.tr\/index.php\/urun\/muhtesem-siradanlar\/","title":{"rendered":"Muhte\u015fem S\u0131radanlar"},"content":{"rendered":"<p>Baz\u0131 hayatlar sessizce akar, g\u00f6zden ka\u00e7ar, s\u0131radan san\u0131l\u0131r. Ama belki de en b\u00fcy\u00fck mucizeler, en derin hik\u00e2yeler tam da bu s\u0131radanl\u0131\u011f\u0131n i\u00e7inde sakl\u0131d\u0131r&#8230;   Bir kitab\u0131n aras\u0131nda unutulmu\u015f bir mektup, her sabah ayn\u0131 saatte pencereden bakan bir \u00e7ift g\u00f6z,  eski bir kahve fincan\u0131na sinmi\u015f hat\u0131ralar&#8230;   \u00d6ylece ge\u00e7iveren zamanlar\u0131n, fark edilmeden hayat\u0131 de\u011fi\u015ftiren tesad\u00fcflerin ve insan ruhunun b\u00fcy\u00fcleyici sadeli\u011finin izini s\u00fcren bu kitap, seni s\u0131radan\u0131n i\u00e7indeki muhte\u015femli\u011fi ke\u015ffetmeye davet ediyor. G\u00f6receksiniz ki her birimizin zihninde kimsenin bilmedi\u011fi koca bir \u015fehir var. Duyacaks\u0131n ki her sabah uyand\u0131\u011f\u0131nda usulca m\u0131r\u0131ldand\u0131\u011f\u0131n bir \u015fiir, \u015fark\u0131 var. Anlayacaks\u0131n ki kalabal\u0131klar\u0131n aras\u0131nda tek ba\u015f\u0131na y\u00fcr\u00fcsen de i\u00e7inde ta\u015f\u0131d\u0131\u011f\u0131n u\u00e7suz bucaks\u0131z bir manzara var.   Muhte\u015fem S\u0131radanlar, fark edilmeden ak\u0131p giden hayatlar\u0131n i\u00e7indeki g\u00f6r\u00fcnmez kahramanlar\u0131n hik\u00e2yesidir&#8230;   Ve her ne kadar benim gibi s\u0131radan g\u00f6r\u00fcn\u00fcyor olsa da en az senin kadar muhte\u015femdir&#8230;  <\/p>\n","protected":false},"excerpt":{"rendered":"<p>Baz\u0131 hayatlar sessizce akar, g\u00f6zden ka\u00e7ar, s\u0131radan san\u0131l\u0131r. Ama belki de en b\u00fcy\u00fck mucizeler, en derin hik\u00e2yeler tam da bu s\u0131radanl\u0131\u011f\u0131n i\u00e7inde sakl\u0131d\u0131r&#8230; Bir kitab\u0131n aras\u0131nda<span class=\"excerpt-hellip\"> [\u2026]<\/span><\/p>\n","protected":false},"featured_media":0,"template":"","meta":{"_monsterinsights_skip_tracking":false,"_monsterinsights_sitenote_active":false,"_monsterinsights_sitenote_note":"","_monsterinsights_sitenote_category":0},"product_brand":[],"product_cat":[12291,12711],"product_tag":[],"class_list":{"0":"post-770626","1":"product","2":"type-product","3":"status-publish","5":"product_cat-edebiyat","6":"product_cat-roman-oyku","7":"pa_cilt-ciltsiz","8":"pa_tur-kitap","9":"pa_yayinevi-elpis-yayinlari","10":"pa_yazar-muhsin-dogan","12":"first","13":"instock","14":"sale","15":"shipping-taxable","16":"purchasable","17":"product-type-simple"},"_links":{"self":[{"href":"https:\/\/roveyayinevi.com.tr\/index.php\/wp-json\/wp\/v2\/product\/770626","targetHints":{"allow":["GET"]}}],"collection":[{"href":"https:\/\/roveyayinevi.com.tr\/index.php\/wp-json\/wp\/v2\/product"}],"about":[{"href":"https:\/\/roveyayinevi.com.tr\/index.php\/wp-json\/wp\/v2\/types\/product"}],"wp:attachment":[{"href":"https:\/\/roveyayinevi.com.tr\/index.php\/wp-json\/wp\/v2\/media?parent=770626"}],"wp:term":[{"taxonomy":"product_brand","embeddable":true,"href":"https:\/\/roveyayinevi.com.tr\/index.php\/wp-json\/wp\/v2\/product_brand?post=770626"},{"taxonomy":"product_cat","embeddable":true,"href":"https:\/\/roveyayinevi.com.tr\/index.php\/wp-json\/wp\/v2\/product_cat?post=770626"},{"taxonomy":"product_tag","embeddable":true,"href":"https:\/\/roveyayinevi.com.tr\/index.php\/wp-json\/wp\/v2\/product_tag?post=770626"}],"curies":[{"name":"wp","href":"https:\/\/api.w.org\/{rel}","templated":true}]}}