{"id":770616,"date":"2025-08-28T14:36:25","date_gmt":"2025-08-28T11:36:25","guid":{"rendered":"https:\/\/roveyayinevi.com.tr\/index.php\/urun\/dus-gezginleri\/"},"modified":"2026-04-15T03:37:07","modified_gmt":"2026-04-15T00:37:07","slug":"dus-gezginleri","status":"publish","type":"product","link":"https:\/\/roveyayinevi.com.tr\/index.php\/urun\/dus-gezginleri\/","title":{"rendered":"D\u00fc\u015f Gezginleri"},"content":{"rendered":"<p>Bir \u00e7i\u00e7ek size g\u00fcl\u00fcmseyip konu\u015fursa ne yapars\u0131n\u0131z? Ya bir bal\u0131k \u201cHadi cesaretini topla!\u201d derse? Ay\u015fe, s\u0131radan bir gecede s\u0131rad\u0131\u015f\u0131 bir yolculu\u011fa \u00e7\u0131kar ve kendini her \u015feyin m\u00fcmk\u00fcn oldu\u011fu Hayal Bah\u00e7esi\u2019nde bulur! Dans eden y\u0131ld\u0131zlar, konu\u015fan \u00e7i\u00e7ekler, parlayan kelebekler ve\u2026 biraz komik ama fazlas\u0131yla bilge bir Cesaret Bal\u0131\u011f\u0131. Her k\u00f6\u015fe s\u00fcrprizlerle dolu! Ay\u015fe\u2019nin bu b\u00fcy\u00fcl\u00fc d\u00fcnyada hayal kurman\u0131n s\u0131n\u0131r tan\u0131mad\u0131\u011f\u0131n\u0131, d\u00fc\u015fmenin kalkman\u0131n en e\u011flenceli yolu oldu\u011funu ve ger\u00e7ek dostlar\u0131n bazen hi\u00e7 beklemedi\u011finiz yerlerden \u00e7\u0131kabilece\u011fini ke\u015ffetti\u011fi bu maceraya sen de kat\u0131l!                                                                          Hayallerine s\u0131k\u0131 s\u0131k\u0131 sar\u0131l, unutma: En b\u00fcy\u00fck macera, kendi hayal g\u00fcc\u00fcnde ba\u015flar! <\/p>\n","protected":false},"excerpt":{"rendered":"<p>Bir \u00e7i\u00e7ek size g\u00fcl\u00fcmseyip konu\u015fursa ne yapars\u0131n\u0131z? Ya bir bal\u0131k \u201cHadi cesaretini topla!\u201d derse? Ay\u015fe, s\u0131radan bir gecede s\u0131rad\u0131\u015f\u0131 bir yolculu\u011fa \u00e7\u0131kar ve kendini her \u015feyin<span class=\"excerpt-hellip\"> [\u2026]<\/span><\/p>\n","protected":false},"featured_media":0,"template":"","meta":{"_monsterinsights_skip_tracking":false,"_monsterinsights_sitenote_active":false,"_monsterinsights_sitenote_note":"","_monsterinsights_sitenote_category":0},"product_brand":[],"product_cat":[12274],"product_tag":[],"class_list":{"0":"post-770616","1":"product","2":"type-product","3":"status-publish","5":"product_cat-cocuk-ve-genclik-kitaplari","6":"pa_cilt-ciltsiz","7":"pa_tur-kitap","8":"pa_yayinevi-perseus","9":"pa_yazar-tugce-seren-karasurmeli","11":"first","12":"instock","13":"sale","14":"shipping-taxable","15":"purchasable","16":"product-type-simple"},"_links":{"self":[{"href":"https:\/\/roveyayinevi.com.tr\/index.php\/wp-json\/wp\/v2\/product\/770616","targetHints":{"allow":["GET"]}}],"collection":[{"href":"https:\/\/roveyayinevi.com.tr\/index.php\/wp-json\/wp\/v2\/product"}],"about":[{"href":"https:\/\/roveyayinevi.com.tr\/index.php\/wp-json\/wp\/v2\/types\/product"}],"wp:attachment":[{"href":"https:\/\/roveyayinevi.com.tr\/index.php\/wp-json\/wp\/v2\/media?parent=770616"}],"wp:term":[{"taxonomy":"product_brand","embeddable":true,"href":"https:\/\/roveyayinevi.com.tr\/index.php\/wp-json\/wp\/v2\/product_brand?post=770616"},{"taxonomy":"product_cat","embeddable":true,"href":"https:\/\/roveyayinevi.com.tr\/index.php\/wp-json\/wp\/v2\/product_cat?post=770616"},{"taxonomy":"product_tag","embeddable":true,"href":"https:\/\/roveyayinevi.com.tr\/index.php\/wp-json\/wp\/v2\/product_tag?post=770616"}],"curies":[{"name":"wp","href":"https:\/\/api.w.org\/{rel}","templated":true}]}}