{"id":770605,"date":"2025-08-28T14:36:05","date_gmt":"2025-08-28T11:36:05","guid":{"rendered":"https:\/\/roveyayinevi.com.tr\/index.php\/urun\/imam-azam-ebu-hanife\/"},"modified":"2026-04-15T03:37:06","modified_gmt":"2026-04-15T00:37:06","slug":"imam-azam-ebu-hanife","status":"publish","type":"product","link":"https:\/\/roveyayinevi.com.tr\/index.php\/urun\/imam-azam-ebu-hanife\/","title":{"rendered":"\u0130mam Azam Ebu Hanife"},"content":{"rendered":"<p>Y\u0131ld\u0131z, \u0131\u015f\u0131\u011f\u0131n\u0131 G\u00fcne\u015f\u2019ten al\u0131r. Geceleri g\u00f6r\u00fcn\u00fcr, g\u00fcnd\u00fcz kaybolur. G\u00f6ky\u00fcz\u00fcn\u00fcn s\u00fcs\u00fcd\u00fcr, karanl\u0131\u011fa \u0131\u015f\u0131k olur. I\u015f\u0131\u011f\u0131n\u0131 insanl\u0131\u011f\u0131n g\u00fcne\u015finden alan yery\u00fcz\u00fc y\u0131ld\u0131zlar\u0131 da vard\u0131r. Bu yery\u00fcz\u00fc y\u0131ld\u0131zlar\u0131, etraflar\u0131na gece g\u00fcnd\u00fcz hep ayd\u0131nl\u0131k sa\u00e7arlar. Ama onlar\u0131 hakikatiyle g\u00f6recek g\u00f6z gerek&#8230; Yery\u00fcz\u00fc y\u0131ld\u0131zlar\u0131, maneviyat d\u00fcnyam\u0131z\u0131n g\u00fczelli\u011fi ve s\u00fcs\u00fcd\u00fcrler. \u0130nsanl\u0131k onlarla de\u011ferlenir, k\u0131ymet kazan\u0131r. Onlar, ya\u015fanmaya de\u011fer hayat\u0131 ya\u015fam\u0131\u015f \u00f6rneklerdir. Onlar, gecelerimizi g\u00fcnd\u00fcz ederler, kalbimizi nurland\u0131r\u0131rlar. \u0130\u015fte onlardan biri, hem de en parlaklar\u0131ndan biri, \u0130mam Azam Ebu Hanife\u2019dir. \u0130bretlerle dolu hayat\u0131, en heyecanl\u0131 romanlara ta\u015f \u00e7\u0131kart\u0131r. Zira o; iman\u0131n, irfan\u0131n, ilmin, ahlak\u0131n, cesaretin en g\u00fczel \u00f6rneklerindendir. <\/p>\n","protected":false},"excerpt":{"rendered":"<p>Y\u0131ld\u0131z, \u0131\u015f\u0131\u011f\u0131n\u0131 G\u00fcne\u015f\u2019ten al\u0131r. Geceleri g\u00f6r\u00fcn\u00fcr, g\u00fcnd\u00fcz kaybolur. G\u00f6ky\u00fcz\u00fcn\u00fcn s\u00fcs\u00fcd\u00fcr, karanl\u0131\u011fa \u0131\u015f\u0131k olur. I\u015f\u0131\u011f\u0131n\u0131 insanl\u0131\u011f\u0131n g\u00fcne\u015finden alan yery\u00fcz\u00fc y\u0131ld\u0131zlar\u0131 da vard\u0131r. Bu yery\u00fcz\u00fc y\u0131ld\u0131zlar\u0131, etraflar\u0131na gece<span class=\"excerpt-hellip\"> [\u2026]<\/span><\/p>\n","protected":false},"featured_media":0,"template":"","meta":{"_monsterinsights_skip_tracking":false,"_monsterinsights_sitenote_active":false,"_monsterinsights_sitenote_note":"","_monsterinsights_sitenote_category":0},"product_brand":[],"product_cat":[12718,12719],"product_tag":[],"class_list":{"0":"post-770605","1":"product","2":"type-product","3":"status-publish","5":"product_cat-din","6":"product_cat-islam","7":"pa_cilt-ciltsiz","8":"pa_tur-kitap","9":"pa_yayinevi-nesil-yayinlari","10":"pa_yazar-vehbi-vakkasoglu","12":"first","13":"instock","14":"sale","15":"shipping-taxable","16":"purchasable","17":"product-type-simple"},"_links":{"self":[{"href":"https:\/\/roveyayinevi.com.tr\/index.php\/wp-json\/wp\/v2\/product\/770605","targetHints":{"allow":["GET"]}}],"collection":[{"href":"https:\/\/roveyayinevi.com.tr\/index.php\/wp-json\/wp\/v2\/product"}],"about":[{"href":"https:\/\/roveyayinevi.com.tr\/index.php\/wp-json\/wp\/v2\/types\/product"}],"wp:attachment":[{"href":"https:\/\/roveyayinevi.com.tr\/index.php\/wp-json\/wp\/v2\/media?parent=770605"}],"wp:term":[{"taxonomy":"product_brand","embeddable":true,"href":"https:\/\/roveyayinevi.com.tr\/index.php\/wp-json\/wp\/v2\/product_brand?post=770605"},{"taxonomy":"product_cat","embeddable":true,"href":"https:\/\/roveyayinevi.com.tr\/index.php\/wp-json\/wp\/v2\/product_cat?post=770605"},{"taxonomy":"product_tag","embeddable":true,"href":"https:\/\/roveyayinevi.com.tr\/index.php\/wp-json\/wp\/v2\/product_tag?post=770605"}],"curies":[{"name":"wp","href":"https:\/\/api.w.org\/{rel}","templated":true}]}}