{"id":770604,"date":"2025-08-28T14:36:03","date_gmt":"2025-08-28T11:36:03","guid":{"rendered":"https:\/\/roveyayinevi.com.tr\/index.php\/urun\/cocugumun-ilk-kitapligi-fleksi-kapak\/"},"modified":"2026-04-15T03:37:06","modified_gmt":"2026-04-15T00:37:06","slug":"cocugumun-ilk-kitapligi-fleksi-kapak","status":"publish","type":"product","link":"https:\/\/roveyayinevi.com.tr\/index.php\/urun\/cocugumun-ilk-kitapligi-fleksi-kapak\/","title":{"rendered":"\u00c7ocu\u011fumun \u0130lk Kitapl\u0131\u011f\u0131 (Fleksi Kapak)"},"content":{"rendered":"<p>\u0130lk kitaplar, g\u00fczel hat\u0131ralar zaman\u0131n tozuna kar\u0131\u015fmas\u0131n, bu g\u00fcnl\u00fckte ya\u015fas\u0131n! \u00c7ocu\u011fumun \u0130lk Kitapl\u0131\u011f\u0131, anne ve babalar\u0131n \u00e7ocuklar\u0131yla okuduklar\u0131 kitaplar\u0131 unutulmayacak an\u0131lara d\u00f6n\u00fc\u015ft\u00fcrecek reng\u00e2renk bir g\u00fcnl\u00fck. \u00c7ocuklar b\u00fcy\u00fcrken onlarla payla\u015f\u0131lan her an paha bi\u00e7ilmezdir. \u0130lk s\u00f6zc\u00fckler ve ilk kitaplar, ilk ad\u0131mlar kadar \u00f6zeldir. Y\u00fczlerde g\u00fcl\u00fcc\u00fckler a\u00e7t\u0131ran \u00f6yk\u00fclerden okunmaktan y\u0131pranm\u0131\u015f sayfalara, en sevilen kahramanlardan ezberlenecek sat\u0131rlara say\u0131s\u0131z hat\u0131raya tan\u0131kl\u0131k etmesi i\u00e7in haz\u0131rlanan bu g\u00fcnl\u00fck; ebeveynleri \u00e7ocuklar\u0131yla birlikte keyifli bir ke\u015fif yolculu\u011funa davet ediyor. \u00c7ocuklar\u0131n ilk kitapl\u0131\u011f\u0131n\u0131n ar\u015fivini tutmaya yard\u0131mc\u0131 olacak kitap de\u011ferlendirme sayfalar\u0131 ve miniklerin e\u011fri b\u00fc\u011fr\u00fc \u00e7izgileriyle renklenecek \u00e7izim b\u00f6l\u00fcmleriyle dopdolu bir i\u00e7erik sunan bu \u00f6zel \u00e7al\u0131\u015fma, ebeveynlerin \u00e7ocuklar\u0131yla an\u0131 biriktirebilmeleri i\u00e7in rehberlik g\u00f6revi de \u00fcstleniyor.  \u0130lk kitaplar\u0131n izlerini gelece\u011fe ta\u015f\u0131mas\u0131 amac\u0131yla tasarlanan \u00c7ocu\u011fumun \u0130lk Kitapl\u0131\u011f\u0131, ilk okuma \u00e7a\u011f\u0131nda \u00e7ocu\u011fu bulunan herkese anlaml\u0131 bir arma\u011fan olarak da d\u00fc\u015f\u00fcn\u00fclebilir.<\/p>\n","protected":false},"excerpt":{"rendered":"<p>\u0130lk kitaplar, g\u00fczel hat\u0131ralar zaman\u0131n tozuna kar\u0131\u015fmas\u0131n, bu g\u00fcnl\u00fckte ya\u015fas\u0131n! \u00c7ocu\u011fumun \u0130lk Kitapl\u0131\u011f\u0131, anne ve babalar\u0131n \u00e7ocuklar\u0131yla okuduklar\u0131 kitaplar\u0131 unutulmayacak an\u0131lara d\u00f6n\u00fc\u015ft\u00fcrecek reng\u00e2renk bir g\u00fcnl\u00fck. \u00c7ocuklar<span class=\"excerpt-hellip\"> [\u2026]<\/span><\/p>\n","protected":false},"featured_media":0,"template":"","meta":{"_monsterinsights_skip_tracking":false,"_monsterinsights_sitenote_active":false,"_monsterinsights_sitenote_note":"","_monsterinsights_sitenote_category":0},"product_brand":[],"product_cat":[12274],"product_tag":[],"class_list":{"0":"post-770604","1":"product","2":"type-product","3":"status-publish","5":"product_cat-cocuk-ve-genclik-kitaplari","6":"pa_cilt-ciltsiz","7":"pa_tur-kitap","8":"pa_yayinevi-ucanbalik-yayincilik","9":"pa_yazar-kolektif","11":"first","12":"instock","13":"sale","14":"shipping-taxable","15":"purchasable","16":"product-type-simple"},"_links":{"self":[{"href":"https:\/\/roveyayinevi.com.tr\/index.php\/wp-json\/wp\/v2\/product\/770604","targetHints":{"allow":["GET"]}}],"collection":[{"href":"https:\/\/roveyayinevi.com.tr\/index.php\/wp-json\/wp\/v2\/product"}],"about":[{"href":"https:\/\/roveyayinevi.com.tr\/index.php\/wp-json\/wp\/v2\/types\/product"}],"wp:attachment":[{"href":"https:\/\/roveyayinevi.com.tr\/index.php\/wp-json\/wp\/v2\/media?parent=770604"}],"wp:term":[{"taxonomy":"product_brand","embeddable":true,"href":"https:\/\/roveyayinevi.com.tr\/index.php\/wp-json\/wp\/v2\/product_brand?post=770604"},{"taxonomy":"product_cat","embeddable":true,"href":"https:\/\/roveyayinevi.com.tr\/index.php\/wp-json\/wp\/v2\/product_cat?post=770604"},{"taxonomy":"product_tag","embeddable":true,"href":"https:\/\/roveyayinevi.com.tr\/index.php\/wp-json\/wp\/v2\/product_tag?post=770604"}],"curies":[{"name":"wp","href":"https:\/\/api.w.org\/{rel}","templated":true}]}}