{"id":770595,"date":"2025-08-28T14:35:45","date_gmt":"2025-08-28T11:35:45","guid":{"rendered":"https:\/\/roveyayinevi.com.tr\/index.php\/urun\/zamanin-sonu\/"},"modified":"2026-04-15T03:37:06","modified_gmt":"2026-04-15T00:37:06","slug":"zamanin-sonu","status":"publish","type":"product","link":"https:\/\/roveyayinevi.com.tr\/index.php\/urun\/zamanin-sonu\/","title":{"rendered":"Zaman\u0131n Sonu"},"content":{"rendered":"<p>Greene, kozmoloji bilimini ke\u015ffederken teorilerle ve farkl\u0131 bak\u0131\u015f a\u00e7\u0131lar\u0131yla ustaca \u00f6r\u00fclm\u00fc\u015f zengin bir anlat\u0131 sunuyor. \u015eahane.   -New Scientist     Evrenin ba\u015flang\u0131c\u0131ndan, bilincin derinliklerine; y\u0131ld\u0131zlardan kuantum d\u00fcnyas\u0131na kadar her \u015feyin \u00f6yk\u00fcs\u00fcn\u00fc anlatan, d\u00fcnyan\u0131n \u00f6nde gelen fizik\u00e7ilerinden Brian Greene, bilimsel ke\u015fiflerin en temel sorular\u0131m\u0131zla nas\u0131l i\u00e7 i\u00e7e ge\u00e7ti\u011fini bu kitab\u0131nda ortaya koyuyor.   Zaman\u0131n Sonu, evrenin olu\u015fumundan insan bilincine, ya\u015fam\u0131n varolu\u015fundan \u00f6l\u00fcm\u00fcn ka\u00e7\u0131n\u0131lmazl\u0131\u011f\u0131na kadar pek \u00e7ok soruya bilimsel bir bak\u0131\u015f a\u00e7\u0131s\u0131yla yan\u0131t ar\u0131yor. Evrenin zarafetini, maddenin gizemini ve ya\u015fam\u0131n anlam\u0131n\u0131 ke\u015ffetmeye \u00e7al\u0131\u015f\u0131rken, sadece kozmik zaman\u0131n u\u00e7suz bucaks\u0131zl\u0131\u011f\u0131nda de\u011fil, insan akl\u0131n\u0131n yarat\u0131c\u0131l\u0131\u011f\u0131nda da derinlemesine bir yolculu\u011fa \u00e7\u0131k\u0131yoruz.   Bilimsel ger\u00e7ekleri incelikli anlat\u0131m\u0131yla harmanlayan Greene, evrenin ge\u00e7ici g\u00fczelli\u011finde kal\u0131c\u0131 anlamlar arayan herkes i\u00e7in vazge\u00e7ilmez bir rehber. <\/p>\n","protected":false},"excerpt":{"rendered":"<p>Greene, kozmoloji bilimini ke\u015ffederken teorilerle ve farkl\u0131 bak\u0131\u015f a\u00e7\u0131lar\u0131yla ustaca \u00f6r\u00fclm\u00fc\u015f zengin bir anlat\u0131 sunuyor. \u015eahane. -New Scientist Evrenin ba\u015flang\u0131c\u0131ndan, bilincin derinliklerine; y\u0131ld\u0131zlardan kuantum d\u00fcnyas\u0131na kadar<span class=\"excerpt-hellip\"> [\u2026]<\/span><\/p>\n","protected":false},"featured_media":0,"template":"","meta":{"_monsterinsights_skip_tracking":false,"_monsterinsights_sitenote_active":false,"_monsterinsights_sitenote_note":"","_monsterinsights_sitenote_category":0},"product_brand":[],"product_cat":[13005],"product_tag":[],"class_list":{"0":"post-770595","1":"product","2":"type-product","3":"status-publish","5":"product_cat-bilim-muhendislik","6":"pa_cilt-ciltsiz","7":"pa_tur-kitap","8":"pa_yayinevi-epsilon-yayinlari","9":"pa_yazar-brian-greene","11":"first","12":"instock","13":"sale","14":"shipping-taxable","15":"purchasable","16":"product-type-simple"},"_links":{"self":[{"href":"https:\/\/roveyayinevi.com.tr\/index.php\/wp-json\/wp\/v2\/product\/770595","targetHints":{"allow":["GET"]}}],"collection":[{"href":"https:\/\/roveyayinevi.com.tr\/index.php\/wp-json\/wp\/v2\/product"}],"about":[{"href":"https:\/\/roveyayinevi.com.tr\/index.php\/wp-json\/wp\/v2\/types\/product"}],"wp:attachment":[{"href":"https:\/\/roveyayinevi.com.tr\/index.php\/wp-json\/wp\/v2\/media?parent=770595"}],"wp:term":[{"taxonomy":"product_brand","embeddable":true,"href":"https:\/\/roveyayinevi.com.tr\/index.php\/wp-json\/wp\/v2\/product_brand?post=770595"},{"taxonomy":"product_cat","embeddable":true,"href":"https:\/\/roveyayinevi.com.tr\/index.php\/wp-json\/wp\/v2\/product_cat?post=770595"},{"taxonomy":"product_tag","embeddable":true,"href":"https:\/\/roveyayinevi.com.tr\/index.php\/wp-json\/wp\/v2\/product_tag?post=770595"}],"curies":[{"name":"wp","href":"https:\/\/api.w.org\/{rel}","templated":true}]}}