{"id":770582,"date":"2025-08-28T14:35:19","date_gmt":"2025-08-28T11:35:19","guid":{"rendered":"https:\/\/roveyayinevi.com.tr\/index.php\/urun\/kisa-kudus-tarihi\/"},"modified":"2026-04-15T03:37:06","modified_gmt":"2026-04-15T00:37:06","slug":"kisa-kudus-tarihi","status":"publish","type":"product","link":"https:\/\/roveyayinevi.com.tr\/index.php\/urun\/kisa-kudus-tarihi\/","title":{"rendered":"K\u0131sa Kud\u00fcs Tarihi"},"content":{"rendered":"<p>Kavimlerin, dinlerin ve medeniyetlerin \u015fehri olan Kud\u00fcs, antik \u00e7a\u011flardan itibaren d\u00fcnyan\u0131n en kadim ve en \u00f6nemli \u015fehirlerinden biridir. Zengin bir tarihi mirasa sahip olan bu mukaddes \u015fehir, di\u011fer pek \u00e7ok \u015fehirden farkl\u0131 olarak stratejik ve co\u011frafi \u00f6zellikleriyle de\u011fil, \u00fc\u00e7 semavi dinin kutsal kabul etmesi sebebiyle dini \u00f6neme sahiptir. M\u00fcsl\u00fcmanlar, Yahudiler ve Hristiyanlar i\u00e7in kutsal kabul edilen yeg\u00e2ne \u015fehirdir. \u00d6z\u00fcnde bar\u0131\u015f\u0131, adaleti ve huzuru bar\u0131nd\u0131r\u0131r. Ne var ki Kud\u00fcs\u2019\u00fcn g\u00f6rd\u00fc\u011f\u00fc bu itibar ve de\u011fer, ayn\u0131 zamanda bir\u00e7ok sald\u0131r\u0131ya u\u011framas\u0131na da sebep oldu. Tarih boyunca bu kutsal \u015fehir defalarca y\u0131k\u0131ld\u0131 ve her defas\u0131nda yeniden yap\u0131ld\u0131. H\u00e2kim olan devletler, milletler ve dinler de\u011fi\u015fti fakat kutsall\u0131\u011f\u0131 ve de\u011feri hi\u00e7bir zaman eksilmedi.  Elinizdeki bu kitap, tarihi ger\u00e7ekler ba\u011flam\u0131nda Kud\u00fcs\u2019\u00fc antik \u00e7a\u011flardan bug\u00fcne kadar anlaml\u0131 bir b\u00fct\u00fcn halinde anlatman\u0131n gayretiyle kaleme al\u0131nd\u0131. Amac\u0131m\u0131z; d\u00fcnya kamuoyunun g\u00fcndeminde olan bu kutlu beldenin manas\u0131n\u0131, \u00f6nemini ve neden vazge\u00e7ilemez bir yer oldu\u011funu, burada ya\u015fam\u0131\u015f dinlerin, milletlerin, devletlerin tarihini, kutsal mek\u00e2nlar\u0131n bilgisini okuyucuya sunabilmek ve bir akademisyen olarak Kud\u00fcs tarihine dikkat \u00e7ekerek bu alandaki ara\u015ft\u0131rmalar\u0131n say\u0131s\u0131n\u0131 artt\u0131rmada te\u015fvik edici bir rol oynayabilmektir.  <\/p>\n","protected":false},"excerpt":{"rendered":"<p>Kavimlerin, dinlerin ve medeniyetlerin \u015fehri olan Kud\u00fcs, antik \u00e7a\u011flardan itibaren d\u00fcnyan\u0131n en kadim ve en \u00f6nemli \u015fehirlerinden biridir. Zengin bir tarihi mirasa sahip olan bu mukaddes<span class=\"excerpt-hellip\"> [\u2026]<\/span><\/p>\n","protected":false},"featured_media":0,"template":"","meta":{"_monsterinsights_skip_tracking":false,"_monsterinsights_sitenote_active":false,"_monsterinsights_sitenote_note":"","_monsterinsights_sitenote_category":0},"product_brand":[],"product_cat":[12370,12304],"product_tag":[],"class_list":{"0":"post-770582","1":"product","2":"type-product","3":"status-publish","5":"product_cat-arastirma-inceleme","6":"product_cat-tarih","7":"pa_cilt-ciltsiz","8":"pa_tur-kitap","9":"pa_yayinevi-yeditepe-yayinevi","10":"pa_yazar-fatma-akkus-yigit","12":"first","13":"instock","14":"sale","15":"shipping-taxable","16":"purchasable","17":"product-type-simple"},"_links":{"self":[{"href":"https:\/\/roveyayinevi.com.tr\/index.php\/wp-json\/wp\/v2\/product\/770582","targetHints":{"allow":["GET"]}}],"collection":[{"href":"https:\/\/roveyayinevi.com.tr\/index.php\/wp-json\/wp\/v2\/product"}],"about":[{"href":"https:\/\/roveyayinevi.com.tr\/index.php\/wp-json\/wp\/v2\/types\/product"}],"wp:attachment":[{"href":"https:\/\/roveyayinevi.com.tr\/index.php\/wp-json\/wp\/v2\/media?parent=770582"}],"wp:term":[{"taxonomy":"product_brand","embeddable":true,"href":"https:\/\/roveyayinevi.com.tr\/index.php\/wp-json\/wp\/v2\/product_brand?post=770582"},{"taxonomy":"product_cat","embeddable":true,"href":"https:\/\/roveyayinevi.com.tr\/index.php\/wp-json\/wp\/v2\/product_cat?post=770582"},{"taxonomy":"product_tag","embeddable":true,"href":"https:\/\/roveyayinevi.com.tr\/index.php\/wp-json\/wp\/v2\/product_tag?post=770582"}],"curies":[{"name":"wp","href":"https:\/\/api.w.org\/{rel}","templated":true}]}}