{"id":770571,"date":"2025-08-28T14:34:53","date_gmt":"2025-08-28T11:34:53","guid":{"rendered":"https:\/\/roveyayinevi.com.tr\/index.php\/urun\/boslugun-ust-kati\/"},"modified":"2026-04-15T03:37:05","modified_gmt":"2026-04-15T00:37:05","slug":"boslugun-ust-kati","status":"publish","type":"product","link":"https:\/\/roveyayinevi.com.tr\/index.php\/urun\/boslugun-ust-kati\/","title":{"rendered":"Bo\u015flu\u011fun \u00dcst Kat\u0131"},"content":{"rendered":"<p>Devam etmeye Hevesi varsa. \u0130\u011fne ucu bir bo\u015fluktan s\u0131zan bir ip insan\u0131 hayata dikiyor.   Bo\u015flu\u011fun \u00dcst Kat\u0131, kaybetti\u011fiyle yer de\u011fi\u015ftiren bir \u00f6zneye ne oldu\u011funu, ne olaca\u011f\u0131n\u0131 soruyor.   Cesaret ve sevgiyle ona bak\u0131yor. Daha \u00f6nce bilmedi\u011fimiz, bilsek de emin olmad\u0131\u011f\u0131m\u0131z duygulara yer a\u00e7\u0131yor. Elif Erdo\u011fan\u2019\u0131n \u00fc\u00e7\u00fcnc\u00fc kitab\u0131 sade, kendine has, zarif bir kalemin e\u015fli\u011finde zamana dolanmak isteyenler i\u00e7in&#8230; <\/p>\n","protected":false},"excerpt":{"rendered":"<p>Devam etmeye Hevesi varsa. \u0130\u011fne ucu bir bo\u015fluktan s\u0131zan bir ip insan\u0131 hayata dikiyor. Bo\u015flu\u011fun \u00dcst Kat\u0131, kaybetti\u011fiyle yer de\u011fi\u015ftiren bir \u00f6zneye ne oldu\u011funu, ne olaca\u011f\u0131n\u0131<span class=\"excerpt-hellip\"> [\u2026]<\/span><\/p>\n","protected":false},"featured_media":0,"template":"","meta":{"_monsterinsights_skip_tracking":false,"_monsterinsights_sitenote_active":false,"_monsterinsights_sitenote_note":"","_monsterinsights_sitenote_category":0},"product_brand":[],"product_cat":[18545,12291],"product_tag":[],"class_list":{"0":"post-770571","1":"product","2":"type-product","3":"status-publish","5":"product_cat-anlati","6":"product_cat-edebiyat","7":"pa_cilt-ciltsiz","8":"pa_tur-kitap","9":"pa_yayinevi-yapi-kredi-yayinlari","10":"pa_yazar-elif-erdogan","12":"first","13":"instock","14":"sale","15":"shipping-taxable","16":"purchasable","17":"product-type-simple"},"_links":{"self":[{"href":"https:\/\/roveyayinevi.com.tr\/index.php\/wp-json\/wp\/v2\/product\/770571","targetHints":{"allow":["GET"]}}],"collection":[{"href":"https:\/\/roveyayinevi.com.tr\/index.php\/wp-json\/wp\/v2\/product"}],"about":[{"href":"https:\/\/roveyayinevi.com.tr\/index.php\/wp-json\/wp\/v2\/types\/product"}],"wp:attachment":[{"href":"https:\/\/roveyayinevi.com.tr\/index.php\/wp-json\/wp\/v2\/media?parent=770571"}],"wp:term":[{"taxonomy":"product_brand","embeddable":true,"href":"https:\/\/roveyayinevi.com.tr\/index.php\/wp-json\/wp\/v2\/product_brand?post=770571"},{"taxonomy":"product_cat","embeddable":true,"href":"https:\/\/roveyayinevi.com.tr\/index.php\/wp-json\/wp\/v2\/product_cat?post=770571"},{"taxonomy":"product_tag","embeddable":true,"href":"https:\/\/roveyayinevi.com.tr\/index.php\/wp-json\/wp\/v2\/product_tag?post=770571"}],"curies":[{"name":"wp","href":"https:\/\/api.w.org\/{rel}","templated":true}]}}