{"id":770569,"date":"2025-08-28T14:34:47","date_gmt":"2025-08-28T11:34:47","guid":{"rendered":"https:\/\/roveyayinevi.com.tr\/index.php\/urun\/bir-omrun-emegi\/"},"modified":"2026-04-15T03:37:05","modified_gmt":"2026-04-15T00:37:05","slug":"bir-omrun-emegi","status":"publish","type":"product","link":"https:\/\/roveyayinevi.com.tr\/index.php\/urun\/bir-omrun-emegi\/","title":{"rendered":"Bir \u00d6mr\u00fcn Eme\u011fi"},"content":{"rendered":"<p>Romanlar\u0131yla tan\u0131d\u0131\u011f\u0131m\u0131z Rachel Cusk, an\u0131 ve deneme t\u00fcrleri aras\u0131nda sal\u0131nan \u00fc\u00e7 d\u00fczyaz\u0131 kitab\u0131n\u0131n ilkinde hamilelik s\u00fcrecini ve anneli\u011finin birinci y\u0131l\u0131n\u0131 e\u015fine zor rastlan\u0131r bir d\u00fcr\u00fcstl\u00fckle anlat\u0131yor ve buradan ba\u015fka bir\u00e7ok meseleye a\u00e7\u0131l\u0131yor: Kad\u0131n bedeni ve bedensel ac\u0131; toplumun kad\u0131na, do\u011fuma ve \u00e7ocuk bakmaya yakla\u015f\u0131m\u0131; aile ve \u00e7ocuk bak\u0131m\u0131 eme\u011fi; uykunun ve gecenin de\u011fi\u015fen anlam\u0131\u2026 Cusk kendi annelik deneyimini titizlikle kaydederken, bu d\u00f6nemde okudu\u011fu romanlar\u0131n Sava\u015f ve Bar\u0131\u015f, Keyif Evi, Madame Bovary annelikle ilgili k\u0131s\u0131mlar\u0131n\u0131 da tart\u0131\u015f\u0131yor, do\u011fuma ve anneli\u011fe haz\u0131rlanma ve \u00e7ocuk bak\u0131m\u0131 konulu devasa literat\u00fcr\u00fcn kimi \u00f6rneklerini s\u0131k\u0131 bir ele\u015ftirel okumaya tabi tutuyor. \u0130lk yay\u0131mland\u0131\u011f\u0131 2001 y\u0131l\u0131nda tart\u0131\u015fmalara yol a\u00e7an Bir \u00d6mr\u00fcn Eme\u011fi, 2019 y\u0131l\u0131nda The New York Times taraf\u0131ndan haz\u0131rlanan son elli y\u0131l\u0131n en iyi elli an\u0131 kitab\u0131 listesinde yer ald\u0131 ve zaman i\u00e7inde annelik deneyimini ele alan kitaplar i\u00e7inde bir kilometre ta\u015f\u0131 haline geldi. Konu hakk\u0131nda benzeri olmayan bir kitap.                                        The New Yorker   Cusk yitirdi\u011fi \u00f6zg\u00fcrl\u00fck i\u00e7in tuttu\u011fu yastan, \u00e7aresizlik duygusundan, ac\u0131, can s\u0131k\u0131nt\u0131s\u0131 ve su\u00e7luluk hissinden a\u00e7\u0131k\u00e7a s\u00f6z etmekten korkmuyor ama t\u00fcm bunlar\u0131 annenin bebe\u011fi i\u00e7in duydu\u011fu tarif edilmesi imk\u00e2ns\u0131z sevginin ba\u011flam\u0131 i\u00e7inde yap\u0131yor.                                                          The Observer<\/p>\n","protected":false},"excerpt":{"rendered":"<p>Romanlar\u0131yla tan\u0131d\u0131\u011f\u0131m\u0131z Rachel Cusk, an\u0131 ve deneme t\u00fcrleri aras\u0131nda sal\u0131nan \u00fc\u00e7 d\u00fczyaz\u0131 kitab\u0131n\u0131n ilkinde hamilelik s\u00fcrecini ve anneli\u011finin birinci y\u0131l\u0131n\u0131 e\u015fine zor rastlan\u0131r bir d\u00fcr\u00fcstl\u00fckle anlat\u0131yor<span class=\"excerpt-hellip\"> [\u2026]<\/span><\/p>\n","protected":false},"featured_media":0,"template":"","meta":{"_monsterinsights_skip_tracking":false,"_monsterinsights_sitenote_active":false,"_monsterinsights_sitenote_note":"","_monsterinsights_sitenote_category":0},"product_brand":[],"product_cat":[12291],"product_tag":[],"class_list":{"0":"post-770569","1":"product","2":"type-product","3":"status-publish","5":"product_cat-edebiyat","6":"pa_cilt-ciltsiz","7":"pa_tur-kitap","8":"pa_yayinevi-yapi-kredi-yayinlari","9":"pa_yazar-rachel-cusk","11":"first","12":"instock","13":"sale","14":"shipping-taxable","15":"purchasable","16":"product-type-simple"},"_links":{"self":[{"href":"https:\/\/roveyayinevi.com.tr\/index.php\/wp-json\/wp\/v2\/product\/770569","targetHints":{"allow":["GET"]}}],"collection":[{"href":"https:\/\/roveyayinevi.com.tr\/index.php\/wp-json\/wp\/v2\/product"}],"about":[{"href":"https:\/\/roveyayinevi.com.tr\/index.php\/wp-json\/wp\/v2\/types\/product"}],"wp:attachment":[{"href":"https:\/\/roveyayinevi.com.tr\/index.php\/wp-json\/wp\/v2\/media?parent=770569"}],"wp:term":[{"taxonomy":"product_brand","embeddable":true,"href":"https:\/\/roveyayinevi.com.tr\/index.php\/wp-json\/wp\/v2\/product_brand?post=770569"},{"taxonomy":"product_cat","embeddable":true,"href":"https:\/\/roveyayinevi.com.tr\/index.php\/wp-json\/wp\/v2\/product_cat?post=770569"},{"taxonomy":"product_tag","embeddable":true,"href":"https:\/\/roveyayinevi.com.tr\/index.php\/wp-json\/wp\/v2\/product_tag?post=770569"}],"curies":[{"name":"wp","href":"https:\/\/api.w.org\/{rel}","templated":true}]}}