{"id":770554,"date":"2025-08-28T14:34:15","date_gmt":"2025-08-28T11:34:15","guid":{"rendered":"https:\/\/roveyayinevi.com.tr\/index.php\/urun\/mob-psycho-100-2-cilt\/"},"modified":"2026-04-15T03:37:05","modified_gmt":"2026-04-15T00:37:05","slug":"mob-psycho-100-2-cilt","status":"publish","type":"product","link":"https:\/\/roveyayinevi.com.tr\/index.php\/urun\/mob-psycho-100-2-cilt\/","title":{"rendered":"Mob Psycho 100 \u2013 2. Cilt"},"content":{"rendered":"<p>Y\u0130N VE YANG, MOB VE TERU. \u0130K\u0130 S\u00dcPER G\u00dc\u00c7L\u00dc GEN\u00c7 KAR\u015eI KAR\u015eIYA. Ortam\u0131 anlamayan ve ezici do\u011fa\u00fcst\u00fc g\u00fc\u00e7lere sahip olan ortaokul \u00f6\u011frencisi \u015eigeo Kageyama (nam-\u0131 di\u011fer Mob) \u015f\u00fcpheli dini grup \u201cLOL\u201du yerle bir eder. Ba\u015fka bir okulun grup lideri Teruki Hanazava (nam-\u0131 di\u011fer Teru) ortaya \u00e7\u0131kar ve Mob\u2019un okulundaki serserileri psi\u015fik g\u00fc\u00e7lerini kullanarak alt eder. Apayr\u0131 hayatlar ya\u015fayan bu iki s\u00fcper g\u00fc\u00e7l\u00fc gen\u00e7 kar\u015f\u0131 kar\u015f\u0131ya kald\u0131klar\u0131nda neler olacak acaba?<\/p>\n","protected":false},"excerpt":{"rendered":"<p>Y\u0130N VE YANG, MOB VE TERU. \u0130K\u0130 S\u00dcPER G\u00dc\u00c7L\u00dc GEN\u00c7 KAR\u015eI KAR\u015eIYA. Ortam\u0131 anlamayan ve ezici do\u011fa\u00fcst\u00fc g\u00fc\u00e7lere sahip olan ortaokul \u00f6\u011frencisi \u015eigeo Kageyama (nam-\u0131 di\u011fer<span class=\"excerpt-hellip\"> [\u2026]<\/span><\/p>\n","protected":false},"featured_media":0,"template":"","meta":{"_monsterinsights_skip_tracking":false,"_monsterinsights_sitenote_active":false,"_monsterinsights_sitenote_note":"","_monsterinsights_sitenote_category":0},"product_brand":[],"product_cat":[12416,12291],"product_tag":[],"class_list":{"0":"post-770554","1":"product","2":"type-product","3":"status-publish","5":"product_cat-cizgi-roman","6":"product_cat-edebiyat","7":"pa_cilt-ciltsiz","8":"pa_tur-kitap","9":"pa_yayinevi-ithaki-yayinlari","10":"pa_yazar-kolektif","12":"first","13":"instock","14":"sale","15":"shipping-taxable","16":"purchasable","17":"product-type-simple"},"_links":{"self":[{"href":"https:\/\/roveyayinevi.com.tr\/index.php\/wp-json\/wp\/v2\/product\/770554","targetHints":{"allow":["GET"]}}],"collection":[{"href":"https:\/\/roveyayinevi.com.tr\/index.php\/wp-json\/wp\/v2\/product"}],"about":[{"href":"https:\/\/roveyayinevi.com.tr\/index.php\/wp-json\/wp\/v2\/types\/product"}],"wp:attachment":[{"href":"https:\/\/roveyayinevi.com.tr\/index.php\/wp-json\/wp\/v2\/media?parent=770554"}],"wp:term":[{"taxonomy":"product_brand","embeddable":true,"href":"https:\/\/roveyayinevi.com.tr\/index.php\/wp-json\/wp\/v2\/product_brand?post=770554"},{"taxonomy":"product_cat","embeddable":true,"href":"https:\/\/roveyayinevi.com.tr\/index.php\/wp-json\/wp\/v2\/product_cat?post=770554"},{"taxonomy":"product_tag","embeddable":true,"href":"https:\/\/roveyayinevi.com.tr\/index.php\/wp-json\/wp\/v2\/product_tag?post=770554"}],"curies":[{"name":"wp","href":"https:\/\/api.w.org\/{rel}","templated":true}]}}