{"id":770529,"date":"2025-08-28T14:33:22","date_gmt":"2025-08-28T11:33:22","guid":{"rendered":"https:\/\/roveyayinevi.com.tr\/index.php\/urun\/mezarci-kzagan\/"},"modified":"2026-04-15T03:37:04","modified_gmt":"2026-04-15T00:37:04","slug":"mezarci-kzagan","status":"publish","type":"product","link":"https:\/\/roveyayinevi.com.tr\/index.php\/urun\/mezarci-kzagan\/","title":{"rendered":"Mezarc\u0131 Kzagan"},"content":{"rendered":"<p>Ben Ahmet Emre Do\u011fan, merhum D. Mehmet Do\u011fan\u2019\u0131n ilk \u00e7ocu\u011fu olarak Ankara\u2019da d\u00fcnyaya geldim. \u0130lkokul\u2019da KANADI KIRIK KU\u015eLAR isimli bir \u015fiirimle (o d\u00f6nemde Bosna katliam\u0131 vard\u0131) ilk kez kalem tuttu ellerim. Yalova\u2019da tek bir \u015fiir ile \u015fairler \u015f\u00f6lenine kat\u0131ld\u0131\u011f\u0131mda i\u00e7imden \u2018ben de bir g\u00fcn yazar olaca\u011f\u0131m\u2019 demi\u015ftim. Ortaokul ve lise y\u0131llar\u0131mda birka\u00e7 yazarl\u0131k nam\u0131na deneme giri\u015fimim olsa da bu zamana de\u011fin muvaffak olamad\u0131m. Eseri merhum babam sa\u011f iken kaleme almaya ba\u015flam\u0131\u015ft\u0131m ancak \u00e7e\u015fitli sebeplerden \u00f6t\u00fcr\u00fc vefat\u0131ndan 11 ay sonra tamamlayabildim. Kitap, T\u00fcrkiye\u2019de seyrek diyebilece\u011fimiz seviyede olan sinematik bilim kurgu tarz\u0131nda haz\u0131rlanm\u0131\u015ft\u0131r. Eserin i\u00e7erisinde kurguya dayal\u0131 bilimsel, tarihi, geleneksel baz\u0131 olaylar ve bunlara ba\u011fl\u0131 durumlar ile diyaloglar bulunmaktad\u0131r. Genel olarak eser, Kzagan isimli kahraman\u0131n hayat\u0131n\u0131 ve ya\u015fad\u0131klar\u0131n\u0131n bir b\u00f6l\u00fcm\u00fcn\u00fc i\u00e7ermektedir. G\u00fcnl\u00fck ya\u015fam i\u00e7erisinde \u00e7e\u015fitli zorluklar ve s\u0131k\u0131nt\u0131lar nedeniyle toplumsal olarak etkilenen bir \u00fclkeyiz. Bu etkiler giderek bizleri toplum olarak i\u00e7e kapan\u0131k, agresif, tahamm\u00fcls\u00fcz ve birbirine g\u00fcvensiz bireyler olma yoluna itmektedir. \u0130\u015fte bu nedenle okuyucular\u0131 bu stres dolu d\u00fcnyadan uzakla\u015ft\u0131rarak kurgu d\u00fcnyam\u0131n i\u00e7erisinde olu\u015fan karakterleri ve bize benzer hallerini sizlerle bulu\u015fturmak istedim. Dilerim ki sizler de en az benim kadar keyif al\u0131r ve bu kurgu i\u00e7erisinde kendi benli\u011finize ait bir \u015feyler bulursunuz. <\/p>\n","protected":false},"excerpt":{"rendered":"<p>Ben Ahmet Emre Do\u011fan, merhum D. Mehmet Do\u011fan\u2019\u0131n ilk \u00e7ocu\u011fu olarak Ankara\u2019da d\u00fcnyaya geldim. \u0130lkokul\u2019da KANADI KIRIK KU\u015eLAR isimli bir \u015fiirimle (o d\u00f6nemde Bosna katliam\u0131 vard\u0131)<span class=\"excerpt-hellip\"> [\u2026]<\/span><\/p>\n","protected":false},"featured_media":0,"template":"","meta":{"_monsterinsights_skip_tracking":false,"_monsterinsights_sitenote_active":false,"_monsterinsights_sitenote_note":"","_monsterinsights_sitenote_category":0},"product_brand":[],"product_cat":[12291,12711],"product_tag":[],"class_list":{"0":"post-770529","1":"product","2":"type-product","3":"status-publish","5":"product_cat-edebiyat","6":"product_cat-roman-oyku","7":"pa_cilt-ciltsiz","8":"pa_tur-kitap","9":"pa_yayinevi-gulnar-yayinlari","10":"pa_yazar-ahmet-emre-dogan","12":"first","13":"instock","14":"sale","15":"shipping-taxable","16":"purchasable","17":"product-type-simple"},"_links":{"self":[{"href":"https:\/\/roveyayinevi.com.tr\/index.php\/wp-json\/wp\/v2\/product\/770529","targetHints":{"allow":["GET"]}}],"collection":[{"href":"https:\/\/roveyayinevi.com.tr\/index.php\/wp-json\/wp\/v2\/product"}],"about":[{"href":"https:\/\/roveyayinevi.com.tr\/index.php\/wp-json\/wp\/v2\/types\/product"}],"wp:attachment":[{"href":"https:\/\/roveyayinevi.com.tr\/index.php\/wp-json\/wp\/v2\/media?parent=770529"}],"wp:term":[{"taxonomy":"product_brand","embeddable":true,"href":"https:\/\/roveyayinevi.com.tr\/index.php\/wp-json\/wp\/v2\/product_brand?post=770529"},{"taxonomy":"product_cat","embeddable":true,"href":"https:\/\/roveyayinevi.com.tr\/index.php\/wp-json\/wp\/v2\/product_cat?post=770529"},{"taxonomy":"product_tag","embeddable":true,"href":"https:\/\/roveyayinevi.com.tr\/index.php\/wp-json\/wp\/v2\/product_tag?post=770529"}],"curies":[{"name":"wp","href":"https:\/\/api.w.org\/{rel}","templated":true}]}}