{"id":770527,"date":"2025-08-28T14:33:17","date_gmt":"2025-08-28T11:33:17","guid":{"rendered":"https:\/\/roveyayinevi.com.tr\/index.php\/urun\/gizemli-oyun-bilgisayari\/"},"modified":"2026-04-15T03:37:04","modified_gmt":"2026-04-15T00:37:04","slug":"gizemli-oyun-bilgisayari","status":"publish","type":"product","link":"https:\/\/roveyayinevi.com.tr\/index.php\/urun\/gizemli-oyun-bilgisayari\/","title":{"rendered":"Gizemli Oyun Bilgisayar\u0131"},"content":{"rendered":"<p>Zamanda yolculuk yapabilseydin neler yapmak isterdin? Tarih, teknolojiyle birle\u015firse ne olurdu sence? Peki ya ge\u00e7mi\u015fin en b\u00fcy\u00fck kahramanlar\u0131n\u0131 g\u00fcn\u00fcm\u00fcze getirip d\u00fcnyay\u0131 de\u011fi\u015ftirebilseydin? \u0130\u015fte bu kitapta tam olarak bunlar\u0131 yapacaks\u0131n! Gizemli Oyun Bilgisayar\u0131 \u2013 T\u00fcrkiye\u2019nin Y\u00fckseli\u015fi, seni macera dolu bir yolculu\u011fa \u00e7\u0131kar\u0131yor. S\u0131radan bir oyun bilgisayar\u0131 gibi g\u00f6r\u00fcnen cihaz asl\u0131nda zamanda yolculuk yapabilme g\u00fcc\u00fcne sahip! Ve bu g\u00fc\u00e7 art\u0131k senin ellerinde! Ortado\u011fu\u2019da uzun s\u00fcredir sa\u011flanamayan kal\u0131c\u0131 bar\u0131\u015f\u0131 sa\u011flamak i\u00e7in b\u00fcy\u00fck bir g\u00f6rev seni bekliyor. Ama bu zorlu g\u00f6revde yaln\u0131z de\u011filsin\u2026 Atat\u00fcrk, Gazi Osman Pa\u015fa, Barbaros Hayrettin Pa\u015fa, Selahaddin Eyyubi gibi tarihin en b\u00fcy\u00fck liderleri bu yolculukta seninle olacak. Onlar\u0131n stratejik dehas\u0131 ve senin cesur kararlar\u0131n birle\u015fti\u011finde neler olabilece\u011fini hayal edebiliyor musun? Ancak bu yolculuk hi\u00e7 de kolay olmayacak! Zamanda yolculuk yapman\u0131n riskleri var. Ge\u00e7mi\u015fe yapaca\u011f\u0131n yolculuklarda b\u00fcy\u00fck kahramanlar\u0131m\u0131z\u0131 gelece\u011fe gitmek i\u00e7in nas\u0131l ikna edeceksin? Sana inanmalar\u0131 i\u00e7in neler yapacaks\u0131n? Gelece\u011fe gelmeyi kabul eden bu b\u00fcy\u00fck liderler g\u00fcn\u00fcm\u00fcz d\u00fcnyas\u0131nda nas\u0131l kar\u015f\u0131lanacaklar? Onlar\u0131 hangi kritik hamlelere y\u00f6nlendireceksin? Ortado\u011fu\u2019da kal\u0131c\u0131 bar\u0131\u015f\u0131 sa\u011flamak i\u00e7in nas\u0131l bir strateji belirlemelisin? T\u00fcm bu kararlar\u0131 sen vereceksin! Bu kitapta sadece bir okuyucu de\u011fil, kitab\u0131n kahraman\u0131 da sen olacaks\u0131n. Ald\u0131\u011f\u0131n her karar olaylar\u0131n ak\u0131\u015f\u0131n\u0131 de\u011fi\u015ftirecek. Bilim ve teknolojiyi do\u011fru kullanma, tarih bilinci kazanma, vatan sevgisi, empati ve i\u015fbirli\u011fi gibi konularla bezenmi\u015f bu macera; seni hem d\u00fc\u015f\u00fcnd\u00fcrecek hem de sana heyecan dolu anlar ya\u015fatacak. Bu nefes kesici ser\u00fcvene kat\u0131lmaya haz\u0131r m\u0131s\u0131n? T\u00fcrkiye\u2019nin gelece\u011fini \u015fekillendirmek senin ellerinde! <\/p>\n","protected":false},"excerpt":{"rendered":"<p>Zamanda yolculuk yapabilseydin neler yapmak isterdin? Tarih, teknolojiyle birle\u015firse ne olurdu sence? Peki ya ge\u00e7mi\u015fin en b\u00fcy\u00fck kahramanlar\u0131n\u0131 g\u00fcn\u00fcm\u00fcze getirip d\u00fcnyay\u0131 de\u011fi\u015ftirebilseydin? \u0130\u015fte bu kitapta tam<span class=\"excerpt-hellip\"> [\u2026]<\/span><\/p>\n","protected":false},"featured_media":0,"template":"","meta":{"_monsterinsights_skip_tracking":false,"_monsterinsights_sitenote_active":false,"_monsterinsights_sitenote_note":"","_monsterinsights_sitenote_category":0},"product_brand":[],"product_cat":[12274],"product_tag":[],"class_list":{"0":"post-770527","1":"product","2":"type-product","3":"status-publish","5":"product_cat-cocuk-ve-genclik-kitaplari","6":"pa_cilt-ciltsiz","7":"pa_tur-kitap","8":"pa_yayinevi-gulnar-yayinlari","9":"pa_yazar-servet-bal","11":"first","12":"instock","13":"sale","14":"shipping-taxable","15":"purchasable","16":"product-type-simple"},"_links":{"self":[{"href":"https:\/\/roveyayinevi.com.tr\/index.php\/wp-json\/wp\/v2\/product\/770527","targetHints":{"allow":["GET"]}}],"collection":[{"href":"https:\/\/roveyayinevi.com.tr\/index.php\/wp-json\/wp\/v2\/product"}],"about":[{"href":"https:\/\/roveyayinevi.com.tr\/index.php\/wp-json\/wp\/v2\/types\/product"}],"wp:attachment":[{"href":"https:\/\/roveyayinevi.com.tr\/index.php\/wp-json\/wp\/v2\/media?parent=770527"}],"wp:term":[{"taxonomy":"product_brand","embeddable":true,"href":"https:\/\/roveyayinevi.com.tr\/index.php\/wp-json\/wp\/v2\/product_brand?post=770527"},{"taxonomy":"product_cat","embeddable":true,"href":"https:\/\/roveyayinevi.com.tr\/index.php\/wp-json\/wp\/v2\/product_cat?post=770527"},{"taxonomy":"product_tag","embeddable":true,"href":"https:\/\/roveyayinevi.com.tr\/index.php\/wp-json\/wp\/v2\/product_tag?post=770527"}],"curies":[{"name":"wp","href":"https:\/\/api.w.org\/{rel}","templated":true}]}}