{"id":770524,"date":"2025-08-28T14:33:10","date_gmt":"2025-08-28T11:33:10","guid":{"rendered":"https:\/\/roveyayinevi.com.tr\/index.php\/urun\/gezegenin-cilgin-filozoflari\/"},"modified":"2026-04-15T03:37:04","modified_gmt":"2026-04-15T00:37:04","slug":"gezegenin-cilgin-filozoflari","status":"publish","type":"product","link":"https:\/\/roveyayinevi.com.tr\/index.php\/urun\/gezegenin-cilgin-filozoflari\/","title":{"rendered":"Gezegenin \u00c7\u0131lg\u0131n Filozoflar\u0131"},"content":{"rendered":"<p>Bu kitapta, tarihin en b\u00fcy\u00fck d\u00fc\u015f\u00fcn\u00fcrlerinin ya\u015famlar\u0131na konuk olacaks\u0131n. Sokrates\u2019ten Pisagor\u2019a, Farabi\u2019den Descartes\u2019e, Biruni\u2019den Thales\u2019e, Aristo\u2019dan \u0130bni Sina\u2019ya \u00e7ok say\u0131da d\u00fc\u015f\u00fcn\u00fcrle yak\u0131ndan tan\u0131\u015facaks\u0131n. Filozoflar\u0131n maceralar\u0131yla dolu hik\u00e2yelerini ke\u015ffederken sen de b\u00fcy\u00fck sorular sormaya ba\u015flayacaks\u0131n. Belki gelece\u011fin filozofu olma yolunda ilk ad\u0131m\u0131 atm\u0131\u015f olacaks\u0131n. Merak etmenin ve d\u00fc\u015f\u00fcnmenin inan\u0131lmaz sana nas\u0131l kap\u0131lar a\u00e7t\u0131\u011f\u0131n\u0131n \u015fa\u015f\u0131rarak fark\u0131na varacaks\u0131n. Filozoflar, d\u00fcnyaya farkl\u0131 g\u00f6zlerle bakmay\u0131 severler. Kim bilir, bu kitab\u0131 okuduktan sonra kendi muhte\u015fem sorular\u0131n\u0131 sormaya ba\u015flayacaks\u0131n!<\/p>\n","protected":false},"excerpt":{"rendered":"<p>Bu kitapta, tarihin en b\u00fcy\u00fck d\u00fc\u015f\u00fcn\u00fcrlerinin ya\u015famlar\u0131na konuk olacaks\u0131n. Sokrates\u2019ten Pisagor\u2019a, Farabi\u2019den Descartes\u2019e, Biruni\u2019den Thales\u2019e, Aristo\u2019dan \u0130bni Sina\u2019ya \u00e7ok say\u0131da d\u00fc\u015f\u00fcn\u00fcrle yak\u0131ndan tan\u0131\u015facaks\u0131n. Filozoflar\u0131n maceralar\u0131yla dolu<span class=\"excerpt-hellip\"> [\u2026]<\/span><\/p>\n","protected":false},"featured_media":0,"template":"","meta":{"_monsterinsights_skip_tracking":false,"_monsterinsights_sitenote_active":false,"_monsterinsights_sitenote_note":"","_monsterinsights_sitenote_category":0},"product_brand":[],"product_cat":[13829,12274],"product_tag":[],"class_list":{"0":"post-770524","1":"product","2":"type-product","3":"status-publish","5":"product_cat-bilimsel-kitaplar","6":"product_cat-cocuk-ve-genclik-kitaplari","7":"pa_cilt-ciltsiz","8":"pa_tur-kitap","9":"pa_yayinevi-eglenceli-bilgi-yayinlari","10":"pa_yazar-aysenur-kurtulus-peltek","12":"first","13":"instock","14":"sale","15":"shipping-taxable","16":"purchasable","17":"product-type-simple"},"_links":{"self":[{"href":"https:\/\/roveyayinevi.com.tr\/index.php\/wp-json\/wp\/v2\/product\/770524","targetHints":{"allow":["GET"]}}],"collection":[{"href":"https:\/\/roveyayinevi.com.tr\/index.php\/wp-json\/wp\/v2\/product"}],"about":[{"href":"https:\/\/roveyayinevi.com.tr\/index.php\/wp-json\/wp\/v2\/types\/product"}],"wp:attachment":[{"href":"https:\/\/roveyayinevi.com.tr\/index.php\/wp-json\/wp\/v2\/media?parent=770524"}],"wp:term":[{"taxonomy":"product_brand","embeddable":true,"href":"https:\/\/roveyayinevi.com.tr\/index.php\/wp-json\/wp\/v2\/product_brand?post=770524"},{"taxonomy":"product_cat","embeddable":true,"href":"https:\/\/roveyayinevi.com.tr\/index.php\/wp-json\/wp\/v2\/product_cat?post=770524"},{"taxonomy":"product_tag","embeddable":true,"href":"https:\/\/roveyayinevi.com.tr\/index.php\/wp-json\/wp\/v2\/product_tag?post=770524"}],"curies":[{"name":"wp","href":"https:\/\/api.w.org\/{rel}","templated":true}]}}