{"id":770501,"date":"2025-08-28T14:32:21","date_gmt":"2025-08-28T11:32:21","guid":{"rendered":"https:\/\/roveyayinevi.com.tr\/index.php\/urun\/yildizli-saat-daglarin-otesinde\/"},"modified":"2026-04-15T03:37:04","modified_gmt":"2026-04-15T00:37:04","slug":"yildizli-saat-daglarin-otesinde","status":"publish","type":"product","link":"https:\/\/roveyayinevi.com.tr\/index.php\/urun\/yildizli-saat-daglarin-otesinde\/","title":{"rendered":"Y\u0131ld\u0131zl\u0131 Saat Da\u011flar\u0131n \u00d6tesinde"},"content":{"rendered":"<p>S\u0130H\u0130RL\u0130 D\u00dcNYANIN KAPILARI YEN\u0130DEN A\u00c7ILIYOR\u2026   2020 sonbahar\u0131n\u0131n en \u00e7ok satanlar listesinde yer alan Y\u0131ld\u0131zl\u0131 Saat G\u00f6lge G\u00fcvesi roman\u0131n\u0131n heyecan verici devam kitab\u0131!   Chris Riddell\u2019in muhte\u015fem ill\u00fcstrasyonlar\u0131yla s\u00fcslenmi\u015f, heyecan verici ve e\u011flenceli Y\u0131ld\u0131zl\u0131 Saat \u00fc\u00e7lemesi, gen\u00e7ler i\u00e7in zamans\u0131z bir fantastik hik\u00e2ye! <\/p>\n","protected":false},"excerpt":{"rendered":"<p>S\u0130H\u0130RL\u0130 D\u00dcNYANIN KAPILARI YEN\u0130DEN A\u00c7ILIYOR\u2026 2020 sonbahar\u0131n\u0131n en \u00e7ok satanlar listesinde yer alan Y\u0131ld\u0131zl\u0131 Saat G\u00f6lge G\u00fcvesi roman\u0131n\u0131n heyecan verici devam kitab\u0131! Chris Riddell\u2019in muhte\u015fem ill\u00fcstrasyonlar\u0131yla<span class=\"excerpt-hellip\"> [\u2026]<\/span><\/p>\n","protected":false},"featured_media":0,"template":"","meta":{"_monsterinsights_skip_tracking":false,"_monsterinsights_sitenote_active":false,"_monsterinsights_sitenote_note":"","_monsterinsights_sitenote_category":0},"product_brand":[],"product_cat":[12291,14777],"product_tag":[],"class_list":{"0":"post-770501","1":"product","2":"type-product","3":"status-publish","5":"product_cat-edebiyat","6":"product_cat-fantastik","7":"pa_cilt-ciltsiz","8":"pa_tur-kitap","9":"pa_yayinevi-dinozor-cocuk","10":"pa_yazar-francesca-gibbons","12":"first","13":"instock","14":"sale","15":"shipping-taxable","16":"purchasable","17":"product-type-simple"},"_links":{"self":[{"href":"https:\/\/roveyayinevi.com.tr\/index.php\/wp-json\/wp\/v2\/product\/770501","targetHints":{"allow":["GET"]}}],"collection":[{"href":"https:\/\/roveyayinevi.com.tr\/index.php\/wp-json\/wp\/v2\/product"}],"about":[{"href":"https:\/\/roveyayinevi.com.tr\/index.php\/wp-json\/wp\/v2\/types\/product"}],"wp:attachment":[{"href":"https:\/\/roveyayinevi.com.tr\/index.php\/wp-json\/wp\/v2\/media?parent=770501"}],"wp:term":[{"taxonomy":"product_brand","embeddable":true,"href":"https:\/\/roveyayinevi.com.tr\/index.php\/wp-json\/wp\/v2\/product_brand?post=770501"},{"taxonomy":"product_cat","embeddable":true,"href":"https:\/\/roveyayinevi.com.tr\/index.php\/wp-json\/wp\/v2\/product_cat?post=770501"},{"taxonomy":"product_tag","embeddable":true,"href":"https:\/\/roveyayinevi.com.tr\/index.php\/wp-json\/wp\/v2\/product_tag?post=770501"}],"curies":[{"name":"wp","href":"https:\/\/api.w.org\/{rel}","templated":true}]}}