{"id":770497,"date":"2025-08-28T14:32:12","date_gmt":"2025-08-28T11:32:12","guid":{"rendered":"https:\/\/roveyayinevi.com.tr\/index.php\/urun\/cizgiler-kisa-bir-tarih\/"},"modified":"2026-04-15T03:37:03","modified_gmt":"2026-04-15T00:37:03","slug":"cizgiler-kisa-bir-tarih","status":"publish","type":"product","link":"https:\/\/roveyayinevi.com.tr\/index.php\/urun\/cizgiler-kisa-bir-tarih\/","title":{"rendered":"\u00c7izgiler: K\u0131sa Bir Tarih"},"content":{"rendered":"<p>Y\u00fcr\u00fcmek, dokumak, izlemek, hik\u00e2ye anlatmak, \u015fark\u0131 s\u00f6ylemek, \u00e7izmek ve yazmak: T\u00fcm bunlar\u0131n ortak noktas\u0131 nedir? Bu etkinliklerin hepsi \u00e7izgiler boyunca ilerler. Tim Ingold, bu s\u0131ra d\u0131\u015f\u0131 kitapta, herkesin ve her \u015feyin i\u00e7 i\u00e7e ge\u00e7mi\u015f ya da birbiriyle ba\u011flant\u0131l\u0131 \u00e7izgilerden olu\u015ftu\u011fu bir d\u00fcnya tasavvur ederken, &#8216;\u00e7izginin antropolojik arkeolojisi&#8217; ad\u0131n\u0131 verdi\u011fi yepyeni bir disiplinin temellerini atmaktad\u0131r. \u00c7izginin tarihini, Antik \u00c7a\u011f&#8217;dan g\u00fcn\u00fcm\u00fcze kadar uzanan bir yol boyunca takip eden Ingold&#8217;un \u00f6rnekleri, Antik Yunan m\u00fczi\u011finden Japonya&#8217;ya, Sibirya labirentlerinden K\u0131z\u0131lderili dokumalar\u0131na, Avustralya Aborjinlerinin \u015fark\u0131lar\u0131ndan Roma yollar\u0131na, \u00c7in kaligrafisinden modern bas\u0131l\u0131 alfabeye kadar geni\u015f bir yelpazeye yay\u0131l\u0131r. Konu\u015fma ve \u015fark\u0131, yaz\u0131 ve m\u00fczik notas\u0131 aras\u0131ndaki ili\u015fkiden yola \u00e7\u0131kan Ingold, iki t\u00fcr \u00e7izginin -iplik ve iz- nas\u0131l birbirine d\u00f6n\u00fc\u015febildiklerini ve birbirlerine d\u00f6n\u00fc\u015f\u00fcrken y\u00fczeyleri nas\u0131l \u015fekillendirdiklerini irdeler. Bir hareketin ard\u0131nda b\u0131rakt\u0131\u011f\u0131 iz olarak d\u00fc\u015f\u00fcn\u00fclen \u00e7izgilerin, moderniteyle birlikte nas\u0131l noktalar aras\u0131 birer ba\u011flay\u0131c\u0131ya d\u00f6n\u00fc\u015ft\u00fcklerini ve bu d\u00f6n\u00fc\u015f\u00fcm\u00fcn yolculuk, haritac\u0131l\u0131k, anlat\u0131 ve mek\u00e2n anlay\u0131\u015f\u0131m\u0131z\u0131 nas\u0131l etkiledi\u011fini ortaya koyar. \u00c7izim ile yaz\u0131 aras\u0131ndaki ili\u015fkiyi \u00e7izginin soybilimi ekseninde tart\u0131\u015f\u0131r ve iki alan\u0131n tarihsel olarak birbirinden nas\u0131l ayr\u0131ld\u0131klar\u0131n\u0131 g\u00f6sterir. \u00c7izgiler: K\u0131sa Bir Tarih modern d\u00fcnyada \u00e7izginin nas\u0131l d\u00fczle\u015fti\u011fini ve postmodernizmin y\u0131k\u0131c\u0131 etkisiyle nas\u0131l par\u00e7alara b\u00f6l\u00fcnd\u00fc\u011f\u00fcn\u00fc sorgulayan sars\u0131c\u0131 bir \u00e7al\u0131\u015fma. <\/p>\n","protected":false},"excerpt":{"rendered":"<p>Y\u00fcr\u00fcmek, dokumak, izlemek, hik\u00e2ye anlatmak, \u015fark\u0131 s\u00f6ylemek, \u00e7izmek ve yazmak: T\u00fcm bunlar\u0131n ortak noktas\u0131 nedir? Bu etkinliklerin hepsi \u00e7izgiler boyunca ilerler. Tim Ingold, bu s\u0131ra d\u0131\u015f\u0131<span class=\"excerpt-hellip\"> [\u2026]<\/span><\/p>\n","protected":false},"featured_media":0,"template":"","meta":{"_monsterinsights_skip_tracking":false,"_monsterinsights_sitenote_active":false,"_monsterinsights_sitenote_note":"","_monsterinsights_sitenote_category":0},"product_brand":[],"product_cat":[52477,52478],"product_tag":[],"class_list":{"0":"post-770497","1":"product","2":"type-product","3":"status-publish","5":"product_cat-arastirma","6":"product_cat-arkeoloji","7":"pa_cilt-ciltsiz","8":"pa_tur-kitap","9":"pa_yayinevi-livera-yayinevi","10":"pa_yazar-tim-ingold","12":"first","13":"instock","14":"sale","15":"shipping-taxable","16":"purchasable","17":"product-type-simple"},"_links":{"self":[{"href":"https:\/\/roveyayinevi.com.tr\/index.php\/wp-json\/wp\/v2\/product\/770497","targetHints":{"allow":["GET"]}}],"collection":[{"href":"https:\/\/roveyayinevi.com.tr\/index.php\/wp-json\/wp\/v2\/product"}],"about":[{"href":"https:\/\/roveyayinevi.com.tr\/index.php\/wp-json\/wp\/v2\/types\/product"}],"wp:attachment":[{"href":"https:\/\/roveyayinevi.com.tr\/index.php\/wp-json\/wp\/v2\/media?parent=770497"}],"wp:term":[{"taxonomy":"product_brand","embeddable":true,"href":"https:\/\/roveyayinevi.com.tr\/index.php\/wp-json\/wp\/v2\/product_brand?post=770497"},{"taxonomy":"product_cat","embeddable":true,"href":"https:\/\/roveyayinevi.com.tr\/index.php\/wp-json\/wp\/v2\/product_cat?post=770497"},{"taxonomy":"product_tag","embeddable":true,"href":"https:\/\/roveyayinevi.com.tr\/index.php\/wp-json\/wp\/v2\/product_tag?post=770497"}],"curies":[{"name":"wp","href":"https:\/\/api.w.org\/{rel}","templated":true}]}}