{"id":770493,"date":"2025-08-28T14:32:02","date_gmt":"2025-08-28T11:32:02","guid":{"rendered":"https:\/\/roveyayinevi.com.tr\/index.php\/urun\/sonsuz-mekan-formsuz-mimarlik\/"},"modified":"2026-04-15T03:37:03","modified_gmt":"2026-04-15T00:37:03","slug":"sonsuz-mekan-formsuz-mimarlik","status":"publish","type":"product","link":"https:\/\/roveyayinevi.com.tr\/index.php\/urun\/sonsuz-mekan-formsuz-mimarlik\/","title":{"rendered":"Sonsuz Mekan &#8211; Formsuz Mimarl\u0131k"},"content":{"rendered":"<p>Bu \u00e7al\u0131\u015fma iki s\u00fcrrealistin, George Bataille ile Frederick Kiesler&#8217;in \u201cformsuz mimarl\u0131k\u201d ve \u201csonsuz mek\u00e2n\u201d kavramlar\u0131n\u0131 ele alarak, s\u00fcrrealizmin ele\u015ftirel mimarl\u0131k perspektifini ayd\u0131nlat\u0131yor. S\u00fcrrealistler, egemen olan mimarl\u0131k disiplininin rasyonalizmine ve hayat \u00fczerindeki h\u00fck\u00fcmranl\u0131\u011f\u0131na cephe al\u0131rlar. Frederick Kiesler\u2019in \u201csonsuz mek\u00e2nlar\u0131\u201d yerle\u015fik mimarl\u0131k kavray\u0131\u015f\u0131n\u0131n sorgulanmas\u0131nda etkili olur. Bataille\u2019\u0131n \u201cformsuzlu\u011fu\u201d, Kiesler\u2019in \u201csonsuzlu\u011funu\u201d tamamlar. Bu iki isim, \u00f6zellikle \u0130kinci D\u00fcnya Sava\u015f\u0131\u2019n\u0131n ard\u0131ndan canlanan avangard\u0131n, mimarl\u0131\u011f\u0131 ve \u015fehircili\u011fi s\u00f6kme \u00e7abalar\u0131nda etkili olurlar.<\/p>\n","protected":false},"excerpt":{"rendered":"<p>Bu \u00e7al\u0131\u015fma iki s\u00fcrrealistin, George Bataille ile Frederick Kiesler&#8217;in \u201cformsuz mimarl\u0131k\u201d ve \u201csonsuz mek\u00e2n\u201d kavramlar\u0131n\u0131 ele alarak, s\u00fcrrealizmin ele\u015ftirel mimarl\u0131k perspektifini ayd\u0131nlat\u0131yor. S\u00fcrrealistler, egemen olan mimarl\u0131k<span class=\"excerpt-hellip\"> [\u2026]<\/span><\/p>\n","protected":false},"featured_media":0,"template":"","meta":{"_monsterinsights_skip_tracking":false,"_monsterinsights_sitenote_active":false,"_monsterinsights_sitenote_note":"","_monsterinsights_sitenote_category":0},"product_brand":[],"product_cat":[13512,12408],"product_tag":[],"class_list":{"0":"post-770493","1":"product","2":"type-product","3":"status-publish","5":"product_cat-mimarlik","6":"product_cat-sanat","7":"pa_cilt-ciltsiz","8":"pa_tur-kitap","9":"pa_yayinevi-iletisim-yayinlari","10":"pa_yazar-yagmur-cetgin","12":"first","13":"instock","14":"sale","15":"shipping-taxable","16":"purchasable","17":"product-type-simple"},"_links":{"self":[{"href":"https:\/\/roveyayinevi.com.tr\/index.php\/wp-json\/wp\/v2\/product\/770493","targetHints":{"allow":["GET"]}}],"collection":[{"href":"https:\/\/roveyayinevi.com.tr\/index.php\/wp-json\/wp\/v2\/product"}],"about":[{"href":"https:\/\/roveyayinevi.com.tr\/index.php\/wp-json\/wp\/v2\/types\/product"}],"wp:attachment":[{"href":"https:\/\/roveyayinevi.com.tr\/index.php\/wp-json\/wp\/v2\/media?parent=770493"}],"wp:term":[{"taxonomy":"product_brand","embeddable":true,"href":"https:\/\/roveyayinevi.com.tr\/index.php\/wp-json\/wp\/v2\/product_brand?post=770493"},{"taxonomy":"product_cat","embeddable":true,"href":"https:\/\/roveyayinevi.com.tr\/index.php\/wp-json\/wp\/v2\/product_cat?post=770493"},{"taxonomy":"product_tag","embeddable":true,"href":"https:\/\/roveyayinevi.com.tr\/index.php\/wp-json\/wp\/v2\/product_tag?post=770493"}],"curies":[{"name":"wp","href":"https:\/\/api.w.org\/{rel}","templated":true}]}}