{"id":770492,"date":"2025-08-28T14:32:01","date_gmt":"2025-08-28T11:32:01","guid":{"rendered":"https:\/\/roveyayinevi.com.tr\/index.php\/urun\/turkiyede-islamcilar-ve-hilafet\/"},"modified":"2026-04-15T03:37:03","modified_gmt":"2026-04-15T00:37:03","slug":"turkiyede-islamcilar-ve-hilafet","status":"publish","type":"product","link":"https:\/\/roveyayinevi.com.tr\/index.php\/urun\/turkiyede-islamcilar-ve-hilafet\/","title":{"rendered":"T\u00fcrkiye&#8217;de \u0130slamc\u0131lar ve Hilafet"},"content":{"rendered":"<p>\u201cHilafetin kald\u0131r\u0131lmas\u0131n\u0131n ve M\u00fcsl\u00fcmanlar\u0131n birlik halinde olmamas\u0131n\u0131n \u0130sl\u00e2mc\u0131 dergilerde zaman zaman \u2018imamesi kopmu\u015f tesbih tanesi gibi da\u011f\u0131n\u0131k\u2019 ifadesiyle tarif edildi\u011fine rastlar\u0131z. S\u0131k ba\u015fvurulmasa da, zaman\u0131 a\u015f\u0131p gelen g\u00fc\u00e7l\u00fc bir ifade oldu\u011funu d\u00fc\u015f\u00fcn\u00fcyorum; 1970\u2019lerde de g\u00fcn\u00fcm\u00fczde de -mesela TRT\u2019deki Payitaht Abd\u00fclhamid dizisinde- kar\u015f\u0131m\u0131za \u00e7\u0131k\u0131yor. S\u00fcnni-M\u00fcsl\u00fcmanlar\u0131n ya\u015fad\u0131klar\u0131 \u015fiddet olaylar\u0131na kar\u015f\u0131 verdikleri tepkilerde bu da\u011f\u0131n\u0131k olu\u015fun g\u00fc\u00e7s\u00fczl\u00fck olarak yorumlanmas\u0131 ve hilafetin onlar\u0131 koruyacak bir g\u00fc\u00e7 gibi sunulmas\u0131 yayg\u0131n bir anlat\u0131d\u0131r.\u201d Fikriye Y\u00fccesoy, T\u00fcrkiye\u2019de \u0130sl\u00e2mc\u0131l\u0131\u011f\u0131n sihirli bir konusunu ele al\u0131yor; \u0130sl\u00e2mc\u0131lar\u0131n bu kavrama y\u00fckledikleri anlamlar\u0131, onu ara\u00e7salla\u015ft\u0131rma bi\u00e7imlerini, hilafet sembolizminin tezah\u00fcrlerini inceliyor. T\u00fcrkiye\u2019de \u0130sl\u00e2mc\u0131lar ve Hilafet, radikal \u0130sl\u00e2mc\u0131l\u0131k ile ana ak\u0131m \u0130sl\u00e2mc\u0131l\u0131\u011f\u0131 (ku\u015fkusuz etkile\u015fimsiz olmayan) iki spektrum olarak ele al\u0131yor ve her iki spektrumun dergilerinde gezintiye \u00e7\u0131k\u0131yor. Hilafet s\u00f6yleminin, kolektif haf\u0131za kurma i\u015flevine e\u011filiyor. Hilafet s\u00f6yleminin AKP d\u00f6neminde ve Yeni Osmanl\u0131c\u0131l\u0131k ba\u011flam\u0131nda akt\u0131\u011f\u0131 mecra, yine bu d\u00f6nemde K\u00fcrt sorununa yakla\u015f\u0131mda hilafet kavram\u0131n\u0131n kullan\u0131mlar\u0131 da, \u00e7al\u0131\u015fman\u0131n odaklar\u0131 i\u00e7inde bulunuyor.<\/p>\n","protected":false},"excerpt":{"rendered":"<p>\u201cHilafetin kald\u0131r\u0131lmas\u0131n\u0131n ve M\u00fcsl\u00fcmanlar\u0131n birlik halinde olmamas\u0131n\u0131n \u0130sl\u00e2mc\u0131 dergilerde zaman zaman \u2018imamesi kopmu\u015f tesbih tanesi gibi da\u011f\u0131n\u0131k\u2019 ifadesiyle tarif edildi\u011fine rastlar\u0131z. S\u0131k ba\u015fvurulmasa da, zaman\u0131 a\u015f\u0131p<span class=\"excerpt-hellip\"> [\u2026]<\/span><\/p>\n","protected":false},"featured_media":0,"template":"","meta":{"_monsterinsights_skip_tracking":false,"_monsterinsights_sitenote_active":false,"_monsterinsights_sitenote_note":"","_monsterinsights_sitenote_category":0},"product_brand":[],"product_cat":[13036,12718,12719],"product_tag":[],"class_list":{"0":"post-770492","1":"product","2":"type-product","3":"status-publish","5":"product_cat-arastirma-inceleme-islam","6":"product_cat-din","7":"product_cat-islam","8":"pa_cilt-ciltsiz","9":"pa_tur-kitap","10":"pa_yayinevi-iletisim-yayinlari","11":"pa_yazar-fikriye-yucesoy","13":"first","14":"instock","15":"sale","16":"shipping-taxable","17":"purchasable","18":"product-type-simple"},"_links":{"self":[{"href":"https:\/\/roveyayinevi.com.tr\/index.php\/wp-json\/wp\/v2\/product\/770492","targetHints":{"allow":["GET"]}}],"collection":[{"href":"https:\/\/roveyayinevi.com.tr\/index.php\/wp-json\/wp\/v2\/product"}],"about":[{"href":"https:\/\/roveyayinevi.com.tr\/index.php\/wp-json\/wp\/v2\/types\/product"}],"wp:attachment":[{"href":"https:\/\/roveyayinevi.com.tr\/index.php\/wp-json\/wp\/v2\/media?parent=770492"}],"wp:term":[{"taxonomy":"product_brand","embeddable":true,"href":"https:\/\/roveyayinevi.com.tr\/index.php\/wp-json\/wp\/v2\/product_brand?post=770492"},{"taxonomy":"product_cat","embeddable":true,"href":"https:\/\/roveyayinevi.com.tr\/index.php\/wp-json\/wp\/v2\/product_cat?post=770492"},{"taxonomy":"product_tag","embeddable":true,"href":"https:\/\/roveyayinevi.com.tr\/index.php\/wp-json\/wp\/v2\/product_tag?post=770492"}],"curies":[{"name":"wp","href":"https:\/\/api.w.org\/{rel}","templated":true}]}}