{"id":770479,"date":"2025-08-28T14:31:32","date_gmt":"2025-08-28T11:31:32","guid":{"rendered":"https:\/\/roveyayinevi.com.tr\/index.php\/urun\/doktor-ayicik\/"},"modified":"2026-04-15T03:37:03","modified_gmt":"2026-04-15T00:37:03","slug":"doktor-ayicik","status":"publish","type":"product","link":"https:\/\/roveyayinevi.com.tr\/index.php\/urun\/doktor-ayicik\/","title":{"rendered":"Doktor Ay\u0131c\u0131k"},"content":{"rendered":"<p>Bahar gelip \u00e7att\u0131\u011f\u0131nda, Doktor Ay\u0131c\u0131k ma\u011faras\u0131ndan d\u0131\u015far\u0131 ad\u0131m\u0131n\u0131 atar. S\u0131cak gu\u0308ne\u015fin \u0131\u015f\u0131klar\u0131yla birlikte, onu bir grup yaral\u0131 hayvan kar\u015f\u0131lar. Peki, bu yaralar nereden gelmi\u015fti? Hayvanlar m\u0131 kendilerini yaralam\u0131\u015ft\u0131? Yoksa bu yaralar, insanlar\u0131n do\u011fada yaratt\u0131\u011f\u0131 de\u011fi\u015fiklikler yu\u0308zu\u0308nden mi olmu\u015ftu?   <\/p>\n","protected":false},"excerpt":{"rendered":"<p>Bahar gelip \u00e7att\u0131\u011f\u0131nda, Doktor Ay\u0131c\u0131k ma\u011faras\u0131ndan d\u0131\u015far\u0131 ad\u0131m\u0131n\u0131 atar. S\u0131cak gu\u0308ne\u015fin \u0131\u015f\u0131klar\u0131yla birlikte, onu bir grup yaral\u0131 hayvan kar\u015f\u0131lar. Peki, bu yaralar nereden gelmi\u015fti? Hayvanlar m\u0131<span class=\"excerpt-hellip\"> [\u2026]<\/span><\/p>\n","protected":false},"featured_media":0,"template":"","meta":{"_monsterinsights_skip_tracking":false,"_monsterinsights_sitenote_active":false,"_monsterinsights_sitenote_note":"","_monsterinsights_sitenote_category":0},"product_brand":[],"product_cat":[12274,12284],"product_tag":[],"class_list":{"0":"post-770479","1":"product","2":"type-product","3":"status-publish","5":"product_cat-cocuk-ve-genclik-kitaplari","6":"product_cat-hikayeler","7":"pa_cilt-ciltsiz","8":"pa_tur-kitap","9":"pa_yayinevi-eksik-parca-yayinlari","10":"pa_yazar-helena-kraljic","12":"first","13":"instock","14":"sale","15":"shipping-taxable","16":"purchasable","17":"product-type-simple"},"_links":{"self":[{"href":"https:\/\/roveyayinevi.com.tr\/index.php\/wp-json\/wp\/v2\/product\/770479","targetHints":{"allow":["GET"]}}],"collection":[{"href":"https:\/\/roveyayinevi.com.tr\/index.php\/wp-json\/wp\/v2\/product"}],"about":[{"href":"https:\/\/roveyayinevi.com.tr\/index.php\/wp-json\/wp\/v2\/types\/product"}],"wp:attachment":[{"href":"https:\/\/roveyayinevi.com.tr\/index.php\/wp-json\/wp\/v2\/media?parent=770479"}],"wp:term":[{"taxonomy":"product_brand","embeddable":true,"href":"https:\/\/roveyayinevi.com.tr\/index.php\/wp-json\/wp\/v2\/product_brand?post=770479"},{"taxonomy":"product_cat","embeddable":true,"href":"https:\/\/roveyayinevi.com.tr\/index.php\/wp-json\/wp\/v2\/product_cat?post=770479"},{"taxonomy":"product_tag","embeddable":true,"href":"https:\/\/roveyayinevi.com.tr\/index.php\/wp-json\/wp\/v2\/product_tag?post=770479"}],"curies":[{"name":"wp","href":"https:\/\/api.w.org\/{rel}","templated":true}]}}