{"id":770455,"date":"2025-08-28T14:30:43","date_gmt":"2025-08-28T11:30:43","guid":{"rendered":"https:\/\/roveyayinevi.com.tr\/index.php\/urun\/suphecilerin-evren-rehberi\/"},"modified":"2026-04-15T03:37:02","modified_gmt":"2026-04-15T00:37:02","slug":"suphecilerin-evren-rehberi","status":"publish","type":"product","link":"https:\/\/roveyayinevi.com.tr\/index.php\/urun\/suphecilerin-evren-rehberi\/","title":{"rendered":"\u015e\u00fcphecilerin Evren Rehberi"},"content":{"rendered":"<p>Yanl\u0131\u015f bilgi, \u00f6nyarg\u0131 ve mitlerle dolu bir d\u00fcnyada ya\u015famaktay\u0131z. Her zaman g\u00fcvenebilece\u011fimiz bir bilgi kayna\u011f\u0131 yoktur; arama motorlar\u0131ndan ula\u015ft\u0131\u011f\u0131m\u0131z bilgiler bile y\u00fczde y\u00fcz g\u00fcvenilir de\u011fildir. Dolay\u0131s\u0131yla tek yapmam\u0131z gereken, her \u015feyi ele\u015ftirel bir \u015fekilde sorgulamak i\u00e7in kendi akl\u0131m\u0131z\u0131 kullanmakt\u0131r. Pop\u00fcler podcast The Skeptics\u2019 Guide to the Universe\u2019\u00fcn kitap h\u00e2li \u015e\u00fcphecilerin Evren Rehberi bat\u0131l inan\u00e7larla ve cehaletle mant\u0131ksal d\u00fc\u015f\u00fcnme, \u015f\u00fcpheci sorgulaman\u0131n yan\u0131 s\u0131ra dozunda bir mizahla sava\u015f\u0131yor. Bu kitapta Dr. Steven Novella (Bob Novella, Cara Santa Maria, Jay Novella ve Evan Bernstein ile birlikte) \u015f\u00fcpheci d\u00fc\u015f\u00fcncenin ilkelerini a\u00e7\u0131kl\u0131yor ve komplo teorilerini, s\u00f6zde bilimin mant\u0131ks\u0131zl\u0131\u011f\u0131n\u0131 g\u00f6zler \u00f6n\u00fcne seriyor. Yazar, a\u015f\u0131 kar\u015f\u0131tl\u0131\u011f\u0131ndan homeopatiye kadar en b\u00fcy\u00fck bilimsel mitlere, bas\u0131nda kendine yer bulmu\u015f ve \u00e7ok\u00e7a tart\u0131\u015f\u0131lan komplo teorilerine, N \u0131\u015f\u0131nlar\u0131na y\u00f6nelik g\u00f6r\u00fc\u015flerden UFO g\u00f6r\u00fclmelerine dair geni\u015f bir yelpazedeki konulara \u015f\u00fcpheci bir yakla\u015f\u0131m sunuyor. Bilim ve s\u00f6zde bilim aras\u0131ndaki fark\u0131, temel ele\u015ftirel d\u00fc\u015f\u00fcnme becerilerini, \u00f6zensiz ak\u0131l y\u00fcr\u00fctme, k\u00f6t\u00fc arg\u00fcmanlar ve bat\u0131l inan\u00e7larla nas\u0131l m\u00fccadele edece\u011finizin yollar\u0131n\u0131 bu kitapta bulacaks\u0131n\u0131z. Sadece \u00f6\u011frenmek de\u011fil, anlamak isteyen herkes i\u00e7in m\u00fckemmel bir rehber! <\/p>\n","protected":false},"excerpt":{"rendered":"<p>Yanl\u0131\u015f bilgi, \u00f6nyarg\u0131 ve mitlerle dolu bir d\u00fcnyada ya\u015famaktay\u0131z. Her zaman g\u00fcvenebilece\u011fimiz bir bilgi kayna\u011f\u0131 yoktur; arama motorlar\u0131ndan ula\u015ft\u0131\u011f\u0131m\u0131z bilgiler bile y\u00fczde y\u00fcz g\u00fcvenilir de\u011fildir. Dolay\u0131s\u0131yla<span class=\"excerpt-hellip\"> [\u2026]<\/span><\/p>\n","protected":false},"featured_media":0,"template":"","meta":{"_monsterinsights_skip_tracking":false,"_monsterinsights_sitenote_active":false,"_monsterinsights_sitenote_note":"","_monsterinsights_sitenote_category":0},"product_brand":[],"product_cat":[13005],"product_tag":[],"class_list":{"0":"post-770455","1":"product","2":"type-product","3":"status-publish","5":"product_cat-bilim-muhendislik","6":"pa_cilt-ciltsiz","7":"pa_tur-kitap","8":"pa_yayinevi-turkuvaz-kitap","9":"pa_yazar-kolektif","11":"first","12":"instock","13":"sale","14":"shipping-taxable","15":"purchasable","16":"product-type-simple"},"_links":{"self":[{"href":"https:\/\/roveyayinevi.com.tr\/index.php\/wp-json\/wp\/v2\/product\/770455","targetHints":{"allow":["GET"]}}],"collection":[{"href":"https:\/\/roveyayinevi.com.tr\/index.php\/wp-json\/wp\/v2\/product"}],"about":[{"href":"https:\/\/roveyayinevi.com.tr\/index.php\/wp-json\/wp\/v2\/types\/product"}],"wp:attachment":[{"href":"https:\/\/roveyayinevi.com.tr\/index.php\/wp-json\/wp\/v2\/media?parent=770455"}],"wp:term":[{"taxonomy":"product_brand","embeddable":true,"href":"https:\/\/roveyayinevi.com.tr\/index.php\/wp-json\/wp\/v2\/product_brand?post=770455"},{"taxonomy":"product_cat","embeddable":true,"href":"https:\/\/roveyayinevi.com.tr\/index.php\/wp-json\/wp\/v2\/product_cat?post=770455"},{"taxonomy":"product_tag","embeddable":true,"href":"https:\/\/roveyayinevi.com.tr\/index.php\/wp-json\/wp\/v2\/product_tag?post=770455"}],"curies":[{"name":"wp","href":"https:\/\/api.w.org\/{rel}","templated":true}]}}