{"id":770444,"date":"2025-08-28T14:30:20","date_gmt":"2025-08-28T11:30:20","guid":{"rendered":"https:\/\/roveyayinevi.com.tr\/index.php\/urun\/bir-yonetim-modeli-mimar-sinan\/"},"modified":"2026-04-15T03:37:02","modified_gmt":"2026-04-15T00:37:02","slug":"bir-yonetim-modeli-mimar-sinan","status":"publish","type":"product","link":"https:\/\/roveyayinevi.com.tr\/index.php\/urun\/bir-yonetim-modeli-mimar-sinan\/","title":{"rendered":"Bir Y\u00f6netim Modeli &#8211;  Mimar Sinan"},"content":{"rendered":"<p>Bu eser medeniyetimizin \u00f6nc\u00fc ve lider \u015fahsiyetlerinden biri olan Mimar Sinan\u2019\u0131n y\u00f6netim ve psikoloji oda\u011f\u0131ndan \u00e7\u00f6z\u00fcmlenmesidir. Tarih, edebiyat, sanat, mimari, \u015fehircilik disiplinlerini harmanlayan bu kitap, Sinan\u2019\u0131 ve onu olu\u015fturan kurumlar\u0131 g\u00fcn\u00fcm\u00fcz\u00fcn y\u00f6netim ve psikoloji kavramlar\u0131yla de\u011ferlendiren \u00f6zg\u00fcn bir \u00e7al\u0131\u015fmad\u0131r.   \u00c7al\u0131\u015fma yeni bir bak\u0131\u015f a\u00e7\u0131s\u0131yla medeniyet zenginli\u011fimizi y\u00f6netim d\u00fcnyam\u0131za aktarmaktad\u0131r. Yap\u0131lan \u00e7\u00f6z\u00fcmlemeler, g\u00fcn\u00fcm\u00fcz y\u00f6netiminde bize yol g\u00f6sterecek uygulanabilir bilgi ve ilkeleri ortaya koymaktad\u0131r.   Sinan\u2019\u0131n anla\u015f\u0131labilmesi \u201cSinan\u2019\u0131 in\u015fa eden medeniyet sistemi\u201dnin anla\u015f\u0131labilmesiyle m\u00fcmk\u00fcnd\u00fcr. Bu ger\u00e7eklikten yola \u00e7\u0131kan Ger\u00e7ik, \u00e7al\u0131\u015fman\u0131n ilk b\u00f6l\u00fcm\u00fcnde Sinan\u2019\u0131n dehas\u0131n\u0131 i\u015fleyen ve \u00f6n\u00fcn\u00fc a\u00e7an Osmanl\u0131 y\u00f6netici yeti\u015ftirme program\u0131ndaki kurumlar\u0131 tan\u0131tm\u0131\u015ft\u0131r. Ard\u0131ndan Sinan\u2019\u0131n ki\u015fili\u011finden ve onu d\u00fcnyaya arma\u011fan eden Osmanl\u0131 kurumlar\u0131ndan, g\u00fcn\u00fcm\u00fcz y\u00f6netim uygulamalar\u0131na katk\u0131 sa\u011flayacak bilgiler; liderlik, insan k\u0131ymetleri y\u00f6netimi, y\u00f6netici yeti\u015ftirme program\u0131, motivasyon, kurum i\u00e7i e\u011fitim gibi alanlarda yap\u0131lan \u00f6zg\u00fcn ve yeni \u00e7\u00f6z\u00fcmlemeler ile aktar\u0131lm\u0131\u015ft\u0131r. \u0130kinci b\u00f6l\u00fcmde ise Sinan\u2019\u0131n S\u00fcleymaniye K\u00fclliyesi\u2019nin yap\u0131m s\u00fcrecinde g\u00f6sterdi\u011fi liderlik, ekip y\u00f6netimi, uygulad\u0131\u011f\u0131 ilke ve y\u00f6ntemler g\u00fcn\u00fcm\u00fcz proje y\u00f6netimi merkezinde ele al\u0131nm\u0131\u015ft\u0131r. <\/p>\n","protected":false},"excerpt":{"rendered":"<p>Bu eser medeniyetimizin \u00f6nc\u00fc ve lider \u015fahsiyetlerinden biri olan Mimar Sinan\u2019\u0131n y\u00f6netim ve psikoloji oda\u011f\u0131ndan \u00e7\u00f6z\u00fcmlenmesidir. Tarih, edebiyat, sanat, mimari, \u015fehircilik disiplinlerini harmanlayan bu kitap, Sinan\u2019\u0131<span class=\"excerpt-hellip\"> [\u2026]<\/span><\/p>\n","protected":false},"featured_media":0,"template":"","meta":{"_monsterinsights_skip_tracking":false,"_monsterinsights_sitenote_active":false,"_monsterinsights_sitenote_note":"","_monsterinsights_sitenote_category":0},"product_brand":[],"product_cat":[13072,12291],"product_tag":[],"class_list":{"0":"post-770444","1":"product","2":"type-product","3":"status-publish","5":"product_cat-arastirma-inceleme-referans","6":"product_cat-edebiyat","7":"pa_cilt-ciltsiz","8":"pa_tur-kitap","9":"pa_yayinevi-kapi-yayinlari","10":"pa_yazar-ibrahim-zeyd-gercik","12":"first","13":"instock","14":"sale","15":"shipping-taxable","16":"purchasable","17":"product-type-simple"},"_links":{"self":[{"href":"https:\/\/roveyayinevi.com.tr\/index.php\/wp-json\/wp\/v2\/product\/770444","targetHints":{"allow":["GET"]}}],"collection":[{"href":"https:\/\/roveyayinevi.com.tr\/index.php\/wp-json\/wp\/v2\/product"}],"about":[{"href":"https:\/\/roveyayinevi.com.tr\/index.php\/wp-json\/wp\/v2\/types\/product"}],"wp:attachment":[{"href":"https:\/\/roveyayinevi.com.tr\/index.php\/wp-json\/wp\/v2\/media?parent=770444"}],"wp:term":[{"taxonomy":"product_brand","embeddable":true,"href":"https:\/\/roveyayinevi.com.tr\/index.php\/wp-json\/wp\/v2\/product_brand?post=770444"},{"taxonomy":"product_cat","embeddable":true,"href":"https:\/\/roveyayinevi.com.tr\/index.php\/wp-json\/wp\/v2\/product_cat?post=770444"},{"taxonomy":"product_tag","embeddable":true,"href":"https:\/\/roveyayinevi.com.tr\/index.php\/wp-json\/wp\/v2\/product_tag?post=770444"}],"curies":[{"name":"wp","href":"https:\/\/api.w.org\/{rel}","templated":true}]}}