{"id":770441,"date":"2025-08-28T14:30:14","date_gmt":"2025-08-28T11:30:14","guid":{"rendered":"https:\/\/roveyayinevi.com.tr\/index.php\/urun\/zeka-nedir\/"},"modified":"2026-04-15T03:37:02","modified_gmt":"2026-04-15T00:37:02","slug":"zeka-nedir","status":"publish","type":"product","link":"https:\/\/roveyayinevi.com.tr\/index.php\/urun\/zeka-nedir\/","title":{"rendered":"Zeka Nedir?"},"content":{"rendered":"<p>Zek\u00e2 do\u011fu\u015ftan m\u0131 gelir, geli\u015ftirilebilir mi, i\u015flemeyince geriler mi, bebeklerin beyni nas\u0131l \u00e7al\u0131\u015f\u0131r, bilim hayvanlar\u0131n ve bitkilerin zek\u00e2s\u0131n\u0131 nas\u0131l de\u011ferlendirir, yapay zek\u00e2n\u0131n avantajlar\u0131 ve dezavantajlar\u0131 nedir?   \u0130stedi\u011fimiz kadar \u00f6l\u00e7elim ya da modelleyelim, zek\u00e2dan daha gizemli hi\u00e7bir \u015fey yoktur. Y\u00fczy\u0131llar boyunca binlerce tan\u0131m\u0131 olmu\u015ftur. Yunanlar soyut d\u00fc\u015f\u00fcnceden \u00e7ok pratik d\u00fc\u015f\u00fcnme ve beceriklili\u011fi birle\u015ftiren m\u00e8tis\u2019i \u00f6vd\u00fcler. Kant, bireyin zek\u00e2s\u0131n\u0131n, tolere edebildi\u011fi belirsizlik miktar\u0131na g\u00f6re \u00f6l\u00e7\u00fcld\u00fc\u011f\u00fcne inan\u0131yordu. Modern psikoloji, mant\u0131\u011f\u0131 zek\u00e2 \u00f6l\u00e7\u00fcm\u00fcnde anahtar haline getirdi. N\u00f6robilim yarat\u0131c\u0131 ve duygusal zek\u00e2ya dikkatini \u00e7eviriyor. Yapay zek\u00e2n\u0131n insan zek\u00e2s\u0131n\u0131 tehdit edip edemeyece\u011fi g\u00fcncel tart\u0131\u015fmalar\u0131n oda\u011f\u0131nda. Peki ya zek\u00e2 tekil ve evrensel modellerde kar\u015f\u0131l\u0131\u011f\u0131n\u0131 bulam\u0131yorsa?    Tarihsel olarak zek\u00e2 hakk\u0131nda yap\u0131lm\u0131\u015f \u00e7e\u015fitli analizlere dayanan bu kitap, insan bili\u015fi, bitki zek\u00e2s\u0131, atipik d\u00fc\u015f\u00fcnme bi\u00e7imleri veya yapay zek\u00e2 hakk\u0131ndaki en g\u00fcncel bilgi ve tart\u0131\u015fmalar\u0131 konu al\u0131yor. H\u00e9lo\u00efse Lh\u00e9r\u00e9t\u00e9, okuyucular\u0131 zeki olman\u0131n \u00f6z\u00fcn\u00fc sorgulamaya y\u00f6nelik entelekt\u00fcel bir yolculu\u011fa davet ediyor.  <\/p>\n","protected":false},"excerpt":{"rendered":"<p>Zek\u00e2 do\u011fu\u015ftan m\u0131 gelir, geli\u015ftirilebilir mi, i\u015flemeyince geriler mi, bebeklerin beyni nas\u0131l \u00e7al\u0131\u015f\u0131r, bilim hayvanlar\u0131n ve bitkilerin zek\u00e2s\u0131n\u0131 nas\u0131l de\u011ferlendirir, yapay zek\u00e2n\u0131n avantajlar\u0131 ve dezavantajlar\u0131 nedir?<span class=\"excerpt-hellip\"> [\u2026]<\/span><\/p>\n","protected":false},"featured_media":0,"template":"","meta":{"_monsterinsights_skip_tracking":false,"_monsterinsights_sitenote_active":false,"_monsterinsights_sitenote_note":"","_monsterinsights_sitenote_category":0},"product_brand":[],"product_cat":[20502,12357],"product_tag":[],"class_list":{"0":"post-770441","1":"product","2":"type-product","3":"status-publish","5":"product_cat-basvuru-kitaplari-psikoloji","6":"product_cat-psikoloji","7":"pa_cilt-ciltsiz","8":"pa_tur-kitap","9":"pa_yayinevi-mona-kitap","10":"pa_yazar-heloise-lherete","12":"first","13":"instock","14":"sale","15":"shipping-taxable","16":"purchasable","17":"product-type-simple"},"_links":{"self":[{"href":"https:\/\/roveyayinevi.com.tr\/index.php\/wp-json\/wp\/v2\/product\/770441","targetHints":{"allow":["GET"]}}],"collection":[{"href":"https:\/\/roveyayinevi.com.tr\/index.php\/wp-json\/wp\/v2\/product"}],"about":[{"href":"https:\/\/roveyayinevi.com.tr\/index.php\/wp-json\/wp\/v2\/types\/product"}],"wp:attachment":[{"href":"https:\/\/roveyayinevi.com.tr\/index.php\/wp-json\/wp\/v2\/media?parent=770441"}],"wp:term":[{"taxonomy":"product_brand","embeddable":true,"href":"https:\/\/roveyayinevi.com.tr\/index.php\/wp-json\/wp\/v2\/product_brand?post=770441"},{"taxonomy":"product_cat","embeddable":true,"href":"https:\/\/roveyayinevi.com.tr\/index.php\/wp-json\/wp\/v2\/product_cat?post=770441"},{"taxonomy":"product_tag","embeddable":true,"href":"https:\/\/roveyayinevi.com.tr\/index.php\/wp-json\/wp\/v2\/product_tag?post=770441"}],"curies":[{"name":"wp","href":"https:\/\/api.w.org\/{rel}","templated":true}]}}