{"id":770429,"date":"2025-08-28T14:29:17","date_gmt":"2025-08-28T11:29:17","guid":{"rendered":"https:\/\/roveyayinevi.com.tr\/index.php\/urun\/edebiyat-psikanaliz-ve-baska-meseleler\/"},"modified":"2026-04-15T03:37:02","modified_gmt":"2026-04-15T00:37:02","slug":"edebiyat-psikanaliz-ve-baska-meseleler","status":"publish","type":"product","link":"https:\/\/roveyayinevi.com.tr\/index.php\/urun\/edebiyat-psikanaliz-ve-baska-meseleler\/","title":{"rendered":"Edebiyat, Psikanaliz  ve Ba\u015fka Meseleler"},"content":{"rendered":"<p>Edebiyatla psikanaliz aras\u0131ndaki ili\u015fkiyi anlaml\u0131 bir bi\u00e7imde kurabilmemiz i\u00e7in, bu ili\u015fkiye tersinden bakmam\u0131z gerekir. Psikanaliz bir edebiyat metninin ne de\u011ferini ne anlam\u0131n\u0131 ne de etkisini de\u011fi\u015ftirebilir. Ancak edebiyat metninin ele\u015ftirel okunmas\u0131, bizim psikanalizi kavramam\u0131z, anlamland\u0131rmam\u0131z ve psikanalitik terapi ili\u015fkisinin d\u0131\u015f\u0131nda, t\u00fcm ya\u015fam\u0131m\u0131zda kal\u0131c\u0131 bir bi\u00e7imde ge\u00e7erli k\u0131lmam\u0131z i\u00e7in vazge\u00e7ilmez \u00f6nemdedir. Freud\u2019un s\u00f6yledi\u011fi rivayet edilen \u015f\u00f6yle bir \u00f6zl\u00fc s\u00f6z var: \u201cNereye gitsem oraya benden \u00f6nce gitmi\u015f bir \u015fair bulurum.\u201d Rivayetten ibaret tabii; Freud k\u00fclliyat\u0131n\u0131 kar\u0131\u015ft\u0131rd\u0131\u011f\u0131n\u0131zda b\u00f6yle bir s\u00f6ze rastlam\u0131yorsunuz. Ancak bu anlama \u00e7ekilebilecek ba\u015fka bir s\u00f6z\u00fc s\u00f6yledi\u011finden emin gibiyiz: \u201c\u015eairler ve filozoflar bilin\u00e7d\u0131\u015f\u0131n\u0131 benden \u00f6nce ke\u015ffetmi\u015flerdi. Benim ke\u015ffetti\u011fim, bilin\u00e7d\u0131\u015f\u0131n\u0131 ara\u015ft\u0131rman\u0131n bilimsel y\u00f6ntemiydi.\u201d \u015eairler ve filozoflar bilin\u00e7d\u0131\u015f\u0131n\u0131 ke\u015ffettiklerinde orada neler g\u00f6rd\u00fcler? G\u00f6rd\u00fcklerini nas\u0131l anlamland\u0131rd\u0131lar? Ve son olarak: Psikanaliz onlar\u0131n g\u00f6rd\u00fcklerinden neler \u00f6\u011frendi, neler \u00f6\u011frenecek? \u2014 B\u00fclent Somay <\/p>\n","protected":false},"excerpt":{"rendered":"<p>Edebiyatla psikanaliz aras\u0131ndaki ili\u015fkiyi anlaml\u0131 bir bi\u00e7imde kurabilmemiz i\u00e7in, bu ili\u015fkiye tersinden bakmam\u0131z gerekir. Psikanaliz bir edebiyat metninin ne de\u011ferini ne anlam\u0131n\u0131 ne de etkisini de\u011fi\u015ftirebilir.<span class=\"excerpt-hellip\"> [\u2026]<\/span><\/p>\n","protected":false},"featured_media":0,"template":"","meta":{"_monsterinsights_skip_tracking":false,"_monsterinsights_sitenote_active":false,"_monsterinsights_sitenote_note":"","_monsterinsights_sitenote_category":0},"product_brand":[],"product_cat":[12357],"product_tag":[],"class_list":{"0":"post-770429","1":"product","2":"type-product","3":"status-publish","5":"product_cat-psikoloji","6":"pa_cilt-ciltsiz","7":"pa_tur-kitap","8":"pa_yayinevi-metis-yayinlari","9":"pa_yazar-bulent-somay","11":"first","12":"instock","13":"sale","14":"shipping-taxable","15":"purchasable","16":"product-type-simple"},"_links":{"self":[{"href":"https:\/\/roveyayinevi.com.tr\/index.php\/wp-json\/wp\/v2\/product\/770429","targetHints":{"allow":["GET"]}}],"collection":[{"href":"https:\/\/roveyayinevi.com.tr\/index.php\/wp-json\/wp\/v2\/product"}],"about":[{"href":"https:\/\/roveyayinevi.com.tr\/index.php\/wp-json\/wp\/v2\/types\/product"}],"wp:attachment":[{"href":"https:\/\/roveyayinevi.com.tr\/index.php\/wp-json\/wp\/v2\/media?parent=770429"}],"wp:term":[{"taxonomy":"product_brand","embeddable":true,"href":"https:\/\/roveyayinevi.com.tr\/index.php\/wp-json\/wp\/v2\/product_brand?post=770429"},{"taxonomy":"product_cat","embeddable":true,"href":"https:\/\/roveyayinevi.com.tr\/index.php\/wp-json\/wp\/v2\/product_cat?post=770429"},{"taxonomy":"product_tag","embeddable":true,"href":"https:\/\/roveyayinevi.com.tr\/index.php\/wp-json\/wp\/v2\/product_tag?post=770429"}],"curies":[{"name":"wp","href":"https:\/\/api.w.org\/{rel}","templated":true}]}}