{"id":770422,"date":"2025-08-28T14:29:04","date_gmt":"2025-08-28T11:29:04","guid":{"rendered":"https:\/\/roveyayinevi.com.tr\/index.php\/urun\/modern-sanat-akimlari-modernizm\/"},"modified":"2026-03-12T03:34:23","modified_gmt":"2026-03-12T00:34:23","slug":"modern-sanat-akimlari-modernizm","status":"publish","type":"product","link":"https:\/\/roveyayinevi.com.tr\/index.php\/urun\/modern-sanat-akimlari-modernizm\/","title":{"rendered":"Modern Sanat Ak\u0131mlar\u0131: Modernizm"},"content":{"rendered":"<p>Modernizasyon, modernite ve modernizm, modern d\u00fcnya ve onun k\u00fclt\u00fcr\u00fcyle ilgili d\u00fc\u015f\u00fcncelerin etraf\u0131nda d\u00f6n\u00fcp durdu\u011fu \u00fc\u00e7 kavramd\u0131r. Fakat nedir modernizm? Bu terimle genelde ilerlemeye ve kal\u0131p fikirler ve geleneksel de\u011ferlere kar\u015f\u0131 sa\u011fl\u0131kl\u0131 bir ku\u015fkuculu\u011fa olan inan\u00e7 kast edilir. \u00d6zelde ise modern e\u011filim son y\u00fcz elli y\u0131l\u0131n sanat\u0131nda ger\u00e7ekle\u015fmi\u015f en hayati geli\u015fmeler ve en y\u00fcksek ba\u015far\u0131larla ili\u015fkilendirilmi\u015ftir. Ne var ki, geleneksel de\u011ferleri \u00f6yle ya da b\u00f6yle korumakla ilgilenenler, \u2018modern\u2019 sanat\u0131 bir\u00e7ok alternatiften yaln\u0131zca biri, hatta belki bos ve yan\u0131lg\u0131 i\u00e7inde bir sanat olarak g\u00f6rm\u00fc\u015ft\u00fcr. Sanat tarih\u00e7isi Charles Harrison\u2019\u0131n konuya giri\u015f niteli\u011findeki bu kitab\u0131, modernizmin belirleyici \u00f6zelliklerinin neler oldu\u011funu tespit etmek amac\u0131yla modern \u00e7al\u0131\u015fmalar\u0131 ele al\u0131rken bu sanata y\u00f6neltilen ele\u015ftirel bak\u0131\u015f a\u00e7\u0131lar\u0131n\u0131 da ara\u015ft\u0131r\u0131yor.   Bu seri, son iki y\u00fczy\u0131la damgas\u0131n\u0131 vurmu\u015f sanat ak\u0131mlar\u0131n\u0131 okuyucuyla bulu\u015fturuyor. Modern sanat\u0131n, hem farkl\u0131 d\u00f6nemleriyle hem de bir b\u00fct\u00fcn olarak t\u00fcm geli\u015fim \u00e7izgisi \u00fczerinde g\u00f6r\u00fclebilece\u011fi ayd\u0131nlat\u0131c\u0131 bir bak\u0131\u015f a\u00e7\u0131s\u0131 sunuyor.     Serinin Di\u011fer Kitaplar\u0131 Arz-\u0130zlenimcilik  &#8211; Arte Povera &#8211; D\u0131\u015favurumculuk \u2013 Ger\u00e7ek\u00fcst\u00fcc\u00fcl\u00fck \u2013 F\u00fct\u00fcrizm &#8211; Pop Art &#8211; Kavramsal Sanat \u2013 K\u00fcbizm \u2013 Minimalizm \u2013 Ger\u00e7ek\u00e7ilik \u2013 Postmodernizm &#8211; Soyut Sanat &#8211; Soyut-D\u0131\u015favurumculuk <\/p>\n","protected":false},"excerpt":{"rendered":"<p>Modernizasyon, modernite ve modernizm, modern d\u00fcnya ve onun k\u00fclt\u00fcr\u00fcyle ilgili d\u00fc\u015f\u00fcncelerin etraf\u0131nda d\u00f6n\u00fcp durdu\u011fu \u00fc\u00e7 kavramd\u0131r. Fakat nedir modernizm? Bu terimle genelde ilerlemeye ve kal\u0131p fikirler<span class=\"excerpt-hellip\"> [\u2026]<\/span><\/p>\n","protected":false},"featured_media":0,"template":"","meta":{"_monsterinsights_skip_tracking":false,"_monsterinsights_sitenote_active":false,"_monsterinsights_sitenote_note":"","_monsterinsights_sitenote_category":0},"product_brand":[],"product_cat":[13548,12408],"product_tag":[],"class_list":{"0":"post-770422","1":"product","2":"type-product","3":"status-publish","5":"product_cat-kuram","6":"product_cat-sanat","7":"pa_cilt-ciltsiz","8":"pa_tur-kitap","9":"pa_yayinevi-hayalperest-yayinlari","10":"pa_yazar-charles-harrison","12":"first","13":"instock","14":"sale","15":"shipping-taxable","16":"purchasable","17":"product-type-simple"},"_links":{"self":[{"href":"https:\/\/roveyayinevi.com.tr\/index.php\/wp-json\/wp\/v2\/product\/770422","targetHints":{"allow":["GET"]}}],"collection":[{"href":"https:\/\/roveyayinevi.com.tr\/index.php\/wp-json\/wp\/v2\/product"}],"about":[{"href":"https:\/\/roveyayinevi.com.tr\/index.php\/wp-json\/wp\/v2\/types\/product"}],"wp:attachment":[{"href":"https:\/\/roveyayinevi.com.tr\/index.php\/wp-json\/wp\/v2\/media?parent=770422"}],"wp:term":[{"taxonomy":"product_brand","embeddable":true,"href":"https:\/\/roveyayinevi.com.tr\/index.php\/wp-json\/wp\/v2\/product_brand?post=770422"},{"taxonomy":"product_cat","embeddable":true,"href":"https:\/\/roveyayinevi.com.tr\/index.php\/wp-json\/wp\/v2\/product_cat?post=770422"},{"taxonomy":"product_tag","embeddable":true,"href":"https:\/\/roveyayinevi.com.tr\/index.php\/wp-json\/wp\/v2\/product_tag?post=770422"}],"curies":[{"name":"wp","href":"https:\/\/api.w.org\/{rel}","templated":true}]}}