{"id":770419,"date":"2025-08-28T14:29:00","date_gmt":"2025-08-28T11:29:00","guid":{"rendered":"https:\/\/roveyayinevi.com.tr\/index.php\/urun\/ruh-ve-beden-enerjisi\/"},"modified":"2026-04-15T03:37:01","modified_gmt":"2026-04-15T00:37:01","slug":"ruh-ve-beden-enerjisi","status":"publish","type":"product","link":"https:\/\/roveyayinevi.com.tr\/index.php\/urun\/ruh-ve-beden-enerjisi\/","title":{"rendered":"Ruh ve Beden Enerjisi"},"content":{"rendered":"<p>Zihninizde merak unsuru olan t\u00fcm Spirit\u00fcel enerji \u00e7al\u0131\u015fmalar\u0131n\u0131n sorular\u0131n\u0131n cevaplar\u0131 bu kitapta size rehberlik edecektir.  Ruh ve beden enerjisine dair merak etti\u011finiz t\u00fcm sorulara yan\u0131t niteli\u011fi ta\u015f\u0131yan bu kitap, sizi hem i\u00e7sel hem de d\u0131\u015fsal bir d\u00f6n\u00fc\u015f\u00fcm yolculu\u011funa \u00e7\u0131kar\u0131yor. Ayfer G\u00f6k\u2019\u00fcn samimi ve rehber niteli\u011findeki \u00fcslubuyla haz\u0131rlanan \u201cRuh ve Beden Enerjisi: Soru-Cevapla Gelen D\u00f6n\u00fc\u015f\u00fcm Rehberi\u201d, evrensel enerji \u00e7al\u0131\u015fmalar\u0131yla ilgili akl\u0131n\u0131za gelebilecek pek \u00e7ok ba\u015fl\u0131\u011f\u0131 anla\u015f\u0131l\u0131r bir dille ele al\u0131yor. Sayfalar ilerledik\u00e7e bioenerji, kozmik enerji, reiki,access bars, eft,  aura, \u00e7akralar, nazar, bolluk bereket \u00e7al\u0131\u015fmalar\u0131 ve daha nice konu, pratik \u00f6rnekler ve uygulanabilir tekniklerle yeni bir fark\u0131ndal\u0131\u011fa d\u00f6n\u00fc\u015f\u00fcyor. Kitab\u0131n soru-cevap format\u0131 sayesinde, g\u00fcndelik hayatta s\u0131kl\u0131kla kar\u015f\u0131la\u015ft\u0131\u011f\u0131n\u0131z sorunlara enerjisel boyutta nas\u0131l yakla\u015fabilece\u011finizi ad\u0131m ad\u0131m \u00f6\u011freniyorsunuz. B\u00f6ylece ruhsal ve bedensel dengenizi sa\u011flaman\u0131n yan\u0131 s\u0131ra; korkular\u0131n\u0131zla, kayg\u0131lar\u0131n\u0131zla ve ge\u00e7mi\u015ften getirdi\u011finiz blokajlarla y\u00fczle\u015fme cesaretini de kazan\u0131yorsunuz. Bu rehber, pozitif enerjiyle daha net, sakin ve mutlu bir ya\u015fama ad\u0131m atmak isteyen herkes i\u00e7in vazge\u00e7ilmez bir kaynak. Kendinize ve sevdiklerinize \u015fifa alan\u0131 a\u00e7may\u0131, evrene ve kendinize g\u00fcven duymay\u0131 ve en \u00f6nemlisi, i\u00e7 sesinizi ke\u015ffederek \u00f6zg\u00fcrle\u015fmeyi hedefliyorsan\u0131z, sayfalar aras\u0131nda yolculu\u011funuz \u00e7oktan ba\u015flad\u0131 demektir. \u201cRuh ve Beden Enerjisi\u201dni deneyimledi\u011finizde, fiziksel ve ruhsal g\u00fcc\u00fcn\u00fcz\u00fcn sand\u0131\u011f\u0131n\u0131zdan \u00e7ok daha b\u00fcy\u00fck oldu\u011funu fark edecek ve kendinizi bamba\u015fka bir \u0131\u015f\u0131kta g\u00f6receksiniz. Mucizeler sizinle olsun.<\/p>\n","protected":false},"excerpt":{"rendered":"<p>Zihninizde merak unsuru olan t\u00fcm Spirit\u00fcel enerji \u00e7al\u0131\u015fmalar\u0131n\u0131n sorular\u0131n\u0131n cevaplar\u0131 bu kitapta size rehberlik edecektir. Ruh ve beden enerjisine dair merak etti\u011finiz t\u00fcm sorulara yan\u0131t niteli\u011fi<span class=\"excerpt-hellip\"> [\u2026]<\/span><\/p>\n","protected":false},"featured_media":0,"template":"","meta":{"_monsterinsights_skip_tracking":false,"_monsterinsights_sitenote_active":false,"_monsterinsights_sitenote_note":"","_monsterinsights_sitenote_category":0},"product_brand":[],"product_cat":[12364,12376],"product_tag":[],"class_list":{"0":"post-770419","1":"product","2":"type-product","3":"status-publish","5":"product_cat-genel-konular","6":"product_cat-kisisel-gelisim","7":"pa_cilt-ciltsiz","8":"pa_tur-kitap","9":"pa_yayinevi-bambuk-yayinevi","10":"pa_yazar-ayfer-gok","12":"first","13":"instock","14":"sale","15":"shipping-taxable","16":"purchasable","17":"product-type-simple"},"_links":{"self":[{"href":"https:\/\/roveyayinevi.com.tr\/index.php\/wp-json\/wp\/v2\/product\/770419","targetHints":{"allow":["GET"]}}],"collection":[{"href":"https:\/\/roveyayinevi.com.tr\/index.php\/wp-json\/wp\/v2\/product"}],"about":[{"href":"https:\/\/roveyayinevi.com.tr\/index.php\/wp-json\/wp\/v2\/types\/product"}],"wp:attachment":[{"href":"https:\/\/roveyayinevi.com.tr\/index.php\/wp-json\/wp\/v2\/media?parent=770419"}],"wp:term":[{"taxonomy":"product_brand","embeddable":true,"href":"https:\/\/roveyayinevi.com.tr\/index.php\/wp-json\/wp\/v2\/product_brand?post=770419"},{"taxonomy":"product_cat","embeddable":true,"href":"https:\/\/roveyayinevi.com.tr\/index.php\/wp-json\/wp\/v2\/product_cat?post=770419"},{"taxonomy":"product_tag","embeddable":true,"href":"https:\/\/roveyayinevi.com.tr\/index.php\/wp-json\/wp\/v2\/product_tag?post=770419"}],"curies":[{"name":"wp","href":"https:\/\/api.w.org\/{rel}","templated":true}]}}