{"id":770417,"date":"2025-08-28T14:28:57","date_gmt":"2025-08-28T11:28:57","guid":{"rendered":"https:\/\/roveyayinevi.com.tr\/index.php\/urun\/ne-gerek-var-sosyal-bilimlere\/"},"modified":"2026-04-15T03:37:01","modified_gmt":"2026-04-15T00:37:01","slug":"ne-gerek-var-sosyal-bilimlere","status":"publish","type":"product","link":"https:\/\/roveyayinevi.com.tr\/index.php\/urun\/ne-gerek-var-sosyal-bilimlere\/","title":{"rendered":"Ne Gerek Var Sosyal Bilimlere?"},"content":{"rendered":"<p>Sosyal bilimlere ilginin belki de en dipte oldu\u011fu d\u00f6nemi ya\u015f\u0131yoruz. Bilimin yaln\u0131zca pratik sonu\u00e7 ve fayda kayg\u0131s\u0131yla de\u011ferlendirilmesi, ekonomik nedenler, internet ve yapay zek\u00e2 uygulamalar\u0131\u2026 Tu\u0308m bunlar bizi bu noktaya getirdi. E\u011fitimi sadece bir i\u015f kap\u0131s\u0131 olarak g\u00f6renler sosyal bilimlere s\u0131rt \u00e7eviriyor. \u00dcniversitelerde b\u00f6lu\u0308mler kapan\u0131yor, kadrolar azal\u0131yor, dersler bir bir kald\u0131r\u0131l\u0131yor. Peki, ger\u00e7ekten sosyal bilimlere gerek var m\u0131? Su\u0308leyman \u0130nan, bu soruya protest bir \u00e7\u0131k\u0131\u015fla yakla\u015f\u0131yor ve meseleyi tersine \u00e7evirerek soruyor: Ne Gerek Var Sosyal Bilimlere? \u0130nan, \u2018i\u00e7eriden bir g\u00f6zle\u2019 sosyal bilimlerin bir disiplin haline gelmesi ve bran\u015flara ayr\u0131lmas\u0131ndan en parlak gu\u0308nlerine, oradan da g\u00f6zden du\u0308\u015fu\u0308\u015fu\u0308ne kadar hem Bat\u0131 du\u0308nyas\u0131nda hem de Tu\u0308rkiye\u2019deki su\u0308rece dair anlaml\u0131 bir \u00e7er\u00e7eve sunuyor. Bu kapsamda \u015eerif Mardin, Hilmi Ziya \u00dclken, Thomas Kuhn ve Karl Popper gibi \u00f6nemli isimleri inceliyor; ele\u015ftiri ku\u0308ltu\u0308ru\u0308, nesnellik, ayd\u0131n-entelektu\u0308el ayr\u0131m\u0131 ve telif gibi temel meseleleri irdeliyor. Sosyal bilimlere net ve \u00e7arp\u0131c\u0131 bir giri\u015f niteli\u011findeki bu kitap, sadece akademisyenlere de\u011fil, du\u0308\u015fu\u0308nen, sorgulayan, yazan ve okuyan herkese hitap ediyor.<\/p>\n","protected":false},"excerpt":{"rendered":"<p>Sosyal bilimlere ilginin belki de en dipte oldu\u011fu d\u00f6nemi ya\u015f\u0131yoruz. Bilimin yaln\u0131zca pratik sonu\u00e7 ve fayda kayg\u0131s\u0131yla de\u011ferlendirilmesi, ekonomik nedenler, internet ve yapay zek\u00e2 uygulamalar\u0131\u2026 Tu\u0308m<span class=\"excerpt-hellip\"> [\u2026]<\/span><\/p>\n","protected":false},"featured_media":0,"template":"","meta":{"_monsterinsights_skip_tracking":false,"_monsterinsights_sitenote_active":false,"_monsterinsights_sitenote_note":"","_monsterinsights_sitenote_category":0},"product_brand":[],"product_cat":[13488],"product_tag":[],"class_list":{"0":"post-770417","1":"product","2":"type-product","3":"status-publish","5":"product_cat-toplum-ve-insan","6":"pa_cilt-ciltsiz","7":"pa_tur-kitap","8":"pa_yayinevi-paradigma-yayinlari","9":"pa_yazar-suleyman-inan","11":"first","12":"instock","13":"sale","14":"shipping-taxable","15":"purchasable","16":"product-type-simple"},"_links":{"self":[{"href":"https:\/\/roveyayinevi.com.tr\/index.php\/wp-json\/wp\/v2\/product\/770417","targetHints":{"allow":["GET"]}}],"collection":[{"href":"https:\/\/roveyayinevi.com.tr\/index.php\/wp-json\/wp\/v2\/product"}],"about":[{"href":"https:\/\/roveyayinevi.com.tr\/index.php\/wp-json\/wp\/v2\/types\/product"}],"wp:attachment":[{"href":"https:\/\/roveyayinevi.com.tr\/index.php\/wp-json\/wp\/v2\/media?parent=770417"}],"wp:term":[{"taxonomy":"product_brand","embeddable":true,"href":"https:\/\/roveyayinevi.com.tr\/index.php\/wp-json\/wp\/v2\/product_brand?post=770417"},{"taxonomy":"product_cat","embeddable":true,"href":"https:\/\/roveyayinevi.com.tr\/index.php\/wp-json\/wp\/v2\/product_cat?post=770417"},{"taxonomy":"product_tag","embeddable":true,"href":"https:\/\/roveyayinevi.com.tr\/index.php\/wp-json\/wp\/v2\/product_tag?post=770417"}],"curies":[{"name":"wp","href":"https:\/\/api.w.org\/{rel}","templated":true}]}}