{"id":770404,"date":"2025-08-28T14:28:34","date_gmt":"2025-08-28T11:28:34","guid":{"rendered":"https:\/\/roveyayinevi.com.tr\/index.php\/urun\/asir-hayati-ve-misirda-esaretim\/"},"modified":"2026-03-24T03:22:37","modified_gmt":"2026-03-24T00:22:37","slug":"asir-hayati-ve-misirda-esaretim","status":"publish","type":"product","link":"https:\/\/roveyayinevi.com.tr\/index.php\/urun\/asir-hayati-ve-misirda-esaretim\/","title":{"rendered":"Asir Hayat\u0131 ve M\u0131s\u0131r\u2019da Esaretim"},"content":{"rendered":"<p>Osmanl\u0131 Devleti\u2019nin tarihini ele alan kitaplarda Yemen, siyas\u00ee kar\u0131\u015f\u0131kl\u0131klar ve \u00e7at\u0131\u015fmalarla an\u0131l\u0131r. Halbuki bir o kadar hazin olaylar\u0131n ya\u015fand\u0131\u011f\u0131 yer As\u00eer\u2019dir. Mekke ile Yemen aras\u0131nda da\u011fl\u0131k b\u00f6lgede olan As\u00eer de Anadolu\u2019dan uzak ve Yemen gibi \u201cgidenin gelmedi\u011fi\u201d bir yerdir. As\u00eer\u2019de ya\u015fananlar\u0131 ortaya koyan elinizdeki bu hat\u0131rat, 1906\u2019dan I. D\u00fcnya Sava\u015f\u0131\u2019n\u0131n sonuna kadar burada g\u00f6rev yapm\u0131\u015f, ya\u015fanan bir\u00e7ok olay\u0131n i\u00e7inde bulunmu\u015f ya da \u015fahidi olmu\u015f bir asker\u00ee personel taraf\u0131ndan kaleme al\u0131nmas\u0131 nedeniyle ayr\u0131 bir de\u011fer ta\u015f\u0131maktad\u0131r. T\u00fcrk askerinin bu co\u011frafyada kar\u015f\u0131la\u015ft\u0131\u011f\u0131 zorluklar\u0131, Mondros M\u00fctarekesi\u2019nden sonra birliklerin teslim olu\u015funu, M\u0131s\u0131r kamplar\u0131nda esirlerin kar\u015f\u0131la\u015ft\u0131\u011f\u0131 muameleleri anlatan bu sat\u0131rlar\u0131 okurken etkilenmemek m\u00fcmk\u00fcn de\u011fil. Olaylar\u0131 gelecek nesillere anlatmay\u0131 sorumluluk kabul eden bir T\u00fcrk askerinin hat\u0131ralar\u0131n\u0131n a\u00e7t\u0131\u011f\u0131 yoldan o g\u00fcnlere tan\u0131kl\u0131k edeceksiniz. <\/p>\n","protected":false},"excerpt":{"rendered":"<p>Osmanl\u0131 Devleti\u2019nin tarihini ele alan kitaplarda Yemen, siyas\u00ee kar\u0131\u015f\u0131kl\u0131klar ve \u00e7at\u0131\u015fmalarla an\u0131l\u0131r. Halbuki bir o kadar hazin olaylar\u0131n ya\u015fand\u0131\u011f\u0131 yer As\u00eer\u2019dir. Mekke ile Yemen aras\u0131nda da\u011fl\u0131k<span class=\"excerpt-hellip\"> [\u2026]<\/span><\/p>\n","protected":false},"featured_media":0,"template":"","meta":{"_monsterinsights_skip_tracking":false,"_monsterinsights_sitenote_active":false,"_monsterinsights_sitenote_note":"","_monsterinsights_sitenote_category":0},"product_brand":[],"product_cat":[12304],"product_tag":[],"class_list":{"0":"post-770404","1":"product","2":"type-product","3":"status-publish","5":"product_cat-tarih","6":"pa_cilt-ciltsiz","7":"pa_tur-kitap","8":"pa_yayinevi-karinca-yayinlari","9":"pa_yazar-hasan-hayri-ulug","11":"first","12":"instock","13":"sale","14":"shipping-taxable","15":"purchasable","16":"product-type-simple"},"_links":{"self":[{"href":"https:\/\/roveyayinevi.com.tr\/index.php\/wp-json\/wp\/v2\/product\/770404","targetHints":{"allow":["GET"]}}],"collection":[{"href":"https:\/\/roveyayinevi.com.tr\/index.php\/wp-json\/wp\/v2\/product"}],"about":[{"href":"https:\/\/roveyayinevi.com.tr\/index.php\/wp-json\/wp\/v2\/types\/product"}],"wp:attachment":[{"href":"https:\/\/roveyayinevi.com.tr\/index.php\/wp-json\/wp\/v2\/media?parent=770404"}],"wp:term":[{"taxonomy":"product_brand","embeddable":true,"href":"https:\/\/roveyayinevi.com.tr\/index.php\/wp-json\/wp\/v2\/product_brand?post=770404"},{"taxonomy":"product_cat","embeddable":true,"href":"https:\/\/roveyayinevi.com.tr\/index.php\/wp-json\/wp\/v2\/product_cat?post=770404"},{"taxonomy":"product_tag","embeddable":true,"href":"https:\/\/roveyayinevi.com.tr\/index.php\/wp-json\/wp\/v2\/product_tag?post=770404"}],"curies":[{"name":"wp","href":"https:\/\/api.w.org\/{rel}","templated":true}]}}