{"id":770400,"date":"2025-08-28T14:28:27","date_gmt":"2025-08-28T11:28:27","guid":{"rendered":"https:\/\/roveyayinevi.com.tr\/index.php\/urun\/aciklamali-mesnevi-ciltli\/"},"modified":"2026-04-15T03:36:40","modified_gmt":"2026-04-15T00:36:40","slug":"aciklamali-mesnevi-ciltli","status":"publish","type":"product","link":"https:\/\/roveyayinevi.com.tr\/index.php\/urun\/aciklamali-mesnevi-ciltli\/","title":{"rendered":"A\u00e7\u0131klamal\u0131 Mesnevi (Ciltli)"},"content":{"rendered":"<p>Hazreti Mevl\u00e2na\u2019n\u0131n Mesnev\u00ee\u2019si yaln\u0131zca bir edeb\u00ee \u015faheser de\u011fil, ayn\u0131 zamanda \u0130sl\u00e2m d\u00fc\u015f\u00fcncesinin, sanat\u0131n\u0131n ve tasavvuf gelene\u011finin en b\u00fcy\u00fck ba\u015fvuru kaynaklar\u0131ndan biridir. \u00d6yle ki kendisinden sonra yaz\u0131lan bir\u00e7ok eserde hep Mesnev\u00ee referans al\u0131nm\u0131\u015ft\u0131r. Mesnev\u00ee\u2019nin \u00f6\u011fretisi, d\u00fcnyan\u0131n farkl\u0131 co\u011frafyalar\u0131na yay\u0131lm\u0131\u015f ve \u00e7ok say\u0131da insan\u0131 etkilemi\u015ftir. \u00d6zellikle de Anadolu M\u00fcsl\u00fcmanl\u0131\u011f\u0131 \u00f6ncelikle bu \u00f6\u011fretiden beslenmi\u015ftir.  Mesnev\u00ee, seyris\u00fcl\u00fbk yolculu\u011funda insan i\u00e7in ruhun derinliklerine inen ve irfan\u0131n kap\u0131s\u0131n\u0131 aralayan bir k\u0131lavuzdur. A\u015fk\u0131n, teslimiyetin ve hikmetin i\u00e7 i\u00e7e ge\u00e7ti\u011fi bu \u00f6l\u00fcms\u00fcz eser, insan\u0131n kendini ve Yaradan\u2019\u0131 tan\u0131ma ser\u00fcveninde en g\u00fcvenilir rehberlerden biridir.  Mesnev\u00ee b\u00fct\u00fcn bu ku\u015fat\u0131c\u0131 \u00f6zellikleriyle y\u00fczy\u0131llar\u0131 a\u015fan bir hakikat \u0131\u015f\u0131\u011f\u0131 olmu\u015f, felsefesiyle Do\u011fu\u2019dan Bat\u0131\u2019ya, ge\u00e7mi\u015ften g\u00fcn\u00fcm\u00fcze insanl\u0131\u011f\u0131 ve pek \u00e7ok medeniyeti derinden etkilemi\u015ftir.  Cemal Ayd\u0131n\u2019\u0131n elli y\u0131l\u0131 a\u015fk\u0131n m\u00fctercimlik tecr\u00fcbesinin ard\u0131ndan b\u00fcy\u00fck bir \u00f6zenle yapt\u0131\u011f\u0131 bu terc\u00fcmeyle insan\u0131m\u0131z, \u00f6zellikle de gen\u00e7lerimiz Mesnev\u00ee\u2019yi severek okuyacaklar, Mesnev\u00ee\u2019den alacaklar\u0131 ilhamla da ilim, fikir, sanat ve edebiyat alan\u0131nda \u00e7\u0131\u011f\u0131r a\u00e7acaklard\u0131r.  <\/p>\n","protected":false},"excerpt":{"rendered":"<p>Hazreti Mevl\u00e2na\u2019n\u0131n Mesnev\u00ee\u2019si yaln\u0131zca bir edeb\u00ee \u015faheser de\u011fil, ayn\u0131 zamanda \u0130sl\u00e2m d\u00fc\u015f\u00fcncesinin, sanat\u0131n\u0131n ve tasavvuf gelene\u011finin en b\u00fcy\u00fck ba\u015fvuru kaynaklar\u0131ndan biridir. \u00d6yle ki kendisinden sonra yaz\u0131lan<span class=\"excerpt-hellip\"> [\u2026]<\/span><\/p>\n","protected":false},"featured_media":0,"template":"","meta":{"_monsterinsights_skip_tracking":false,"_monsterinsights_sitenote_active":false,"_monsterinsights_sitenote_note":"","_monsterinsights_sitenote_category":0},"product_brand":[],"product_cat":[12718,12719,12720],"product_tag":[],"class_list":{"0":"post-770400","1":"product","2":"type-product","3":"status-publish","5":"product_cat-din","6":"product_cat-islam","7":"product_cat-tasavvuf-mezhepler-tarikatlar","8":"pa_cilt-ciltli","9":"pa_tur-kitap","10":"pa_yayinevi-timas-yayinlari","11":"pa_yazar-mevlana-celaleddin-rumi","13":"first","14":"instock","15":"sale","16":"shipping-taxable","17":"purchasable","18":"product-type-simple"},"_links":{"self":[{"href":"https:\/\/roveyayinevi.com.tr\/index.php\/wp-json\/wp\/v2\/product\/770400","targetHints":{"allow":["GET"]}}],"collection":[{"href":"https:\/\/roveyayinevi.com.tr\/index.php\/wp-json\/wp\/v2\/product"}],"about":[{"href":"https:\/\/roveyayinevi.com.tr\/index.php\/wp-json\/wp\/v2\/types\/product"}],"wp:attachment":[{"href":"https:\/\/roveyayinevi.com.tr\/index.php\/wp-json\/wp\/v2\/media?parent=770400"}],"wp:term":[{"taxonomy":"product_brand","embeddable":true,"href":"https:\/\/roveyayinevi.com.tr\/index.php\/wp-json\/wp\/v2\/product_brand?post=770400"},{"taxonomy":"product_cat","embeddable":true,"href":"https:\/\/roveyayinevi.com.tr\/index.php\/wp-json\/wp\/v2\/product_cat?post=770400"},{"taxonomy":"product_tag","embeddable":true,"href":"https:\/\/roveyayinevi.com.tr\/index.php\/wp-json\/wp\/v2\/product_tag?post=770400"}],"curies":[{"name":"wp","href":"https:\/\/api.w.org\/{rel}","templated":true}]}}