{"id":770398,"date":"2025-08-28T14:28:24","date_gmt":"2025-08-28T11:28:24","guid":{"rendered":"https:\/\/roveyayinevi.com.tr\/index.php\/urun\/psikiyatri-ve-cinsel-tip\/"},"modified":"2026-04-15T03:36:40","modified_gmt":"2026-04-15T00:36:40","slug":"psikiyatri-ve-cinsel-tip","status":"publish","type":"product","link":"https:\/\/roveyayinevi.com.tr\/index.php\/urun\/psikiyatri-ve-cinsel-tip\/","title":{"rendered":"Psikiyatri ve Cinsel T\u0131p"},"content":{"rendered":"<p>RUH SA\u011eLI\u011eI \u0130LE C\u0130NSEL SA\u011eLIK \u0130L\u0130\u015eK\u0130S\u0130NE D\u0130S\u0130PL\u0130NLER ARASI YAKLA\u015eIM\u2026 \u201cPsikiyatri ve Cinsel T\u0131p\u201d ruh sa\u011fl\u0131\u011f\u0131 ve cinsel sa\u011fl\u0131k aras\u0131ndaki kar\u015f\u0131l\u0131kl\u0131 etkile\u015fimi disiplinler aras\u0131 bir perspektifle ele alarak bu alandaki \u00f6nemli bir bo\u015flu\u011fu dolduran \u00f6nc\u00fc bir eserdir. Kitapta ruhsal, zihinsel ve bedensel bozukluklar\u0131n cinsel sa\u011fl\u0131k \u00fczerindeki etkileri, travmatik cinsel deneyimler, kontrols\u00fcz cinsel davran\u0131\u015flar, sosyok\u00fclt\u00fcrel ve ili\u015fkisel sorunlar gibi daha pek \u00e7ok ruh sa\u011fl\u0131\u011f\u0131 sorununun yol a\u00e7t\u0131\u011f\u0131 cinsel i\u015flev bozukluklar\u0131n\u0131n \u00e7\u00f6z\u00fcm\u00fcne y\u00f6nelik cinsel terapi ve cinsel tedavi yakla\u015f\u0131mlar\u0131 anlat\u0131lmaktad\u0131r. Ayr\u0131ca cinsel i\u015flev bozukluklar\u0131n\u0131n ruh sa\u011fl\u0131\u011f\u0131 ve ili\u015fki dinamikleri \u00fczerindeki olumsuz etkileri ve bunlar\u0131 ortadan kald\u0131rmak i\u00e7in yakla\u015f\u0131mlar sunulmaktad\u0131r. Psikoterapist &amp; Yazar &amp; E\u011fitmen Dr. Cem KE\u00c7E TEOR\u0130K VE PRAT\u0130K B\u0130LG\u0130 HAZ\u0130NES\u0130\u2026 \u201cPsikiyatri ve Cinsel T\u0131p\u201d ruh sa\u011fl\u0131\u011f\u0131 alan\u0131ndaki profesyoneller, akademisyenler, ara\u015ft\u0131rmac\u0131lar ve \u00f6\u011frenciler i\u00e7in en g\u00fcncel ve g\u00fcvenilir bilgileri sunan \u00f6nemli bir ba\u015fvuru kayna\u011f\u0131d\u0131r. Ruh sa\u011fl\u0131\u011f\u0131 ile cinsellik aras\u0131ndaki karma\u015f\u0131k ve \u00e7ift y\u00f6nl\u00fc etkile\u015fimi ele al\u0131rken, ruh sa\u011fl\u0131\u011f\u0131 sorunlar\u0131na e\u015flik eden cinsel i\u015flev bozukluklar\u0131n\u0131n tan\u0131s\u0131, tedavisi ve y\u00f6netimi konusunda kapsaml\u0131 bir yol haritas\u0131 sunar. Bilimsel literat\u00fcr\u00fcn en son bulgular\u0131 ile yazarlar\u0131n klinik deneyimlerini harmanlayarak verdi\u011fi teorik ve pratik bilgi hazinesi ile hem akademik hem de klinik \u00e7al\u0131\u015fmalar i\u00e7in bir mihenk ta\u015f\u0131 niteli\u011findedir. D\u00fcnya Cinsel Sa\u011fl\u0131k Akademisi (WASHE) KANITA DAYALI TEDAV\u0130 Y\u00d6NTEMLER\u0130 VE VAKA ANAL\u0130ZLER\u0130\u2026 \u201cPsikiyatri ve Cinsel T\u0131p\u201d farkl\u0131 \u00fclkelerden psikiyatri ve cinsel t\u0131p alanlar\u0131nda \u00f6nemli \u00e7al\u0131\u015fmalara imza atm\u0131\u015f uzmanlar\u0131n bilgilerini ve deneyimlerini payla\u015ft\u0131klar\u0131 benzersiz bir eserdir. Ruh sa\u011fl\u0131\u011f\u0131 ile cinsel sa\u011fl\u0131k aras\u0131ndaki n\u00f6robiyolojik, psikodinamik ve sosyok\u00fclt\u00fcrel ba\u011flant\u0131lar\u0131 ayr\u0131nt\u0131l\u0131 \u015fekilde inceleyen, ayr\u0131ca etkinli\u011fi bilimsel ara\u015ft\u0131rmalarla desteklenen farmakolojik ve psikoterap\u00f6tik tedavi y\u00f6ntemlerini ger\u00e7ek vaka analizleriyle a\u00e7\u0131klayan uygulamal\u0131 ve kan\u0131ta dayal\u0131 bir el kitab\u0131d\u0131r. Cinsel Sa\u011fl\u0131k Dernekleri Federasyonu (C\u0130SEF) <\/p>\n","protected":false},"excerpt":{"rendered":"<p>RUH SA\u011eLI\u011eI \u0130LE C\u0130NSEL SA\u011eLIK \u0130L\u0130\u015eK\u0130S\u0130NE D\u0130S\u0130PL\u0130NLER ARASI YAKLA\u015eIM\u2026 \u201cPsikiyatri ve Cinsel T\u0131p\u201d ruh sa\u011fl\u0131\u011f\u0131 ve cinsel sa\u011fl\u0131k aras\u0131ndaki kar\u015f\u0131l\u0131kl\u0131 etkile\u015fimi disiplinler aras\u0131 bir perspektifle ele<span class=\"excerpt-hellip\"> [\u2026]<\/span><\/p>\n","protected":false},"featured_media":0,"template":"","meta":{"_monsterinsights_skip_tracking":false,"_monsterinsights_sitenote_active":false,"_monsterinsights_sitenote_note":"","_monsterinsights_sitenote_category":0},"product_brand":[],"product_cat":[12357],"product_tag":[],"class_list":{"0":"post-770398","1":"product","2":"type-product","3":"status-publish","5":"product_cat-psikoloji","6":"pa_cilt-ciltsiz","7":"pa_tur-kitap","8":"pa_yayinevi-pusula-yayinevi-ankara","9":"pa_yazar-michal-lew-starowicz-annamaria-giraldi-tillmann-h-c-kruger","11":"first","12":"instock","13":"sale","14":"shipping-taxable","15":"purchasable","16":"product-type-simple"},"_links":{"self":[{"href":"https:\/\/roveyayinevi.com.tr\/index.php\/wp-json\/wp\/v2\/product\/770398","targetHints":{"allow":["GET"]}}],"collection":[{"href":"https:\/\/roveyayinevi.com.tr\/index.php\/wp-json\/wp\/v2\/product"}],"about":[{"href":"https:\/\/roveyayinevi.com.tr\/index.php\/wp-json\/wp\/v2\/types\/product"}],"wp:attachment":[{"href":"https:\/\/roveyayinevi.com.tr\/index.php\/wp-json\/wp\/v2\/media?parent=770398"}],"wp:term":[{"taxonomy":"product_brand","embeddable":true,"href":"https:\/\/roveyayinevi.com.tr\/index.php\/wp-json\/wp\/v2\/product_brand?post=770398"},{"taxonomy":"product_cat","embeddable":true,"href":"https:\/\/roveyayinevi.com.tr\/index.php\/wp-json\/wp\/v2\/product_cat?post=770398"},{"taxonomy":"product_tag","embeddable":true,"href":"https:\/\/roveyayinevi.com.tr\/index.php\/wp-json\/wp\/v2\/product_tag?post=770398"}],"curies":[{"name":"wp","href":"https:\/\/api.w.org\/{rel}","templated":true}]}}