{"id":770395,"date":"2025-08-28T14:28:17","date_gmt":"2025-08-28T11:28:17","guid":{"rendered":"https:\/\/roveyayinevi.com.tr\/index.php\/urun\/tarih-din-ve-siyaset-uzerine-denemeler\/"},"modified":"2026-04-15T03:36:40","modified_gmt":"2026-04-15T00:36:40","slug":"tarih-din-ve-siyaset-uzerine-denemeler","status":"publish","type":"product","link":"https:\/\/roveyayinevi.com.tr\/index.php\/urun\/tarih-din-ve-siyaset-uzerine-denemeler\/","title":{"rendered":"Tarih, Din ve Siyaset \u00dczerine Denemeler"},"content":{"rendered":"<p>Mithat \u015e\u00fckr\u00fc (Bleda) Bey, Ermeni katliam\u0131nda en \u00e7ok su\u00e7lananlardan Dr. Re\u015fit Bey\u2019e \u201csiz hekimsiniz\u2026 ve bu s\u0131fatla can kurtarmakla vazifelisiniz? Nas\u0131l olup da bunca insan\u0131n yakalan\u0131p \u00f6l\u00fcm\u00fcn kuca\u011f\u0131na at\u0131lmas\u0131na g\u00f6z yumdunuz?\u201d dedi\u011finde Dr. Mehmet Re\u015fit\u2019ten \u201cT\u00fcrkl\u00fc\u011f\u00fcm hekimli\u011fime galebe \u00e7ald\u0131\u201d yan\u0131t\u0131n\u0131 alacakt\u0131r. Ecevit konu\u015furken \u00f6\u011frenciler \u201cHalklara \u00d6zg\u00fcrl\u00fck\u201d sloganlar\u0131 atmaya ba\u015fl\u0131yor\u2026 \u201cHalk\u00e7\u0131 Ecevit\u201d \u00fcrkt\u00fc bu slogandan. Ne de olsa halk\u00e7\u0131 olan kendisiydi. Kabul edemedi\u011fi bu \u201cHalklar\u201d s\u00f6ylemiydi\u2026 Ru\u015feni\u2019ye g\u00f6re \u201chain vatanda\u015flar\u201d da vard\u0131r. \u015e\u00f6yle yaz\u0131yor: \u201cRum, Ermeni ve Yahudilerle, sahte karde\u015f olan K\u00fcrt, \u00c7erkez, Arnavut ve Araplar T\u00fcrklerin vatanda\u015f\u0131 olamaz.\u201d   27 May\u0131s askeri darbesi olmu\u015f, kendisi de muhtemelen K\u00fcrt olan darbe lideri Cemal Aga (G\u00fcrsel) cumhurba\u015fkan\u0131 olmu\u015ftu. Cemal Aga Do\u011fu illerini gezerken halkla yapt\u0131\u011f\u0131 toplant\u0131lar\u0131n birinde hem de K\u00fcrtlerin g\u00f6zlerinin i\u00e7ine baka baka \u201cSize K\u00fcrt diyenin y\u00fcz\u00fcne t\u00fck\u00fcr\u00fcn\u201d diyordu.   \u0130marethaneler, \u201ch\u00fccre\u201d ad\u0131 verilen k\u00fc\u00e7\u00fck odac\u0131klara b\u00f6l\u00fcnm\u00fc\u015ft\u00fc. Bu odac\u0131klar\u0131n her birinde 3 veya 5 s\u00fbhte kalmaktayd\u0131. Kal\u0131n duvarl\u0131 ve yeterli \u0131\u015f\u0131k almayan bu odalar gen\u00e7lerin psikolojisini olumsuz etkiliyordu. Cinsel y\u00f6nden de en \u201ck\u0131zg\u0131n\u201d d\u00f6nemlerinde olan gen\u00e7ler farkl\u0131 aray\u0131\u015flara y\u00f6neliyor ve ihtiya\u00e7lar\u0131n\u0131 kar\u015f\u0131lamaya \u00e7al\u0131\u015f\u0131yorlard\u0131. \u201cBu ortamda \u2018cinsel sap\u0131kl\u0131k\u2019 \u00f6\u011frenciler aras\u0131nda geni\u015fledi ve al\u0131\u015fkanl\u0131k haline geldi.\u201d <\/p>\n","protected":false},"excerpt":{"rendered":"<p>Mithat \u015e\u00fckr\u00fc (Bleda) Bey, Ermeni katliam\u0131nda en \u00e7ok su\u00e7lananlardan Dr. Re\u015fit Bey\u2019e \u201csiz hekimsiniz\u2026 ve bu s\u0131fatla can kurtarmakla vazifelisiniz? Nas\u0131l olup da bunca insan\u0131n yakalan\u0131p<span class=\"excerpt-hellip\"> [\u2026]<\/span><\/p>\n","protected":false},"featured_media":0,"template":"","meta":{"_monsterinsights_skip_tracking":false,"_monsterinsights_sitenote_active":false,"_monsterinsights_sitenote_note":"","_monsterinsights_sitenote_category":0},"product_brand":[],"product_cat":[12777,12291],"product_tag":[],"class_list":{"0":"post-770395","1":"product","2":"type-product","3":"status-publish","5":"product_cat-deneme","6":"product_cat-edebiyat","7":"pa_cilt-ciltsiz","8":"pa_tur-kitap","9":"pa_yayinevi-favori-yayinlari","10":"pa_yazar-ismail-aydin","12":"first","13":"instock","14":"sale","15":"shipping-taxable","16":"purchasable","17":"product-type-simple"},"_links":{"self":[{"href":"https:\/\/roveyayinevi.com.tr\/index.php\/wp-json\/wp\/v2\/product\/770395","targetHints":{"allow":["GET"]}}],"collection":[{"href":"https:\/\/roveyayinevi.com.tr\/index.php\/wp-json\/wp\/v2\/product"}],"about":[{"href":"https:\/\/roveyayinevi.com.tr\/index.php\/wp-json\/wp\/v2\/types\/product"}],"wp:attachment":[{"href":"https:\/\/roveyayinevi.com.tr\/index.php\/wp-json\/wp\/v2\/media?parent=770395"}],"wp:term":[{"taxonomy":"product_brand","embeddable":true,"href":"https:\/\/roveyayinevi.com.tr\/index.php\/wp-json\/wp\/v2\/product_brand?post=770395"},{"taxonomy":"product_cat","embeddable":true,"href":"https:\/\/roveyayinevi.com.tr\/index.php\/wp-json\/wp\/v2\/product_cat?post=770395"},{"taxonomy":"product_tag","embeddable":true,"href":"https:\/\/roveyayinevi.com.tr\/index.php\/wp-json\/wp\/v2\/product_tag?post=770395"}],"curies":[{"name":"wp","href":"https:\/\/api.w.org\/{rel}","templated":true}]}}