{"id":770390,"date":"2025-08-28T14:28:05","date_gmt":"2025-08-28T11:28:05","guid":{"rendered":"https:\/\/roveyayinevi.com.tr\/index.php\/urun\/maya-2\/"},"modified":"2026-04-15T03:36:39","modified_gmt":"2026-04-15T00:36:39","slug":"maya-2","status":"publish","type":"product","link":"https:\/\/roveyayinevi.com.tr\/index.php\/urun\/maya-2\/","title":{"rendered":"Maya"},"content":{"rendered":"<p>Orada g\u00fcl\u00fcnce burada yer yerinden oynuyor ve akl\u0131na d\u00fc\u015f\u00fcyor g\u00fclen y\u00fcz\u00fcn kelebek etkisi!Tutsak mavinin firari tonunda iyot kokulu denize bilinmez \u00e7aresizli\u011fin geli\u015fi ve geli\u015fine de\u011fildi d\u00fc\u015fler. A\u00e7\u0131lan kucak dolusu g\u00f6klere, uzak g\u00f6zlerinde da\u011flar\u0131n mor perdesine s\u00fcz\u00fclen d\u00fc\u015flerin ge\u00e7i\u015flerinde s\u00f6n\u00fck y\u0131ld\u0131zlar.Dinlenince ge\u00e7en de\u011fil de uyan\u0131nca kald\u0131\u011f\u0131 yerden devam eden bir yorgunluk! Bir \u015fey daha var; \u015fehir efsanesi ve bitmeyen sevda masal\u0131. Yitik arama yiten yerde de\u011fil g\u00f6zlerin. \u00d6tesi berisi yok. \u0130ki \u00fc\u00e7 ad\u0131m sonras\u0131 gel-git zamanlar\u0131.B\u0131rakt\u0131k sonsuzlu\u011fun sonunda olmayacak bir d\u00fc\u015fte gen\u00e7li\u011fimizi. Yoktu yaprak kuru dalda, sonbahar neyine. \u00d6fkesi kalabal\u0131k duraklar\u0131n sakin yolcusu, az \u00f6te git desen burnundan solur gece rengi bak\u0131\u015flar\u0131n.Di\u015fli zamanlar\u0131n \u00e7ark\u0131 k\u0131r\u0131k ve d\u00fc\u015flerin en keskin kenar\u0131 kesmez k\u0131y\u0131lar\u0131. K\u0131y\u0131lar\u0131ndan k\u00f6p\u00fcren dalgalar\u0131n insaf\u0131nda \u00e7ekip gitmelerin sebepsiz. \u00d6l\u00e7\u00fcs\u00fc d\u00fcnya ve s\u00f6yletme dilsiz bu \u015fehir. Anla art\u0131k, cennet-cehennem kimine uzak mek\u00e2n.<\/p>\n","protected":false},"excerpt":{"rendered":"<p>Orada g\u00fcl\u00fcnce burada yer yerinden oynuyor ve akl\u0131na d\u00fc\u015f\u00fcyor g\u00fclen y\u00fcz\u00fcn kelebek etkisi!Tutsak mavinin firari tonunda iyot kokulu denize bilinmez \u00e7aresizli\u011fin geli\u015fi ve geli\u015fine de\u011fildi d\u00fc\u015fler.<span class=\"excerpt-hellip\"> [\u2026]<\/span><\/p>\n","protected":false},"featured_media":0,"template":"","meta":{"_monsterinsights_skip_tracking":false,"_monsterinsights_sitenote_active":false,"_monsterinsights_sitenote_note":"","_monsterinsights_sitenote_category":0},"product_brand":[],"product_cat":[12291,12711],"product_tag":[],"class_list":{"0":"post-770390","1":"product","2":"type-product","3":"status-publish","5":"product_cat-edebiyat","6":"product_cat-roman-oyku","7":"pa_cilt-ciltsiz","8":"pa_tur-kitap","9":"pa_yayinevi-gulnar-yayinlari","10":"pa_yazar-yuksel-koker","12":"first","13":"instock","14":"sale","15":"shipping-taxable","16":"purchasable","17":"product-type-simple"},"_links":{"self":[{"href":"https:\/\/roveyayinevi.com.tr\/index.php\/wp-json\/wp\/v2\/product\/770390","targetHints":{"allow":["GET"]}}],"collection":[{"href":"https:\/\/roveyayinevi.com.tr\/index.php\/wp-json\/wp\/v2\/product"}],"about":[{"href":"https:\/\/roveyayinevi.com.tr\/index.php\/wp-json\/wp\/v2\/types\/product"}],"wp:attachment":[{"href":"https:\/\/roveyayinevi.com.tr\/index.php\/wp-json\/wp\/v2\/media?parent=770390"}],"wp:term":[{"taxonomy":"product_brand","embeddable":true,"href":"https:\/\/roveyayinevi.com.tr\/index.php\/wp-json\/wp\/v2\/product_brand?post=770390"},{"taxonomy":"product_cat","embeddable":true,"href":"https:\/\/roveyayinevi.com.tr\/index.php\/wp-json\/wp\/v2\/product_cat?post=770390"},{"taxonomy":"product_tag","embeddable":true,"href":"https:\/\/roveyayinevi.com.tr\/index.php\/wp-json\/wp\/v2\/product_tag?post=770390"}],"curies":[{"name":"wp","href":"https:\/\/api.w.org\/{rel}","templated":true}]}}