{"id":770362,"date":"2025-08-28T14:27:07","date_gmt":"2025-08-28T11:27:07","guid":{"rendered":"https:\/\/roveyayinevi.com.tr\/index.php\/urun\/kuma-kuma-kuma-bear-cilt-8\/"},"modified":"2026-04-15T03:36:39","modified_gmt":"2026-04-15T00:36:39","slug":"kuma-kuma-kuma-bear-cilt-8","status":"publish","type":"product","link":"https:\/\/roveyayinevi.com.tr\/index.php\/urun\/kuma-kuma-kuma-bear-cilt-8\/","title":{"rendered":"Kuma Kuma Kuma Bear Cilt 8"},"content":{"rendered":"<p>DEVASA CANAVAR KRAKEN\u2019\u0130 TEK HAMLEDE YEND\u0130! BUNUN \u0130\u00c7\u0130N AYI KIZIN B\u0130R HEYKEL\u0130N\u0130 D\u0130KECEKLER M\u0130?!Paralel d\u00fcnyaya hileli Kuma k\u0131yafetiyle s\u00fcr\u00fcklenen k\u0131z, Yuna. Yeni yiyecek malzemeleri aramaya geldi\u011fi sahil kasabas\u0131nda y\u00f6neticilerin yozla\u015ft\u0131\u011f\u0131n\u0131 ve denizin dev canavar Kraken taraf\u0131ndan i\u015fgal edildi\u011fini g\u00f6r\u00fcr. \u201cSoya sosu, miso, deniz \u00fcr\u00fcnleri!\u201d naras\u0131 ile leziz yemekler i\u00e7in tam gaz sald\u0131r\u0131r! Sekizinci cilt de aksiyon dolu!<\/p>\n","protected":false},"excerpt":{"rendered":"<p>DEVASA CANAVAR KRAKEN\u2019\u0130 TEK HAMLEDE YEND\u0130! BUNUN \u0130\u00c7\u0130N AYI KIZIN B\u0130R HEYKEL\u0130N\u0130 D\u0130KECEKLER M\u0130?!Paralel d\u00fcnyaya hileli Kuma k\u0131yafetiyle s\u00fcr\u00fcklenen k\u0131z, Yuna. Yeni yiyecek malzemeleri aramaya geldi\u011fi<span class=\"excerpt-hellip\"> [\u2026]<\/span><\/p>\n","protected":false},"featured_media":0,"template":"","meta":{"_monsterinsights_skip_tracking":false,"_monsterinsights_sitenote_active":false,"_monsterinsights_sitenote_note":"","_monsterinsights_sitenote_category":0},"product_brand":[],"product_cat":[12416,12291],"product_tag":[],"class_list":{"0":"post-770362","1":"product","2":"type-product","3":"status-publish","5":"product_cat-cizgi-roman","6":"product_cat-edebiyat","7":"pa_cilt-ciltsiz","8":"pa_tur-kitap","9":"pa_yayinevi-kayip-kita-yayinlari","10":"pa_yazar-kumanano","12":"first","13":"instock","14":"sale","15":"shipping-taxable","16":"purchasable","17":"product-type-simple"},"_links":{"self":[{"href":"https:\/\/roveyayinevi.com.tr\/index.php\/wp-json\/wp\/v2\/product\/770362","targetHints":{"allow":["GET"]}}],"collection":[{"href":"https:\/\/roveyayinevi.com.tr\/index.php\/wp-json\/wp\/v2\/product"}],"about":[{"href":"https:\/\/roveyayinevi.com.tr\/index.php\/wp-json\/wp\/v2\/types\/product"}],"wp:attachment":[{"href":"https:\/\/roveyayinevi.com.tr\/index.php\/wp-json\/wp\/v2\/media?parent=770362"}],"wp:term":[{"taxonomy":"product_brand","embeddable":true,"href":"https:\/\/roveyayinevi.com.tr\/index.php\/wp-json\/wp\/v2\/product_brand?post=770362"},{"taxonomy":"product_cat","embeddable":true,"href":"https:\/\/roveyayinevi.com.tr\/index.php\/wp-json\/wp\/v2\/product_cat?post=770362"},{"taxonomy":"product_tag","embeddable":true,"href":"https:\/\/roveyayinevi.com.tr\/index.php\/wp-json\/wp\/v2\/product_tag?post=770362"}],"curies":[{"name":"wp","href":"https:\/\/api.w.org\/{rel}","templated":true}]}}