{"id":770322,"date":"2025-08-28T14:25:40","date_gmt":"2025-08-28T11:25:40","guid":{"rendered":"https:\/\/roveyayinevi.com.tr\/index.php\/urun\/gonderilen-enis-batur-edebiyatimizin-kirk-bes-yilinin-yazar-yayinci-mektuplasmalari\/"},"modified":"2026-04-15T03:36:38","modified_gmt":"2026-04-15T00:36:38","slug":"gonderilen-enis-batur-edebiyatimizin-kirk-bes-yilinin-yazar-yayinci-mektuplasmalari","status":"publish","type":"product","link":"https:\/\/roveyayinevi.com.tr\/index.php\/urun\/gonderilen-enis-batur-edebiyatimizin-kirk-bes-yilinin-yazar-yayinci-mektuplasmalari\/","title":{"rendered":"G\u00f6nderilen: Enis Batur &#8211; Edebiyat\u0131m\u0131z\u0131n K\u0131rk Be\u015f Y\u0131l\u0131n\u0131n Yazar &#8211; Yay\u0131nc\u0131 Mektupla\u015fmalar\u0131"},"content":{"rendered":"<p>G\u00f6nderilen: Enis Batur\u2019daki ilk mektup Yusuf At\u0131lgan\u2019dan 26 Ocak 1973 tarihli, en yeni mektup ise 18 Kas\u0131m 2018\u2019de Ferit Edg\u00fc\u2019den geliyor. Dolay\u0131s\u0131yla yay\u0131nc\u0131l\u0131k tarihimizin k\u0131rk be\u015f y\u0131ll\u0131k d\u00f6nemine ait tan\u0131kl\u0131klarla kar\u015f\u0131 kar\u015f\u0131yay\u0131z.\u015eair, yazar, duayen yay\u0131nc\u0131 Enis Batur\u2019un Ankara\u2019da ba\u015flayan ve \u0130stanbul\u2019a ta\u015f\u0131nan yay\u0131nc\u0131l\u0131k faaliyetini, edebiyat\u00e7\u0131larla kurdu\u011fu ili\u015fkileri mektuplarda izleyebiliyoruz. Bu kitap Leyl\u00e2 Erbil, Oktay Rifat, Melih Cevdet, Ece Ayhan, Edip Cansever, \u0130lhan Berk, Nuri Pakdil, Selim \u0130leri, Mustafa Irgat, Sel\u00e7uk Demirel, k\u00fc\u00e7\u00fck \u0130skender gibi \u00f6nemli pek \u00e7ok yazar ve \u015fairimizin yay\u0131n ser\u00fcvenine \u0131\u015f\u0131k tutacak.<\/p>\n","protected":false},"excerpt":{"rendered":"<p>G\u00f6nderilen: Enis Batur\u2019daki ilk mektup Yusuf At\u0131lgan\u2019dan 26 Ocak 1973 tarihli, en yeni mektup ise 18 Kas\u0131m 2018\u2019de Ferit Edg\u00fc\u2019den geliyor. Dolay\u0131s\u0131yla yay\u0131nc\u0131l\u0131k tarihimizin k\u0131rk be\u015f<span class=\"excerpt-hellip\"> [\u2026]<\/span><\/p>\n","protected":false},"featured_media":0,"template":"","meta":{"_monsterinsights_skip_tracking":false,"_monsterinsights_sitenote_active":false,"_monsterinsights_sitenote_note":"","_monsterinsights_sitenote_category":0},"product_brand":[],"product_cat":[13072,12291],"product_tag":[],"class_list":{"0":"post-770322","1":"product","2":"type-product","3":"status-publish","5":"product_cat-arastirma-inceleme-referans","6":"product_cat-edebiyat","7":"pa_cilt-ciltsiz","8":"pa_tur-kitap","9":"pa_yayinevi-is-bankasi-kultur-yayinlari","10":"pa_yazar-kolektif","12":"first","13":"instock","14":"sale","15":"shipping-taxable","16":"purchasable","17":"product-type-simple"},"_links":{"self":[{"href":"https:\/\/roveyayinevi.com.tr\/index.php\/wp-json\/wp\/v2\/product\/770322","targetHints":{"allow":["GET"]}}],"collection":[{"href":"https:\/\/roveyayinevi.com.tr\/index.php\/wp-json\/wp\/v2\/product"}],"about":[{"href":"https:\/\/roveyayinevi.com.tr\/index.php\/wp-json\/wp\/v2\/types\/product"}],"wp:attachment":[{"href":"https:\/\/roveyayinevi.com.tr\/index.php\/wp-json\/wp\/v2\/media?parent=770322"}],"wp:term":[{"taxonomy":"product_brand","embeddable":true,"href":"https:\/\/roveyayinevi.com.tr\/index.php\/wp-json\/wp\/v2\/product_brand?post=770322"},{"taxonomy":"product_cat","embeddable":true,"href":"https:\/\/roveyayinevi.com.tr\/index.php\/wp-json\/wp\/v2\/product_cat?post=770322"},{"taxonomy":"product_tag","embeddable":true,"href":"https:\/\/roveyayinevi.com.tr\/index.php\/wp-json\/wp\/v2\/product_tag?post=770322"}],"curies":[{"name":"wp","href":"https:\/\/api.w.org\/{rel}","templated":true}]}}