{"id":770317,"date":"2025-08-28T14:25:28","date_gmt":"2025-08-28T11:25:28","guid":{"rendered":"https:\/\/roveyayinevi.com.tr\/index.php\/urun\/elise-gunahkar-kadin\/"},"modified":"2026-04-15T03:36:38","modified_gmt":"2026-04-15T00:36:38","slug":"elise-gunahkar-kadin","status":"publish","type":"product","link":"https:\/\/roveyayinevi.com.tr\/index.php\/urun\/elise-gunahkar-kadin\/","title":{"rendered":"Elise &#8211; G\u00fcnahkar Kad\u0131n"},"content":{"rendered":"<p>&#8220;\u00d6l\u00fcm kolay m\u0131 san\u0131yorsun Elise, sen cehennem ate\u015flerinde yanmaktan korkars\u0131n!&#8221;           &#8220;Can\u0131n\u0131 yakacak en son ki\u015fiyim Karaca. Ama sen&#8230; Sen, beni derinden incitensin.&#8221; Hayra yoracak ge\u00e7mi\u015f ezberlerim yok! Kendimle kar\u015f\u0131la\u015fmak; iki yabanc\u0131n\u0131n may\u0131n tarlas\u0131nda el s\u0131k\u0131\u015fmas\u0131 kadar komik ve hazin bir hayal. \u0130\u00e7imde ye\u015feren taze intihar eylemleri, Boynuma as\u0131lan halatlar, V\u00fccudumu kemiren ha\u015fereler. Hepsinin nedeni seni unutmu\u015f olmam&#8230; Unutmayaca\u011f\u0131ma s\u00f6z vermi\u015ftim de\u011fil mi ?mi? Akl\u0131m gibi y\u00fcre\u011fimde hain, unutturdu bana seni. Yeni bir d\u00fcnya bulursak e\u011fer, s\u00f6z veriyorum orada tekrar sevece\u011fim seni. \u015eimdi gelgit akl\u0131m\u0131 ba\u011f\u0131\u015fla! \u00d6l\u00fcmle ya\u015fam aras\u0131ndaki son ba\u011f\u0131m\u0131 koparmadan \u00f6nce; Bana neden \u00f6lmek i\u00e7in \u00e7aba harcad\u0131\u011f\u0131m\u0131 anlat. Ni\u00e7in \u00f6lmeliyim? &#8220;Elise hat\u0131rla. Hi\u00e7 de\u011filse beni hat\u0131rla!&#8221; <\/p>\n","protected":false},"excerpt":{"rendered":"<p>&#8220;\u00d6l\u00fcm kolay m\u0131 san\u0131yorsun Elise, sen cehennem ate\u015flerinde yanmaktan korkars\u0131n!&#8221; &#8220;Can\u0131n\u0131 yakacak en son ki\u015fiyim Karaca. Ama sen&#8230; Sen, beni derinden incitensin.&#8221; Hayra yoracak ge\u00e7mi\u015f ezberlerim<span class=\"excerpt-hellip\"> [\u2026]<\/span><\/p>\n","protected":false},"featured_media":0,"template":"","meta":{"_monsterinsights_skip_tracking":false,"_monsterinsights_sitenote_active":false,"_monsterinsights_sitenote_note":"","_monsterinsights_sitenote_category":0},"product_brand":[],"product_cat":[12291,12711],"product_tag":[],"class_list":{"0":"post-770317","1":"product","2":"type-product","3":"status-publish","5":"product_cat-edebiyat","6":"product_cat-roman-oyku","7":"pa_cilt-ciltsiz","8":"pa_tur-kitap","9":"pa_yayinevi-kitap-muptelasi-yayinlari","10":"pa_yazar-semra-senol","12":"first","13":"instock","14":"sale","15":"shipping-taxable","16":"purchasable","17":"product-type-simple"},"_links":{"self":[{"href":"https:\/\/roveyayinevi.com.tr\/index.php\/wp-json\/wp\/v2\/product\/770317","targetHints":{"allow":["GET"]}}],"collection":[{"href":"https:\/\/roveyayinevi.com.tr\/index.php\/wp-json\/wp\/v2\/product"}],"about":[{"href":"https:\/\/roveyayinevi.com.tr\/index.php\/wp-json\/wp\/v2\/types\/product"}],"wp:attachment":[{"href":"https:\/\/roveyayinevi.com.tr\/index.php\/wp-json\/wp\/v2\/media?parent=770317"}],"wp:term":[{"taxonomy":"product_brand","embeddable":true,"href":"https:\/\/roveyayinevi.com.tr\/index.php\/wp-json\/wp\/v2\/product_brand?post=770317"},{"taxonomy":"product_cat","embeddable":true,"href":"https:\/\/roveyayinevi.com.tr\/index.php\/wp-json\/wp\/v2\/product_cat?post=770317"},{"taxonomy":"product_tag","embeddable":true,"href":"https:\/\/roveyayinevi.com.tr\/index.php\/wp-json\/wp\/v2\/product_tag?post=770317"}],"curies":[{"name":"wp","href":"https:\/\/api.w.org\/{rel}","templated":true}]}}