{"id":770287,"date":"2025-08-28T14:24:27","date_gmt":"2025-08-28T11:24:27","guid":{"rendered":"https:\/\/roveyayinevi.com.tr\/index.php\/urun\/arusyak-papazyan\/"},"modified":"2026-04-15T03:36:37","modified_gmt":"2026-04-15T00:36:37","slug":"arusyak-papazyan","status":"publish","type":"product","link":"https:\/\/roveyayinevi.com.tr\/index.php\/urun\/arusyak-papazyan\/","title":{"rendered":"Arusyak Papazyan"},"content":{"rendered":"<p>Osmanl\u0131 \u0130mparatorlu\u011fu\u2019nda sahneye \u00e7\u0131kan ilk profesyonel kad\u0131n oyuncunun ya\u015fam\u0131na ve d\u00f6nemin kad\u0131n m\u00fccadelesine dair derin bir ke\u015fif. Barkev Bal\u0131myan, Arusyak Papazyan\u2019\u0131n ya\u015fam\u00f6yk\u00fcs\u00fcn\u00fc, tiyatro a\u015fk\u0131yla ve g\u00fcc\u00fcyle \u015fekillenen bir direni\u015f \u00f6yk\u00fcs\u00fcne d\u00f6n\u00fc\u015ft\u00fcrerek aktar\u0131yor. Bat\u0131 tarz\u0131 tiyatronun Osmanl\u0131 topraklar\u0131na giri\u015fi ve kad\u0131n oyuncular\u0131n sahneye \u00e7\u0131kma m\u00fccadelesi \u00fczerinden Osmanl\u0131 halklar\u0131n\u0131n ve \u00f6zellikle Osmanl\u0131 Ermeni toplumunun kad\u0131nlara bak\u0131\u015f\u0131n\u0131 derinlemesine inceliyor.<\/p>\n","protected":false},"excerpt":{"rendered":"<p>Osmanl\u0131 \u0130mparatorlu\u011fu\u2019nda sahneye \u00e7\u0131kan ilk profesyonel kad\u0131n oyuncunun ya\u015fam\u0131na ve d\u00f6nemin kad\u0131n m\u00fccadelesine dair derin bir ke\u015fif. Barkev Bal\u0131myan, Arusyak Papazyan\u2019\u0131n ya\u015fam\u00f6yk\u00fcs\u00fcn\u00fc, tiyatro a\u015fk\u0131yla ve g\u00fcc\u00fcyle<span class=\"excerpt-hellip\"> [\u2026]<\/span><\/p>\n","protected":false},"featured_media":0,"template":"","meta":{"_monsterinsights_skip_tracking":false,"_monsterinsights_sitenote_active":false,"_monsterinsights_sitenote_note":"","_monsterinsights_sitenote_category":0},"product_brand":[],"product_cat":[13946,12304],"product_tag":[],"class_list":{"0":"post-770287","1":"product","2":"type-product","3":"status-publish","5":"product_cat-biyografi-otobiyografi","6":"product_cat-tarih","7":"pa_cilt-ciltsiz","8":"pa_tur-kitap","9":"pa_yayinevi-aras-yayinlari","10":"pa_yazar-barkev-balimyan","12":"first","13":"instock","14":"sale","15":"shipping-taxable","16":"purchasable","17":"product-type-simple"},"_links":{"self":[{"href":"https:\/\/roveyayinevi.com.tr\/index.php\/wp-json\/wp\/v2\/product\/770287","targetHints":{"allow":["GET"]}}],"collection":[{"href":"https:\/\/roveyayinevi.com.tr\/index.php\/wp-json\/wp\/v2\/product"}],"about":[{"href":"https:\/\/roveyayinevi.com.tr\/index.php\/wp-json\/wp\/v2\/types\/product"}],"wp:attachment":[{"href":"https:\/\/roveyayinevi.com.tr\/index.php\/wp-json\/wp\/v2\/media?parent=770287"}],"wp:term":[{"taxonomy":"product_brand","embeddable":true,"href":"https:\/\/roveyayinevi.com.tr\/index.php\/wp-json\/wp\/v2\/product_brand?post=770287"},{"taxonomy":"product_cat","embeddable":true,"href":"https:\/\/roveyayinevi.com.tr\/index.php\/wp-json\/wp\/v2\/product_cat?post=770287"},{"taxonomy":"product_tag","embeddable":true,"href":"https:\/\/roveyayinevi.com.tr\/index.php\/wp-json\/wp\/v2\/product_tag?post=770287"}],"curies":[{"name":"wp","href":"https:\/\/api.w.org\/{rel}","templated":true}]}}