{"id":770284,"date":"2025-08-28T14:24:22","date_gmt":"2025-08-28T11:24:22","guid":{"rendered":"https:\/\/roveyayinevi.com.tr\/index.php\/urun\/ziya-gokalp-kitabi\/"},"modified":"2026-04-15T03:36:37","modified_gmt":"2026-04-15T00:36:37","slug":"ziya-gokalp-kitabi","status":"publish","type":"product","link":"https:\/\/roveyayinevi.com.tr\/index.php\/urun\/ziya-gokalp-kitabi\/","title":{"rendered":"Ziya G\u00f6kalp Kitab\u0131"},"content":{"rendered":"<p>Bu eserde T\u00fcrk d\u00fc\u015f\u00fcnce hayat\u0131n\u0131n ve edebiyat\u0131n\u0131n \u00f6nde gelen isimlerinden biri ve T\u00fcrkiye Cumhuriyeti Devletimizin k\u00fclt\u00fcr temellerinin at\u0131lmas\u0131nda \u00f6nemli katk\u0131lar\u0131 olan Ziya G\u00f6kalp\u2019in hayat\u0131, eserleri, d\u00fc\u015f\u00fcnceleri, sanat\u0131 bir\u00e7ok boyutuyla ele al\u0131n\u0131p incelenmi\u015ftir. \u00d6zellikle onun T\u00fcrk\u00e7\u00fcl\u00fc\u011f\u00fc, Turanc\u0131l\u0131\u011f\u0131, T\u00fcrk dilinin sadele\u015ftirilmesine, mill\u00ee birli\u011fin sa\u011flanmas\u0131na ve Mill\u00ee Edebiyata olan katk\u0131lar\u0131 \u00fczerinde durulmu\u015f, ki\u015fili\u011fi etraf\u0131ndaki \u015f\u00fcpheleri giderici nitelikteki bilgilere yer verilmi\u015ftir. <\/p>\n","protected":false},"excerpt":{"rendered":"<p>Bu eserde T\u00fcrk d\u00fc\u015f\u00fcnce hayat\u0131n\u0131n ve edebiyat\u0131n\u0131n \u00f6nde gelen isimlerinden biri ve T\u00fcrkiye Cumhuriyeti Devletimizin k\u00fclt\u00fcr temellerinin at\u0131lmas\u0131nda \u00f6nemli katk\u0131lar\u0131 olan Ziya G\u00f6kalp\u2019in hayat\u0131, eserleri, d\u00fc\u015f\u00fcnceleri,<span class=\"excerpt-hellip\"> [\u2026]<\/span><\/p>\n","protected":false},"featured_media":0,"template":"","meta":{"_monsterinsights_skip_tracking":false,"_monsterinsights_sitenote_active":false,"_monsterinsights_sitenote_note":"","_monsterinsights_sitenote_category":0},"product_brand":[],"product_cat":[13072,12291],"product_tag":[],"class_list":{"0":"post-770284","1":"product","2":"type-product","3":"status-publish","5":"product_cat-arastirma-inceleme-referans","6":"product_cat-edebiyat","7":"pa_cilt-ciltsiz","8":"pa_tur-kitap","9":"pa_yayinevi-kamutay-yayinlari","10":"pa_yazar-nurullah-cetin","12":"first","13":"instock","14":"sale","15":"shipping-taxable","16":"purchasable","17":"product-type-simple"},"_links":{"self":[{"href":"https:\/\/roveyayinevi.com.tr\/index.php\/wp-json\/wp\/v2\/product\/770284","targetHints":{"allow":["GET"]}}],"collection":[{"href":"https:\/\/roveyayinevi.com.tr\/index.php\/wp-json\/wp\/v2\/product"}],"about":[{"href":"https:\/\/roveyayinevi.com.tr\/index.php\/wp-json\/wp\/v2\/types\/product"}],"wp:attachment":[{"href":"https:\/\/roveyayinevi.com.tr\/index.php\/wp-json\/wp\/v2\/media?parent=770284"}],"wp:term":[{"taxonomy":"product_brand","embeddable":true,"href":"https:\/\/roveyayinevi.com.tr\/index.php\/wp-json\/wp\/v2\/product_brand?post=770284"},{"taxonomy":"product_cat","embeddable":true,"href":"https:\/\/roveyayinevi.com.tr\/index.php\/wp-json\/wp\/v2\/product_cat?post=770284"},{"taxonomy":"product_tag","embeddable":true,"href":"https:\/\/roveyayinevi.com.tr\/index.php\/wp-json\/wp\/v2\/product_tag?post=770284"}],"curies":[{"name":"wp","href":"https:\/\/api.w.org\/{rel}","templated":true}]}}