{"id":770281,"date":"2025-08-28T14:24:15","date_gmt":"2025-08-28T11:24:15","guid":{"rendered":"https:\/\/roveyayinevi.com.tr\/index.php\/urun\/peyami-safa-ve-romanciligi\/"},"modified":"2026-04-15T03:36:36","modified_gmt":"2026-04-15T00:36:36","slug":"peyami-safa-ve-romanciligi","status":"publish","type":"product","link":"https:\/\/roveyayinevi.com.tr\/index.php\/urun\/peyami-safa-ve-romanciligi\/","title":{"rendered":"Peyami Safa ve Romanc\u0131l\u0131\u011f\u0131"},"content":{"rendered":"<p>Bu eserde Cumhuriyet d\u00f6nemi T\u00fcrk romanc\u0131l\u0131\u011f\u0131n\u0131n zirve isimlerinden biri olan Peyami Safa\u2019n\u0131n hayat hik\u00e2yesine, fikirlerine, sanat\u0131na, eserlerine ve se\u00e7ilen alt\u0131 roman\u0131 \u00fczerine \u00e7\u00f6z\u00fcmlemelere yer verildi. Bu \u00e7al\u0131\u015fmada onun roman tekni\u011fi, dili, \u00fcslubu ve kurgu ustal\u0131\u011f\u0131 metin \u00e7\u00f6z\u00fcmlemeleri \u00fczerinden somut \u00f6rnekliklere dayal\u0131 olarak g\u00f6sterildi. <\/p>\n","protected":false},"excerpt":{"rendered":"<p>Bu eserde Cumhuriyet d\u00f6nemi T\u00fcrk romanc\u0131l\u0131\u011f\u0131n\u0131n zirve isimlerinden biri olan Peyami Safa\u2019n\u0131n hayat hik\u00e2yesine, fikirlerine, sanat\u0131na, eserlerine ve se\u00e7ilen alt\u0131 roman\u0131 \u00fczerine \u00e7\u00f6z\u00fcmlemelere yer verildi. Bu<span class=\"excerpt-hellip\"> [\u2026]<\/span><\/p>\n","protected":false},"featured_media":0,"template":"","meta":{"_monsterinsights_skip_tracking":false,"_monsterinsights_sitenote_active":false,"_monsterinsights_sitenote_note":"","_monsterinsights_sitenote_category":0},"product_brand":[],"product_cat":[13072,12291],"product_tag":[],"class_list":{"0":"post-770281","1":"product","2":"type-product","3":"status-publish","5":"product_cat-arastirma-inceleme-referans","6":"product_cat-edebiyat","7":"pa_cilt-ciltsiz","8":"pa_tur-kitap","9":"pa_yayinevi-bilge-budun-yayinlari","10":"pa_yazar-nurullah-cetin","12":"first","13":"instock","14":"sale","15":"shipping-taxable","16":"purchasable","17":"product-type-simple"},"_links":{"self":[{"href":"https:\/\/roveyayinevi.com.tr\/index.php\/wp-json\/wp\/v2\/product\/770281","targetHints":{"allow":["GET"]}}],"collection":[{"href":"https:\/\/roveyayinevi.com.tr\/index.php\/wp-json\/wp\/v2\/product"}],"about":[{"href":"https:\/\/roveyayinevi.com.tr\/index.php\/wp-json\/wp\/v2\/types\/product"}],"wp:attachment":[{"href":"https:\/\/roveyayinevi.com.tr\/index.php\/wp-json\/wp\/v2\/media?parent=770281"}],"wp:term":[{"taxonomy":"product_brand","embeddable":true,"href":"https:\/\/roveyayinevi.com.tr\/index.php\/wp-json\/wp\/v2\/product_brand?post=770281"},{"taxonomy":"product_cat","embeddable":true,"href":"https:\/\/roveyayinevi.com.tr\/index.php\/wp-json\/wp\/v2\/product_cat?post=770281"},{"taxonomy":"product_tag","embeddable":true,"href":"https:\/\/roveyayinevi.com.tr\/index.php\/wp-json\/wp\/v2\/product_tag?post=770281"}],"curies":[{"name":"wp","href":"https:\/\/api.w.org\/{rel}","templated":true}]}}