{"id":770275,"date":"2025-08-28T14:24:01","date_gmt":"2025-08-28T11:24:01","guid":{"rendered":"https:\/\/roveyayinevi.com.tr\/index.php\/urun\/vay-o-sairlere\/"},"modified":"2026-03-12T03:33:45","modified_gmt":"2026-03-12T00:33:45","slug":"vay-o-sairlere","status":"publish","type":"product","link":"https:\/\/roveyayinevi.com.tr\/index.php\/urun\/vay-o-sairlere\/","title":{"rendered":"Vay O \u015eairlere"},"content":{"rendered":"<p>\u201cBu kitap, \u015fiir serg\u00fcze\u015ftimizi ve \u015fairlerimizin d\u00fcnyas\u0131n\u0131 ilgin\u00e7 ba\u015fl\u0131klar alt\u0131nda inceliyor. Ne akademik ne de basit bir tonda; tam tad\u0131nda ve tuzunda\u2026\u201d   \u201cGer\u00e7ek \u015fairler \u015fiirle malul olarak do\u011farlar&#8230; Onlar \u015fiiri b\u0131rakmak isteseler \u015fiir onlar\u0131 b\u0131rakmaz. En iyilerinin, hepsi de\u011filse bile, herh\u00e2lde bir\u00e7o\u011fu gen\u00e7liklerinde takdir edilmezler, ancak ihtiyarlad\u0131klar\u0131nda, hatta baz\u0131 kere ancak \u00f6l\u00fcmlerinden sonra halk\u0131n sayg\u0131s\u0131n\u0131 g\u00f6r\u00fcrler. \u0130lk eserlerini verdikleri zaman \u00e7ok g\u00fc\u00e7 olarak \u015fairler s\u0131ras\u0131na konulurlar. Heyhat, bir defa da o s\u0131raya girerlerse \u015fairli\u011fin damgas\u0131 al\u0131nlar\u0131nda bir mahk\u00fbm i\u015fareti gibi durur. Ciddi meslekler, mevkiler ve i\u015fler, kendilerine \u00e7ok g\u00f6r\u00fcl\u00fcr. Hayat\u0131n saadetleri kendilerine bir t\u00fcrl\u00fc yara\u015ft\u0131r\u0131lamaz.\u201d     (Y. Kemal Beyatl\u0131)   \u201cUnutmayal\u0131m ki \u015fiir, aln\u0131 vahiy ve k\u0131yamet g\u00fcn\u00fc \u00fcrpertisiyle a\u015f\u0131l\u0131 hikmetten yanad\u0131r; \u015eeytan\u2019\u0131n dil s\u00fcr\u00e7mesi de\u011fildir \u015fiir; o, \u00f6zg\u00fcrl\u00fc\u011f\u00fc sever ama bu \u00f6zg\u00fcrl\u00fck i\u011fvan\u0131n ve i\u011ffalin \u00f6zg\u00fcrl\u00fc\u011f\u00fc de\u011fildir.\u201d     (Sezai Karako\u00e7) <\/p>\n","protected":false},"excerpt":{"rendered":"<p>\u201cBu kitap, \u015fiir serg\u00fcze\u015ftimizi ve \u015fairlerimizin d\u00fcnyas\u0131n\u0131 ilgin\u00e7 ba\u015fl\u0131klar alt\u0131nda inceliyor. Ne akademik ne de basit bir tonda; tam tad\u0131nda ve tuzunda\u2026\u201d \u201cGer\u00e7ek \u015fairler \u015fiirle malul<span class=\"excerpt-hellip\"> [\u2026]<\/span><\/p>\n","protected":false},"featured_media":0,"template":"","meta":{"_monsterinsights_skip_tracking":false,"_monsterinsights_sitenote_active":false,"_monsterinsights_sitenote_note":"","_monsterinsights_sitenote_category":0},"product_brand":[],"product_cat":[13072,12291],"product_tag":[],"class_list":{"0":"post-770275","1":"product","2":"type-product","3":"status-publish","5":"product_cat-arastirma-inceleme-referans","6":"product_cat-edebiyat","7":"pa_cilt-ciltsiz","8":"pa_tur-kitap","9":"pa_yayinevi-halbuki-yayinlari","10":"pa_yazar-olgun-albayrak","12":"first","13":"instock","14":"sale","15":"shipping-taxable","16":"purchasable","17":"product-type-simple"},"_links":{"self":[{"href":"https:\/\/roveyayinevi.com.tr\/index.php\/wp-json\/wp\/v2\/product\/770275","targetHints":{"allow":["GET"]}}],"collection":[{"href":"https:\/\/roveyayinevi.com.tr\/index.php\/wp-json\/wp\/v2\/product"}],"about":[{"href":"https:\/\/roveyayinevi.com.tr\/index.php\/wp-json\/wp\/v2\/types\/product"}],"wp:attachment":[{"href":"https:\/\/roveyayinevi.com.tr\/index.php\/wp-json\/wp\/v2\/media?parent=770275"}],"wp:term":[{"taxonomy":"product_brand","embeddable":true,"href":"https:\/\/roveyayinevi.com.tr\/index.php\/wp-json\/wp\/v2\/product_brand?post=770275"},{"taxonomy":"product_cat","embeddable":true,"href":"https:\/\/roveyayinevi.com.tr\/index.php\/wp-json\/wp\/v2\/product_cat?post=770275"},{"taxonomy":"product_tag","embeddable":true,"href":"https:\/\/roveyayinevi.com.tr\/index.php\/wp-json\/wp\/v2\/product_tag?post=770275"}],"curies":[{"name":"wp","href":"https:\/\/api.w.org\/{rel}","templated":true}]}}