{"id":770273,"date":"2025-08-28T14:23:58","date_gmt":"2025-08-28T11:23:58","guid":{"rendered":"https:\/\/roveyayinevi.com.tr\/index.php\/urun\/kalbin-kurtulusu\/"},"modified":"2026-04-15T03:36:36","modified_gmt":"2026-04-15T00:36:36","slug":"kalbin-kurtulusu","status":"publish","type":"product","link":"https:\/\/roveyayinevi.com.tr\/index.php\/urun\/kalbin-kurtulusu\/","title":{"rendered":"Kalbin Kurtulu\u015fu"},"content":{"rendered":"<p>Ey vicdanl\u0131, sorumlu t\u00fcm insanlar.. Kur\u2019\u00e2n zaman\u0131 ba\u015flam\u0131\u015ft\u0131r. \u015eu zor g\u00fcnler i\u00e7inde. Allah\u2019\u0131n yard\u0131m\u0131na ihtiyac\u0131m\u0131z var. Allah\u2019\u0131n ipine s\u0131k\u0131ca sar\u0131lmaya. Kurtulu\u015fumuz. Allah\u2019\u0131n yard\u0131m\u0131ylad\u0131r. B\u00fct\u00fcn insanlar\u0131n. Kendiyle y\u00fczle\u015fme zaman\u0131d\u0131r. \u0130manlar\u0131. Kalbe inmi\u015f midir. Yoksa \u015fekilsel bir h\u00e2lde midir ibadetleriniz. Bilin ki. Kendinizi aldatsan\u0131z bile. Rabbinizi aldatamazs\u0131n\u0131z. \u00c7ocuklar\u0131n\u0131z i\u00e7in. Neslimizin. Yery\u00fcz\u00fcn\u00fcn korunmas\u0131 i\u00e7in. Kalbin kurtulu\u015fu i\u00e7in. Topluca k\u0131yam etmeye haz\u0131r m\u0131s\u0131n\u0131z? Sorun kendinize. D\u00fcnyan\u0131n durumu bunu gerektiriyor. \u0130nsan ku\u015fat\u0131l\u0131yor. Her anlamda. Her \u015feyi g\u00f6ren g\u00f6z. \u2018Yapay Zek\u00e2 Mesihi\u2019. Son kalemizi de. Kalbimizi ele ge\u00e7irmeye \u00e7al\u0131\u015f\u0131yor. KALB\u0130N KURTULU\u015eU Anlamak i\u00e7in gayret edin biraz. Neler oluyor. G\u0131da. Silah. Sa\u011fl\u0131k. Teknoloji. Elektromanyetik tetikleme. Nano \u00e7ipler. Grafen. Palantir. N\u00f6trinolar. Stargate. Kuantum h\u0131z. Manyetik kutuplar.. Ve 6G!.. \u0130nsan\u0131. Yery\u00fcz\u00fc Halifesi \u0130nsan\u0131. Pil yapacaklar. Bilgisayar ve insan birle\u015fecek. Aray\u00fcz. Hayalet alan. Kuantum g\u00f6z. A\u00e7\u0131n g\u00f6zlerinizi. Hepsi birden. Bir sabah. A\u00e7\u0131nca g\u00f6zlerinizi. D\u00fcnya ba\u015fka bir d\u00fcnya olacak. Hi\u00e7bir \u015fey anlamayacaks\u0131n\u0131z. Ve ses. Siren sesi gibi. Oldu\u011funuz yerde \u00e7aresiz kalacaks\u0131n\u0131z. Sirenler \u00e7alacak. Kurtulacak olanlar. Yeniden Dirili\u015fin Habercileri. Kur\u2019\u00e2n\u2019\u0131n i\u00e7inde ya\u015fayanlar. Kalblerinde nur olanlar. \u0130man\u0131 kalbine inenler. M\u00e2nevi z\u0131rh\u0131n\u0131 ku\u015fanm\u0131\u015f olanlar. Evet, Cen\u00e2b-\u0131 Allah\u2019\u0131n salih amel i\u015fleyen kullar\u0131. Onlar kurtulacak.<\/p>\n","protected":false},"excerpt":{"rendered":"<p>Ey vicdanl\u0131, sorumlu t\u00fcm insanlar.. Kur\u2019\u00e2n zaman\u0131 ba\u015flam\u0131\u015ft\u0131r. \u015eu zor g\u00fcnler i\u00e7inde. Allah\u2019\u0131n yard\u0131m\u0131na ihtiyac\u0131m\u0131z var. Allah\u2019\u0131n ipine s\u0131k\u0131ca sar\u0131lmaya. Kurtulu\u015fumuz. Allah\u2019\u0131n yard\u0131m\u0131ylad\u0131r. B\u00fct\u00fcn insanlar\u0131n. Kendiyle<span class=\"excerpt-hellip\"> [\u2026]<\/span><\/p>\n","protected":false},"featured_media":0,"template":"","meta":{"_monsterinsights_skip_tracking":false,"_monsterinsights_sitenote_active":false,"_monsterinsights_sitenote_note":"","_monsterinsights_sitenote_category":0},"product_brand":[],"product_cat":[12718,12719,15238],"product_tag":[],"class_list":{"0":"post-770273","1":"product","2":"type-product","3":"status-publish","5":"product_cat-din","6":"product_cat-islam","7":"product_cat-tasavvuf","8":"pa_cilt-ciltsiz","9":"pa_tur-kitap","10":"pa_yayinevi-hayykitap","11":"pa_yazar-hayati-sir","13":"first","14":"instock","15":"sale","16":"shipping-taxable","17":"purchasable","18":"product-type-simple"},"_links":{"self":[{"href":"https:\/\/roveyayinevi.com.tr\/index.php\/wp-json\/wp\/v2\/product\/770273","targetHints":{"allow":["GET"]}}],"collection":[{"href":"https:\/\/roveyayinevi.com.tr\/index.php\/wp-json\/wp\/v2\/product"}],"about":[{"href":"https:\/\/roveyayinevi.com.tr\/index.php\/wp-json\/wp\/v2\/types\/product"}],"wp:attachment":[{"href":"https:\/\/roveyayinevi.com.tr\/index.php\/wp-json\/wp\/v2\/media?parent=770273"}],"wp:term":[{"taxonomy":"product_brand","embeddable":true,"href":"https:\/\/roveyayinevi.com.tr\/index.php\/wp-json\/wp\/v2\/product_brand?post=770273"},{"taxonomy":"product_cat","embeddable":true,"href":"https:\/\/roveyayinevi.com.tr\/index.php\/wp-json\/wp\/v2\/product_cat?post=770273"},{"taxonomy":"product_tag","embeddable":true,"href":"https:\/\/roveyayinevi.com.tr\/index.php\/wp-json\/wp\/v2\/product_tag?post=770273"}],"curies":[{"name":"wp","href":"https:\/\/api.w.org\/{rel}","templated":true}]}}