{"id":770272,"date":"2025-08-28T14:23:56","date_gmt":"2025-08-28T11:23:56","guid":{"rendered":"https:\/\/roveyayinevi.com.tr\/index.php\/urun\/olumsuz-2\/"},"modified":"2026-04-15T03:36:36","modified_gmt":"2026-04-15T00:36:36","slug":"olumsuz-2","status":"publish","type":"product","link":"https:\/\/roveyayinevi.com.tr\/index.php\/urun\/olumsuz-2\/","title":{"rendered":"\u00d6l\u00fcms\u00fcz"},"content":{"rendered":"<p>\u00c7inli bir bilim insan\u0131n\u0131n, genleri mutasyona u\u011fram\u0131\u015f iki bebe\u011fin d\u00fcnyaya geldi\u011fini duyurmas\u0131n\u0131n hemen ard\u0131ndan ka\u00e7\u0131r\u0131ld\u0131\u011f\u0131 haberi b\u00fct\u00fcn d\u00fcnyada bas\u0131n\u0131 aya\u011fa kald\u0131rm\u0131\u015f, gizli istihbarat\u00e7\u0131lar\u0131 harekete ge\u00e7irmi\u015ftir.   ABD ileri savunma teknolojileri ara\u015ft\u0131rma dairesi DARPA\u2019da g\u00f6revli bir bilim insan\u0131 oldu\u011funu s\u00f6yleyen bir yabanc\u0131, Lizbon\u2019da Tom\u00e1s Noronha\u2019yla ileti\u015fime ge\u00e7er ve ona Leonardo da Vinci\u2019nin Vitruvius Adam\u0131\u2019ndan esinlenilerek yarat\u0131lm\u0131\u015f gizli bir projeden bahseder. Ancak o anda bulunduklar\u0131 binada korkun\u00e7 bir patlama olur ve ka\u00e7t\u0131klar\u0131 metro ge\u00e7idinde \u00f6l\u00fcmc\u00fcl bir \u00e7\u00f6kme meydana gelir. T\u00fcm d\u00fcnyada yer yerinden oynarken Tom\u00e1s, insanl\u0131k tarihinin gelmi\u015f ge\u00e7mi\u015f en b\u00fcy\u00fck olay\u0131na \u015fahitlik etmek \u00fczere oldu\u011funu anlar: \u00f6l\u00fcms\u00fczl\u00fc\u011f\u00fcn ke\u015ffi.    Tanr\u0131\u2019n\u0131n Form\u00fcl\u00fc\u2019n\u00fcn yazar\u0131 Jos\u00e9 Rodrigues dos Santos\u2019un modern kahraman\u0131 Tom\u00e1s Noronha, bu kez son y\u0131llarda herkesin zihnini me\u015fgul eden yapay zek\u00e2 konusuyla kar\u015f\u0131m\u0131zda. \u0130nsanl\u0131\u011f\u0131n sonu mu geliyor, yoksa sadece yeni bir ba\u015flang\u0131c\u0131n e\u015fi\u011finde miyiz? \u00d6l\u00fcms\u00fcz, bilimin \u00f6l\u00fcms\u00fczl\u00fc\u011f\u00fc ke\u015ffetmeye ne kadar yak\u0131n oldu\u011fu ger\u00e7e\u011fine dikkat \u00e7ekiyor ve okuru insanl\u0131\u011f\u0131n her \u015feyi alt\u00fcst edecek kaderine do\u011fru nefes kesici bir yolculu\u011fa \u00e7\u0131kar\u0131yor.      \u201cDos Santos bizi d\u00fcnyan\u0131n \u2018\u00e7\u0131\u011f\u0131r\u0131ndan \u00e7\u0131kmas\u0131\u2019 \u00fczerine d\u00fc\u015f\u00fcnmeye zorluyor; algoritmalar taraf\u0131ndan kontrol edilen ve denetlenen, geri d\u00f6n\u00fc\u015f\u00fc olmayan bir \u015fekilde de\u011fi\u015fmi\u015f bir d\u00fcnya\u2026 Bu roman, ger\u00e7e\u011fe d\u00f6n\u00fc\u015fmesi ihtimali \u00e7ok da d\u00fc\u015f\u00fck olmayan o d\u00fcnyaya bir yolculuk niteli\u011finde.\u201d  Vis\u00e3o    \u201c\u00c7ok korkutucu. \u0130nsanl\u0131\u011f\u0131n neye d\u00f6n\u00fc\u015fece\u011fini g\u00f6zler \u00f6n\u00fcne seren bir roman\u2026 Dos Santos\u2019un kalemi ger\u00e7ekten g\u00fc\u00e7l\u00fc ve \u00d6l\u00fcms\u00fcz  \u00e7ok s\u00fcr\u00fckleyici.\u201d  TVI    \u201cDos Santos her zamanki gibi insanl\u0131\u011f\u0131n s\u0131ra d\u0131\u015f\u0131 y\u00f6n\u00fcne \u0131\u015f\u0131k tutuyor. Bu kitap y\u00fcre\u011finizin s\u0131k\u0131\u015fmas\u0131na neden olacak.\u201d  DansLesCoulisses     \u201cGelecekte bizi nelerin bekledi\u011fine dair bir uyar\u0131 niteli\u011finde.\u201d  Di\u00e1rio de Not\u00edcias    \u201c\u00d6l\u00fcms\u00fcz, t\u0131bb\u0131n, insan\u0131n ya\u015fam s\u00fcresini uzatmaya ve hatta \u00f6l\u00fcm\u00fc yenmeye olanak sa\u011flayacak teknolojik yeniliklerinden bahsediyor.\u201d  i    \u201c\u00dcrk\u00fct\u00fcc\u00fc bir hik\u00e2ye ama ayn\u0131 zamanda da insan\u0131 d\u00fc\u015f\u00fcnmeye sevk ediyor. Dos Santos, Avrupa\u2019n\u0131n en b\u00fcy\u00fck gerilim yazarlar\u0131ndan biri.\u201d  Arcachon    \u201cDos Santos, son derece ger\u00e7ek\u00e7i ve s\u00fcr\u00fckleyici bir dille, bilimin insan ya\u015fam\u0131n\u0131n en b\u00fcy\u00fck gizeminin \u00fcst\u00fcndeki s\u0131r perdesini kald\u0131rmaya \u00e7ok yakla\u015ft\u0131\u011f\u0131 fikrini detayl\u0131 bir \u015fekilde ele al\u0131yor.\u201d  Le Quotidien du Luxembourg    \u201cKonusunu bilimden alan nefes kesici bir gerilim\u2026 Ba\u011f\u0131ml\u0131l\u0131k yaratan bir roman.\u201d  Le Journal du Qu\u00e9bec  <\/p>\n","protected":false},"excerpt":{"rendered":"<p>\u00c7inli bir bilim insan\u0131n\u0131n, genleri mutasyona u\u011fram\u0131\u015f iki bebe\u011fin d\u00fcnyaya geldi\u011fini duyurmas\u0131n\u0131n hemen ard\u0131ndan ka\u00e7\u0131r\u0131ld\u0131\u011f\u0131 haberi b\u00fct\u00fcn d\u00fcnyada bas\u0131n\u0131 aya\u011fa kald\u0131rm\u0131\u015f, gizli istihbarat\u00e7\u0131lar\u0131 harekete ge\u00e7irmi\u015ftir. ABD<span class=\"excerpt-hellip\"> [\u2026]<\/span><\/p>\n","protected":false},"featured_media":0,"template":"","meta":{"_monsterinsights_skip_tracking":false,"_monsterinsights_sitenote_active":false,"_monsterinsights_sitenote_note":"","_monsterinsights_sitenote_category":0},"product_brand":[],"product_cat":[12291,17033],"product_tag":[],"class_list":{"0":"post-770272","1":"product","2":"type-product","3":"status-publish","5":"product_cat-edebiyat","6":"product_cat-korku-gerilim","7":"pa_cilt-ciltsiz","8":"pa_tur-kitap","9":"pa_yayinevi-pegasus-yayinlari","10":"pa_yazar-jose-rodrigues-dos-santos","12":"first","13":"instock","14":"sale","15":"shipping-taxable","16":"purchasable","17":"product-type-simple"},"_links":{"self":[{"href":"https:\/\/roveyayinevi.com.tr\/index.php\/wp-json\/wp\/v2\/product\/770272","targetHints":{"allow":["GET"]}}],"collection":[{"href":"https:\/\/roveyayinevi.com.tr\/index.php\/wp-json\/wp\/v2\/product"}],"about":[{"href":"https:\/\/roveyayinevi.com.tr\/index.php\/wp-json\/wp\/v2\/types\/product"}],"wp:attachment":[{"href":"https:\/\/roveyayinevi.com.tr\/index.php\/wp-json\/wp\/v2\/media?parent=770272"}],"wp:term":[{"taxonomy":"product_brand","embeddable":true,"href":"https:\/\/roveyayinevi.com.tr\/index.php\/wp-json\/wp\/v2\/product_brand?post=770272"},{"taxonomy":"product_cat","embeddable":true,"href":"https:\/\/roveyayinevi.com.tr\/index.php\/wp-json\/wp\/v2\/product_cat?post=770272"},{"taxonomy":"product_tag","embeddable":true,"href":"https:\/\/roveyayinevi.com.tr\/index.php\/wp-json\/wp\/v2\/product_tag?post=770272"}],"curies":[{"name":"wp","href":"https:\/\/api.w.org\/{rel}","templated":true}]}}