{"id":770269,"date":"2025-08-28T14:23:49","date_gmt":"2025-08-28T11:23:49","guid":{"rendered":"https:\/\/roveyayinevi.com.tr\/index.php\/urun\/hayatin-gercekleri-invincible-5\/"},"modified":"2026-04-15T03:36:36","modified_gmt":"2026-04-15T00:36:36","slug":"hayatin-gercekleri-invincible-5","status":"publish","type":"product","link":"https:\/\/roveyayinevi.com.tr\/index.php\/urun\/hayatin-gercekleri-invincible-5\/","title":{"rendered":"Hayat\u0131n Ger\u00e7ekleri &#8211; Invincible 5"},"content":{"rendered":"<p>S\u00fcper k\u00f6t\u00fclerle d\u00f6v\u00fc\u015fmek.    D\u00fcnyay\u0131 kurtarmak.    Gizli kimli\u011fini korumak.   S\u00fcper kahramanl\u0131k kolay olmad\u0131.   \u015eimdi de Mark Grayson \u00e2\u015f\u0131k oluyor.     \u0130\u015fler kar\u0131\u015fmaya ba\u015fl\u0131yor.  <\/p>\n","protected":false},"excerpt":{"rendered":"<p>S\u00fcper k\u00f6t\u00fclerle d\u00f6v\u00fc\u015fmek. D\u00fcnyay\u0131 kurtarmak. Gizli kimli\u011fini korumak. S\u00fcper kahramanl\u0131k kolay olmad\u0131. \u015eimdi de Mark Grayson \u00e2\u015f\u0131k oluyor. \u0130\u015fler kar\u0131\u015fmaya ba\u015fl\u0131yor.<\/p>\n","protected":false},"featured_media":0,"template":"","meta":{"_monsterinsights_skip_tracking":false,"_monsterinsights_sitenote_active":false,"_monsterinsights_sitenote_note":"","_monsterinsights_sitenote_category":0},"product_brand":[],"product_cat":[12416,12291],"product_tag":[],"class_list":{"0":"post-770269","1":"product","2":"type-product","3":"status-publish","5":"product_cat-cizgi-roman","6":"product_cat-edebiyat","7":"pa_cilt-ciltsiz","8":"pa_tur-kitap","9":"pa_yayinevi-athica-yayinlari","10":"pa_yazar-robert-kirkman","12":"first","13":"instock","14":"sale","15":"shipping-taxable","16":"purchasable","17":"product-type-simple"},"_links":{"self":[{"href":"https:\/\/roveyayinevi.com.tr\/index.php\/wp-json\/wp\/v2\/product\/770269","targetHints":{"allow":["GET"]}}],"collection":[{"href":"https:\/\/roveyayinevi.com.tr\/index.php\/wp-json\/wp\/v2\/product"}],"about":[{"href":"https:\/\/roveyayinevi.com.tr\/index.php\/wp-json\/wp\/v2\/types\/product"}],"wp:attachment":[{"href":"https:\/\/roveyayinevi.com.tr\/index.php\/wp-json\/wp\/v2\/media?parent=770269"}],"wp:term":[{"taxonomy":"product_brand","embeddable":true,"href":"https:\/\/roveyayinevi.com.tr\/index.php\/wp-json\/wp\/v2\/product_brand?post=770269"},{"taxonomy":"product_cat","embeddable":true,"href":"https:\/\/roveyayinevi.com.tr\/index.php\/wp-json\/wp\/v2\/product_cat?post=770269"},{"taxonomy":"product_tag","embeddable":true,"href":"https:\/\/roveyayinevi.com.tr\/index.php\/wp-json\/wp\/v2\/product_tag?post=770269"}],"curies":[{"name":"wp","href":"https:\/\/api.w.org\/{rel}","templated":true}]}}